{"id":27180,"date":"2026-03-18T15:43:03","date_gmt":"2026-03-18T15:43:03","guid":{"rendered":"https:\/\/hutfactory.com\/?product=baseballcap-feine-streifen-schirm-uni-2"},"modified":"2026-03-19T10:31:56","modified_gmt":"2026-03-19T10:31:56","slug":"baseballcap-feine-streifen-schirm-uni-2","status":"publish","type":"product","link":"https:\/\/hutfactory.com\/?product=baseballcap-feine-streifen-schirm-uni-2","title":{"rendered":"Baseballcap feine Streifen Schirm uni"},"content":{"rendered":"<p>Dieses sorgf\u00e4ltig gefertigte Modell aus der Kategorie \u201eSommer Baseballcap\u201c \u00fcberzeugt durch hochwertige Materialien, pr\u00e4zise Verarbeitung und einen authentischen Look, der Funktionalit\u00e4t und Stil harmonisch miteinander verbindet. Ob im Alltag, in der Freizeit oder auf Reisen \u2013 dieses Handwerksprodukt ist vielseitig einsetzbar, angenehm in der Anwendung und ein zuverl\u00e4ssiger Begleiter in jeder Situation.<\/p>\n<p>Gefertigt wird dieses Modell von Fiebig \u2013 Headwear since 1903, einem traditionsreichen Familienunternehmen aus Deutschland mit \u00fcber 120 Jahren Erfahrung in der europ\u00e4ischen Hut-, M\u00fctzen- und Kappenkultur. Die Marke steht f\u00fcr Best\u00e4ndigkeit, Qualit\u00e4t und zeitgem\u00e4\u00dfes Design und verbindet traditionelles Handwerk mit modernen Anspr\u00fcchen. Erg\u00e4nzt wird das Sortiment durch ausgew\u00e4hlte Accessoires wie Handschuhe, Schals, Ohrensch\u00fctzer und T\u00fccher.<\/p>\n<h3>Ein Sommer Baseballcap f\u00fcr modebewusste Damen und Herren, der mit folgenden Produkteigenschaften \u00fcberzeugt:<\/h3>\n<p><strong>Material<\/strong>: 60% Leinen, 40% Baumwolle<br \/>\n<strong>Gewicht:<\/strong> 99gr<br \/>\n<strong>Herstellungsland<\/strong>: IT<\/p>\n<p><strong>Ma\u00dfe <\/strong><br \/>\n<strong>H\u00f6he:<\/strong> 14,0cm<br \/>\n<strong>L\u00e4nge:<\/strong> 26,0cm<br \/>\n<strong>Breite:<\/strong> 21,0cm<\/p>\n","protected":false},"excerpt":{"rendered":"<p>Dieses Modell aus der Kategorie \u201eSommer Baseballcap\u201c \u00fcberzeugt durch angenehmen Tragekomfort, zeitloses Design und die hochwertige Verarbeitung aus 60% Leinen, 40% Baumwolle. Gefertigt in IT von der Traditionsmarke Fiebig \u2013 Headwear since 1903, eignet sich diese Produkt f\u00fcr Damen und Herren und stilvolle Auftritte im Alltag und in der Freizeit.<\/p>\n","protected":false},"featured_media":27182,"template":"","meta":{"_acf_changed":false,"rs_blank_template":"","rs_page_bg_color":"","slide_template_v7":""},"product_brand":[768],"product_cat":[731,445],"product_tag":[873,868,602,603],"class_list":{"0":"post-27180","1":"product","2":"type-product","3":"status-publish","4":"has-post-thumbnail","6":"product_brand-fiebig-headweare-since-1903","7":"product_cat-baseball-sommermuetze","8":"product_cat-sommermuetzen","9":"product_tag-40-baumwolle","10":"product_tag-60-leinen","11":"product_tag-damen","12":"product_tag-herren","13":"product_shipping_class-mittlere-pakete","14":"pa_color-beige","15":"pa_color-hellgrau","16":"pa_color-marineblau","17":"pa_color-tannengruen","18":"pa_groesse-57-m","19":"pa_groesse-59-l","20":"pa_groesse-61-xl","21":"yith_product_brand-fiebig-headweare-since-1903","24":"instock","25":"purchasable","26":"product-type-variable","27":"wvs-archive-product-wrapper","28":"add-to-wishlist-after_add_to_cart"},"acf":[],"yoast_head":"<!-- This site is optimized with the Yoast SEO Premium plugin v27.3 (Yoast SEO v27.3) - https:\/\/yoast.com\/product\/yoast-seo-premium-wordpress\/ -->\n<title>Baseballcap feine Streifen Schirm uni<\/title>\n<meta name=\"description\" content=\"Baseballcap feine Streifen Schirm uni in attraktiven Farben \u2013 hochwertige SOMMERM\u00dcTZEN aus dem Herzen Europas, exklusiv bei Hut Factory Schweiz.\" \/>\n<meta name=\"robots\" content=\"index, follow, max-snippet:-1, max-image-preview:large, max-video-preview:-1\" \/>\n<link rel=\"canonical\" href=\"https:\/\/hutfactory.com\/?product=baseballcap-feine-streifen-schirm-uni-2\" \/>\n<meta property=\"og:locale\" content=\"de_DE\" \/>\n<meta property=\"og:type\" content=\"article\" \/>\n<meta property=\"og:title\" content=\"Baseballcap feine Streifen Schirm uni\" \/>\n<meta property=\"og:description\" content=\"Baseballcap feine Streifen Schirm uni in attraktiven Farben \u2013 hochwertige SOMMERM\u00dcTZEN aus dem Herzen Europas, exklusiv bei Hut Factory Schweiz.\" \/>\n<meta property=\"og:url\" content=\"https:\/\/hutfactory.com\/?product=baseballcap-feine-streifen-schirm-uni-2\" \/>\n<meta property=\"og:site_name\" content=\"Hut Factory\" \/>\n<meta property=\"article:modified_time\" content=\"2026-03-19T10:31:56+00:00\" \/>\n<meta property=\"og:image\" content=\"https:\/\/hutfactory.com\/wp-content\/uploads\/2026\/03\/414071_503_gesamt_750x750.jpg\" \/>\n\t<meta property=\"og:image:width\" content=\"750\" \/>\n\t<meta property=\"og:image:height\" content=\"750\" \/>\n\t<meta property=\"og:image:type\" content=\"image\/jpeg\" \/>\n<meta name=\"twitter:card\" content=\"summary_large_image\" \/>\n<meta name=\"twitter:label1\" content=\"Gesch\u00e4tzte Lesezeit\" \/>\n\t<meta name=\"twitter:data1\" content=\"1\u00a0Minute\" \/>\n<script type=\"application\/ld+json\" class=\"yoast-schema-graph\">{\"@context\":\"https:\\\/\\\/schema.org\",\"@graph\":[{\"@type\":\"WebPage\",\"@id\":\"https:\\\/\\\/hutfactory.com\\\/?product=baseballcap-feine-streifen-schirm-uni-2\",\"url\":\"https:\\\/\\\/hutfactory.com\\\/?product=baseballcap-feine-streifen-schirm-uni-2\",\"name\":\"Baseballcap feine Streifen Schirm uni\",\"isPartOf\":{\"@id\":\"https:\\\/\\\/hutfactory.com\\\/#website\"},\"primaryImageOfPage\":{\"@id\":\"https:\\\/\\\/hutfactory.com\\\/?product=baseballcap-feine-streifen-schirm-uni-2#primaryimage\"},\"image\":{\"@id\":\"https:\\\/\\\/hutfactory.com\\\/?product=baseballcap-feine-streifen-schirm-uni-2#primaryimage\"},\"thumbnailUrl\":\"https:\\\/\\\/hutfactory.com\\\/wp-content\\\/uploads\\\/2026\\\/03\\\/414071_503_gesamt_750x750.jpg\",\"datePublished\":\"2026-03-18T15:43:03+00:00\",\"dateModified\":\"2026-03-19T10:31:56+00:00\",\"description\":\"Baseballcap feine Streifen Schirm uni in attraktiven Farben \u2013 hochwertige SOMMERM\u00dcTZEN aus dem Herzen Europas, exklusiv bei Hut Factory Schweiz.\",\"breadcrumb\":{\"@id\":\"https:\\\/\\\/hutfactory.com\\\/?product=baseballcap-feine-streifen-schirm-uni-2#breadcrumb\"},\"inLanguage\":\"de\",\"potentialAction\":[{\"@type\":\"ReadAction\",\"target\":[\"https:\\\/\\\/hutfactory.com\\\/?product=baseballcap-feine-streifen-schirm-uni-2\"]}]},{\"@type\":\"ImageObject\",\"inLanguage\":\"de\",\"@id\":\"https:\\\/\\\/hutfactory.com\\\/?product=baseballcap-feine-streifen-schirm-uni-2#primaryimage\",\"url\":\"https:\\\/\\\/hutfactory.com\\\/wp-content\\\/uploads\\\/2026\\\/03\\\/414071_503_gesamt_750x750.jpg\",\"contentUrl\":\"https:\\\/\\\/hutfactory.com\\\/wp-content\\\/uploads\\\/2026\\\/03\\\/414071_503_gesamt_750x750.jpg\",\"width\":750,\"height\":750,\"caption\":\"Baseballcap feine Streifen Schirm uni \u2013 hochwertige Kopfbedeckung von Fiebig bei Hut Factory Schweiz\"},{\"@type\":\"BreadcrumbList\",\"@id\":\"https:\\\/\\\/hutfactory.com\\\/?product=baseballcap-feine-streifen-schirm-uni-2#breadcrumb\",\"itemListElement\":[{\"@type\":\"ListItem\",\"position\":1,\"name\":\"Start\",\"item\":\"https:\\\/\\\/hutfactory.com\\\/\"},{\"@type\":\"ListItem\",\"position\":2,\"name\":\"Shop\",\"item\":\"https:\\\/\\\/hutfactory.com\\\/?page_id=10\"},{\"@type\":\"ListItem\",\"position\":3,\"name\":\"Baseballcap feine Streifen Schirm uni\"}]},{\"@type\":\"WebSite\",\"@id\":\"https:\\\/\\\/hutfactory.com\\\/#website\",\"url\":\"https:\\\/\\\/hutfactory.com\\\/\",\"name\":\"Hut Factory\",\"description\":\"H\u00fcte, Kappen &amp; M\u00fctzen in Top Swiss\\\/EU Qualit\u00e4t\",\"publisher\":{\"@id\":\"https:\\\/\\\/hutfactory.com\\\/#organization\"},\"alternateName\":\"Hut Shop\",\"potentialAction\":[{\"@type\":\"SearchAction\",\"target\":{\"@type\":\"EntryPoint\",\"urlTemplate\":\"https:\\\/\\\/hutfactory.com\\\/?s={search_term_string}\"},\"query-input\":{\"@type\":\"PropertyValueSpecification\",\"valueRequired\":true,\"valueName\":\"search_term_string\"}}],\"inLanguage\":\"de\"},{\"@type\":\"Organization\",\"@id\":\"https:\\\/\\\/hutfactory.com\\\/#organization\",\"name\":\"Hut Factory\",\"url\":\"https:\\\/\\\/hutfactory.com\\\/\",\"logo\":{\"@type\":\"ImageObject\",\"inLanguage\":\"de\",\"@id\":\"https:\\\/\\\/hutfactory.com\\\/#\\\/schema\\\/logo\\\/image\\\/\",\"url\":\"https:\\\/\\\/hutfactory.com\\\/wp-content\\\/uploads\\\/2026\\\/01\\\/Logo-hut-factory-1.webp\",\"contentUrl\":\"https:\\\/\\\/hutfactory.com\\\/wp-content\\\/uploads\\\/2026\\\/01\\\/Logo-hut-factory-1.webp\",\"width\":300,\"height\":262,\"caption\":\"Hut Factory\"},\"image\":{\"@id\":\"https:\\\/\\\/hutfactory.com\\\/#\\\/schema\\\/logo\\\/image\\\/\"}}]}<\/script>\n<!-- \/ Yoast SEO Premium plugin. -->","yoast_head_json":{"title":"Baseballcap feine Streifen Schirm uni","description":"Baseballcap feine Streifen Schirm uni in attraktiven Farben \u2013 hochwertige SOMMERM\u00dcTZEN aus dem Herzen Europas, exklusiv bei Hut Factory Schweiz.","robots":{"index":"index","follow":"follow","max-snippet":"max-snippet:-1","max-image-preview":"max-image-preview:large","max-video-preview":"max-video-preview:-1"},"canonical":"https:\/\/hutfactory.com\/?product=baseballcap-feine-streifen-schirm-uni-2","og_locale":"de_DE","og_type":"article","og_title":"Baseballcap feine Streifen Schirm uni","og_description":"Baseballcap feine Streifen Schirm uni in attraktiven Farben \u2013 hochwertige SOMMERM\u00dcTZEN aus dem Herzen Europas, exklusiv bei Hut Factory Schweiz.","og_url":"https:\/\/hutfactory.com\/?product=baseballcap-feine-streifen-schirm-uni-2","og_site_name":"Hut Factory","article_modified_time":"2026-03-19T10:31:56+00:00","og_image":[{"width":750,"height":750,"url":"https:\/\/hutfactory.com\/wp-content\/uploads\/2026\/03\/414071_503_gesamt_750x750.jpg","type":"image\/jpeg"}],"twitter_card":"summary_large_image","twitter_misc":{"Gesch\u00e4tzte Lesezeit":"1\u00a0Minute"},"schema":{"@context":"https:\/\/schema.org","@graph":[{"@type":"WebPage","@id":"https:\/\/hutfactory.com\/?product=baseballcap-feine-streifen-schirm-uni-2","url":"https:\/\/hutfactory.com\/?product=baseballcap-feine-streifen-schirm-uni-2","name":"Baseballcap feine Streifen Schirm uni","isPartOf":{"@id":"https:\/\/hutfactory.com\/#website"},"primaryImageOfPage":{"@id":"https:\/\/hutfactory.com\/?product=baseballcap-feine-streifen-schirm-uni-2#primaryimage"},"image":{"@id":"https:\/\/hutfactory.com\/?product=baseballcap-feine-streifen-schirm-uni-2#primaryimage"},"thumbnailUrl":"https:\/\/hutfactory.com\/wp-content\/uploads\/2026\/03\/414071_503_gesamt_750x750.jpg","datePublished":"2026-03-18T15:43:03+00:00","dateModified":"2026-03-19T10:31:56+00:00","description":"Baseballcap feine Streifen Schirm uni in attraktiven Farben \u2013 hochwertige SOMMERM\u00dcTZEN aus dem Herzen Europas, exklusiv bei Hut Factory Schweiz.","breadcrumb":{"@id":"https:\/\/hutfactory.com\/?product=baseballcap-feine-streifen-schirm-uni-2#breadcrumb"},"inLanguage":"de","potentialAction":[{"@type":"ReadAction","target":["https:\/\/hutfactory.com\/?product=baseballcap-feine-streifen-schirm-uni-2"]}]},{"@type":"ImageObject","inLanguage":"de","@id":"https:\/\/hutfactory.com\/?product=baseballcap-feine-streifen-schirm-uni-2#primaryimage","url":"https:\/\/hutfactory.com\/wp-content\/uploads\/2026\/03\/414071_503_gesamt_750x750.jpg","contentUrl":"https:\/\/hutfactory.com\/wp-content\/uploads\/2026\/03\/414071_503_gesamt_750x750.jpg","width":750,"height":750,"caption":"Baseballcap feine Streifen Schirm uni \u2013 hochwertige Kopfbedeckung von Fiebig bei Hut Factory Schweiz"},{"@type":"BreadcrumbList","@id":"https:\/\/hutfactory.com\/?product=baseballcap-feine-streifen-schirm-uni-2#breadcrumb","itemListElement":[{"@type":"ListItem","position":1,"name":"Start","item":"https:\/\/hutfactory.com\/"},{"@type":"ListItem","position":2,"name":"Shop","item":"https:\/\/hutfactory.com\/?page_id=10"},{"@type":"ListItem","position":3,"name":"Baseballcap feine Streifen Schirm uni"}]},{"@type":"WebSite","@id":"https:\/\/hutfactory.com\/#website","url":"https:\/\/hutfactory.com\/","name":"Hut Factory","description":"H\u00fcte, Kappen &amp; M\u00fctzen in Top Swiss\/EU Qualit\u00e4t","publisher":{"@id":"https:\/\/hutfactory.com\/#organization"},"alternateName":"Hut Shop","potentialAction":[{"@type":"SearchAction","target":{"@type":"EntryPoint","urlTemplate":"https:\/\/hutfactory.com\/?s={search_term_string}"},"query-input":{"@type":"PropertyValueSpecification","valueRequired":true,"valueName":"search_term_string"}}],"inLanguage":"de"},{"@type":"Organization","@id":"https:\/\/hutfactory.com\/#organization","name":"Hut Factory","url":"https:\/\/hutfactory.com\/","logo":{"@type":"ImageObject","inLanguage":"de","@id":"https:\/\/hutfactory.com\/#\/schema\/logo\/image\/","url":"https:\/\/hutfactory.com\/wp-content\/uploads\/2026\/01\/Logo-hut-factory-1.webp","contentUrl":"https:\/\/hutfactory.com\/wp-content\/uploads\/2026\/01\/Logo-hut-factory-1.webp","width":300,"height":262,"caption":"Hut Factory"},"image":{"@id":"https:\/\/hutfactory.com\/#\/schema\/logo\/image\/"}}]}},"_links":{"self":[{"href":"https:\/\/hutfactory.com\/index.php?rest_route=\/wp\/v2\/product\/27180","targetHints":{"allow":["GET"]}}],"collection":[{"href":"https:\/\/hutfactory.com\/index.php?rest_route=\/wp\/v2\/product"}],"about":[{"href":"https:\/\/hutfactory.com\/index.php?rest_route=\/wp\/v2\/types\/product"}],"wp:featuredmedia":[{"embeddable":true,"href":"https:\/\/hutfactory.com\/index.php?rest_route=\/wp\/v2\/media\/27182"}],"wp:attachment":[{"href":"https:\/\/hutfactory.com\/index.php?rest_route=%2Fwp%2Fv2%2Fmedia&parent=27180"}],"wp:term":[{"taxonomy":"product_brand","embeddable":true,"href":"https:\/\/hutfactory.com\/index.php?rest_route=%2Fwp%2Fv2%2Fproduct_brand&post=27180"},{"taxonomy":"product_cat","embeddable":true,"href":"https:\/\/hutfactory.com\/index.php?rest_route=%2Fwp%2Fv2%2Fproduct_cat&post=27180"},{"taxonomy":"product_tag","embeddable":true,"href":"https:\/\/hutfactory.com\/index.php?rest_route=%2Fwp%2Fv2%2Fproduct_tag&post=27180"}],"curies":[{"name":"wp","href":"https:\/\/api.w.org\/{rel}","templated":true}]}}