{"id":23041,"date":"2026-03-18T12:56:19","date_gmt":"2026-03-18T12:56:19","guid":{"rendered":"https:\/\/hutfactory.com\/?product=strohhut-western-raffia-crochet-mit-kunstlederband"},"modified":"2026-03-22T10:54:04","modified_gmt":"2026-03-22T10:54:04","slug":"strohhut-western-raffia-crochet-mit-kunstlederband","status":"publish","type":"product","link":"https:\/\/hutfactory.com\/?product=strohhut-western-raffia-crochet-mit-kunstlederband","title":{"rendered":"Strohhut Western Raffia Crochet mit Kunstlederband"},"content":{"rendered":"<p>Dieses sorgf\u00e4ltig gefertigte Modell aus der Kategorie \u201eStrohhut\u201c \u00fcberzeugt durch hochwertige Materialien, pr\u00e4zise Verarbeitung und einen authentischen Look, der Funktionalit\u00e4t und Stil harmonisch miteinander verbindet. Ob im Alltag, in der Freizeit oder auf Reisen \u2013 dieses Handwerksprodukt ist vielseitig einsetzbar, angenehm in der Anwendung und ein zuverl\u00e4ssiger Begleiter in jeder Situation.<\/p>\n<p>Gefertigt wird dieses Modell von Fiebig \u2013 Headwear since 1903, einem traditionsreichen Familienunternehmen aus Deutschland mit \u00fcber 120 Jahren Erfahrung in der europ\u00e4ischen Hut-, M\u00fctzen- und Kappenkultur. Die Marke steht f\u00fcr Best\u00e4ndigkeit, Qualit\u00e4t und zeitgem\u00e4\u00dfes Design und verbindet traditionelles Handwerk mit modernen Anspr\u00fcchen. Erg\u00e4nzt wird das Sortiment durch ausgew\u00e4hlte Accessoires wie Handschuhe, Schals, Ohrensch\u00fctzer und T\u00fccher.<\/p>\n<h3>Ein Strohhut f\u00fcr modebewusste Damen und Herren, der mit folgenden Produkteigenschaften \u00fcberzeugt:<\/h3>\n<p><strong>Material<\/strong>: 100% Stroh<br \/>\n<strong>Gewicht:<\/strong> 161gr<br \/>\n<strong>Herstellungsland<\/strong>: CN<\/p>\n<p><strong>Ma\u00dfe <\/strong><br \/>\n<strong>H\u00f6he:<\/strong> 11,0cm<br \/>\n<strong>L\u00e4nge:<\/strong> 38,0cm<br \/>\n<strong>Breite:<\/strong> 34,0cm<\/p>\n","protected":false},"excerpt":{"rendered":"<p>Dieses Modell aus der Kategorie \u201eStrohhut\u201c \u00fcberzeugt durch angenehmen Tragekomfort, zeitloses Design und die hochwertige Verarbeitung aus 100% Stroh. Gefertigt in CN von der Traditionsmarke Fiebig \u2013 Headwear since 1903, eignet sich diese Produkt f\u00fcr Damen und Herren und stilvolle Auftritte im Alltag und in der Freizeit.<\/p>\n","protected":false},"featured_media":23043,"template":"","meta":{"_acf_changed":false,"rs_blank_template":"","rs_page_bg_color":"","slide_template_v7":""},"product_brand":[768],"product_cat":[258,257],"product_tag":[806,602,603],"class_list":{"0":"post-23041","1":"product","2":"type-product","3":"status-publish","4":"has-post-thumbnail","6":"product_brand-fiebig-headweare-since-1903","7":"product_cat-western-cowboyhuete","8":"product_cat-westernhuete","9":"product_tag-100-stroh","10":"product_tag-damen","11":"product_tag-herren","12":"product_shipping_class-mittlere-pakete","13":"pa_color-natur","14":"pa_groesse-55-s","15":"pa_groesse-57-m","16":"pa_groesse-59-l","17":"pa_groesse-61-xl","18":"yith_product_brand-fiebig-headweare-since-1903","21":"instock","22":"purchasable","23":"product-type-variable","24":"wvs-archive-product-wrapper","25":"add-to-wishlist-after_add_to_cart"},"acf":[],"yoast_head":"<!-- This site is optimized with the Yoast SEO Premium plugin v27.3 (Yoast SEO v27.3) - https:\/\/yoast.com\/product\/yoast-seo-premium-wordpress\/ -->\n<title>Strohhut Western Raffia Crochet mit Kunstlederband<\/title>\n<meta name=\"description\" content=\"Strohhut Western Raffia Crochet mit Kunstlederband in attraktiven Farben \u2013 hochwertige Western H\u00fcte aus dem Herzen Europas, exklusiv bei Hut Factory Schweiz.\" \/>\n<meta name=\"robots\" content=\"index, follow, max-snippet:-1, max-image-preview:large, max-video-preview:-1\" \/>\n<link rel=\"canonical\" href=\"https:\/\/hutfactory.com\/?product=strohhut-western-raffia-crochet-mit-kunstlederband\" \/>\n<meta property=\"og:locale\" content=\"de_DE\" \/>\n<meta property=\"og:type\" content=\"article\" \/>\n<meta property=\"og:title\" content=\"Strohhut Western Raffia Crochet mit Kunstlederband\" \/>\n<meta property=\"og:description\" content=\"Strohhut Western Raffia Crochet mit Kunstlederband in attraktiven Farben \u2013 hochwertige Western H\u00fcte aus dem Herzen Europas, exklusiv bei Hut Factory Schweiz.\" \/>\n<meta property=\"og:url\" content=\"https:\/\/hutfactory.com\/?product=strohhut-western-raffia-crochet-mit-kunstlederband\" \/>\n<meta property=\"og:site_name\" content=\"Hut Factory\" \/>\n<meta property=\"article:modified_time\" content=\"2026-03-22T10:54:04+00:00\" \/>\n<meta property=\"og:image\" content=\"https:\/\/hutfactory.com\/wp-content\/uploads\/2026\/03\/166801_852_gesamt_750x750.jpg\" \/>\n\t<meta property=\"og:image:width\" content=\"750\" \/>\n\t<meta property=\"og:image:height\" content=\"750\" \/>\n\t<meta property=\"og:image:type\" content=\"image\/jpeg\" \/>\n<meta name=\"twitter:card\" content=\"summary_large_image\" \/>\n<meta name=\"twitter:label1\" content=\"Gesch\u00e4tzte Lesezeit\" \/>\n\t<meta name=\"twitter:data1\" content=\"1\u00a0Minute\" \/>\n<script type=\"application\/ld+json\" class=\"yoast-schema-graph\">{\"@context\":\"https:\\\/\\\/schema.org\",\"@graph\":[{\"@type\":\"WebPage\",\"@id\":\"https:\\\/\\\/hutfactory.com\\\/?product=strohhut-western-raffia-crochet-mit-kunstlederband\",\"url\":\"https:\\\/\\\/hutfactory.com\\\/?product=strohhut-western-raffia-crochet-mit-kunstlederband\",\"name\":\"Strohhut Western Raffia Crochet mit Kunstlederband\",\"isPartOf\":{\"@id\":\"https:\\\/\\\/hutfactory.com\\\/#website\"},\"primaryImageOfPage\":{\"@id\":\"https:\\\/\\\/hutfactory.com\\\/?product=strohhut-western-raffia-crochet-mit-kunstlederband#primaryimage\"},\"image\":{\"@id\":\"https:\\\/\\\/hutfactory.com\\\/?product=strohhut-western-raffia-crochet-mit-kunstlederband#primaryimage\"},\"thumbnailUrl\":\"https:\\\/\\\/hutfactory.com\\\/wp-content\\\/uploads\\\/2026\\\/03\\\/166801_852_gesamt_750x750.jpg\",\"datePublished\":\"2026-03-18T12:56:19+00:00\",\"dateModified\":\"2026-03-22T10:54:04+00:00\",\"description\":\"Strohhut Western Raffia Crochet mit Kunstlederband in attraktiven Farben \u2013 hochwertige Western H\u00fcte aus dem Herzen Europas, exklusiv bei Hut Factory Schweiz.\",\"breadcrumb\":{\"@id\":\"https:\\\/\\\/hutfactory.com\\\/?product=strohhut-western-raffia-crochet-mit-kunstlederband#breadcrumb\"},\"inLanguage\":\"de\",\"potentialAction\":[{\"@type\":\"ReadAction\",\"target\":[\"https:\\\/\\\/hutfactory.com\\\/?product=strohhut-western-raffia-crochet-mit-kunstlederband\"]}]},{\"@type\":\"ImageObject\",\"inLanguage\":\"de\",\"@id\":\"https:\\\/\\\/hutfactory.com\\\/?product=strohhut-western-raffia-crochet-mit-kunstlederband#primaryimage\",\"url\":\"https:\\\/\\\/hutfactory.com\\\/wp-content\\\/uploads\\\/2026\\\/03\\\/166801_852_gesamt_750x750.jpg\",\"contentUrl\":\"https:\\\/\\\/hutfactory.com\\\/wp-content\\\/uploads\\\/2026\\\/03\\\/166801_852_gesamt_750x750.jpg\",\"width\":750,\"height\":750},{\"@type\":\"BreadcrumbList\",\"@id\":\"https:\\\/\\\/hutfactory.com\\\/?product=strohhut-western-raffia-crochet-mit-kunstlederband#breadcrumb\",\"itemListElement\":[{\"@type\":\"ListItem\",\"position\":1,\"name\":\"Start\",\"item\":\"https:\\\/\\\/hutfactory.com\\\/\"},{\"@type\":\"ListItem\",\"position\":2,\"name\":\"Shop\",\"item\":\"https:\\\/\\\/hutfactory.com\\\/?page_id=10\"},{\"@type\":\"ListItem\",\"position\":3,\"name\":\"Strohhut Western Raffia Crochet mit Kunstlederband\"}]},{\"@type\":\"WebSite\",\"@id\":\"https:\\\/\\\/hutfactory.com\\\/#website\",\"url\":\"https:\\\/\\\/hutfactory.com\\\/\",\"name\":\"Hut Factory\",\"description\":\"H\u00fcte, Kappen &amp; M\u00fctzen in Top Swiss\\\/EU Qualit\u00e4t\",\"publisher\":{\"@id\":\"https:\\\/\\\/hutfactory.com\\\/#organization\"},\"alternateName\":\"Hut Shop\",\"potentialAction\":[{\"@type\":\"SearchAction\",\"target\":{\"@type\":\"EntryPoint\",\"urlTemplate\":\"https:\\\/\\\/hutfactory.com\\\/?s={search_term_string}\"},\"query-input\":{\"@type\":\"PropertyValueSpecification\",\"valueRequired\":true,\"valueName\":\"search_term_string\"}}],\"inLanguage\":\"de\"},{\"@type\":\"Organization\",\"@id\":\"https:\\\/\\\/hutfactory.com\\\/#organization\",\"name\":\"Hut Factory\",\"url\":\"https:\\\/\\\/hutfactory.com\\\/\",\"logo\":{\"@type\":\"ImageObject\",\"inLanguage\":\"de\",\"@id\":\"https:\\\/\\\/hutfactory.com\\\/#\\\/schema\\\/logo\\\/image\\\/\",\"url\":\"https:\\\/\\\/hutfactory.com\\\/wp-content\\\/uploads\\\/2026\\\/01\\\/Logo-hut-factory-1.webp\",\"contentUrl\":\"https:\\\/\\\/hutfactory.com\\\/wp-content\\\/uploads\\\/2026\\\/01\\\/Logo-hut-factory-1.webp\",\"width\":300,\"height\":262,\"caption\":\"Hut Factory\"},\"image\":{\"@id\":\"https:\\\/\\\/hutfactory.com\\\/#\\\/schema\\\/logo\\\/image\\\/\"}}]}<\/script>\n<!-- \/ Yoast SEO Premium plugin. -->","yoast_head_json":{"title":"Strohhut Western Raffia Crochet mit Kunstlederband","description":"Strohhut Western Raffia Crochet mit Kunstlederband in attraktiven Farben \u2013 hochwertige Western H\u00fcte aus dem Herzen Europas, exklusiv bei Hut Factory Schweiz.","robots":{"index":"index","follow":"follow","max-snippet":"max-snippet:-1","max-image-preview":"max-image-preview:large","max-video-preview":"max-video-preview:-1"},"canonical":"https:\/\/hutfactory.com\/?product=strohhut-western-raffia-crochet-mit-kunstlederband","og_locale":"de_DE","og_type":"article","og_title":"Strohhut Western Raffia Crochet mit Kunstlederband","og_description":"Strohhut Western Raffia Crochet mit Kunstlederband in attraktiven Farben \u2013 hochwertige Western H\u00fcte aus dem Herzen Europas, exklusiv bei Hut Factory Schweiz.","og_url":"https:\/\/hutfactory.com\/?product=strohhut-western-raffia-crochet-mit-kunstlederband","og_site_name":"Hut Factory","article_modified_time":"2026-03-22T10:54:04+00:00","og_image":[{"width":750,"height":750,"url":"https:\/\/hutfactory.com\/wp-content\/uploads\/2026\/03\/166801_852_gesamt_750x750.jpg","type":"image\/jpeg"}],"twitter_card":"summary_large_image","twitter_misc":{"Gesch\u00e4tzte Lesezeit":"1\u00a0Minute"},"schema":{"@context":"https:\/\/schema.org","@graph":[{"@type":"WebPage","@id":"https:\/\/hutfactory.com\/?product=strohhut-western-raffia-crochet-mit-kunstlederband","url":"https:\/\/hutfactory.com\/?product=strohhut-western-raffia-crochet-mit-kunstlederband","name":"Strohhut Western Raffia Crochet mit Kunstlederband","isPartOf":{"@id":"https:\/\/hutfactory.com\/#website"},"primaryImageOfPage":{"@id":"https:\/\/hutfactory.com\/?product=strohhut-western-raffia-crochet-mit-kunstlederband#primaryimage"},"image":{"@id":"https:\/\/hutfactory.com\/?product=strohhut-western-raffia-crochet-mit-kunstlederband#primaryimage"},"thumbnailUrl":"https:\/\/hutfactory.com\/wp-content\/uploads\/2026\/03\/166801_852_gesamt_750x750.jpg","datePublished":"2026-03-18T12:56:19+00:00","dateModified":"2026-03-22T10:54:04+00:00","description":"Strohhut Western Raffia Crochet mit Kunstlederband in attraktiven Farben \u2013 hochwertige Western H\u00fcte aus dem Herzen Europas, exklusiv bei Hut Factory Schweiz.","breadcrumb":{"@id":"https:\/\/hutfactory.com\/?product=strohhut-western-raffia-crochet-mit-kunstlederband#breadcrumb"},"inLanguage":"de","potentialAction":[{"@type":"ReadAction","target":["https:\/\/hutfactory.com\/?product=strohhut-western-raffia-crochet-mit-kunstlederband"]}]},{"@type":"ImageObject","inLanguage":"de","@id":"https:\/\/hutfactory.com\/?product=strohhut-western-raffia-crochet-mit-kunstlederband#primaryimage","url":"https:\/\/hutfactory.com\/wp-content\/uploads\/2026\/03\/166801_852_gesamt_750x750.jpg","contentUrl":"https:\/\/hutfactory.com\/wp-content\/uploads\/2026\/03\/166801_852_gesamt_750x750.jpg","width":750,"height":750},{"@type":"BreadcrumbList","@id":"https:\/\/hutfactory.com\/?product=strohhut-western-raffia-crochet-mit-kunstlederband#breadcrumb","itemListElement":[{"@type":"ListItem","position":1,"name":"Start","item":"https:\/\/hutfactory.com\/"},{"@type":"ListItem","position":2,"name":"Shop","item":"https:\/\/hutfactory.com\/?page_id=10"},{"@type":"ListItem","position":3,"name":"Strohhut Western Raffia Crochet mit Kunstlederband"}]},{"@type":"WebSite","@id":"https:\/\/hutfactory.com\/#website","url":"https:\/\/hutfactory.com\/","name":"Hut Factory","description":"H\u00fcte, Kappen &amp; M\u00fctzen in Top Swiss\/EU Qualit\u00e4t","publisher":{"@id":"https:\/\/hutfactory.com\/#organization"},"alternateName":"Hut Shop","potentialAction":[{"@type":"SearchAction","target":{"@type":"EntryPoint","urlTemplate":"https:\/\/hutfactory.com\/?s={search_term_string}"},"query-input":{"@type":"PropertyValueSpecification","valueRequired":true,"valueName":"search_term_string"}}],"inLanguage":"de"},{"@type":"Organization","@id":"https:\/\/hutfactory.com\/#organization","name":"Hut Factory","url":"https:\/\/hutfactory.com\/","logo":{"@type":"ImageObject","inLanguage":"de","@id":"https:\/\/hutfactory.com\/#\/schema\/logo\/image\/","url":"https:\/\/hutfactory.com\/wp-content\/uploads\/2026\/01\/Logo-hut-factory-1.webp","contentUrl":"https:\/\/hutfactory.com\/wp-content\/uploads\/2026\/01\/Logo-hut-factory-1.webp","width":300,"height":262,"caption":"Hut Factory"},"image":{"@id":"https:\/\/hutfactory.com\/#\/schema\/logo\/image\/"}}]}},"_links":{"self":[{"href":"https:\/\/hutfactory.com\/index.php?rest_route=\/wp\/v2\/product\/23041","targetHints":{"allow":["GET"]}}],"collection":[{"href":"https:\/\/hutfactory.com\/index.php?rest_route=\/wp\/v2\/product"}],"about":[{"href":"https:\/\/hutfactory.com\/index.php?rest_route=\/wp\/v2\/types\/product"}],"wp:featuredmedia":[{"embeddable":true,"href":"https:\/\/hutfactory.com\/index.php?rest_route=\/wp\/v2\/media\/23043"}],"wp:attachment":[{"href":"https:\/\/hutfactory.com\/index.php?rest_route=%2Fwp%2Fv2%2Fmedia&parent=23041"}],"wp:term":[{"taxonomy":"product_brand","embeddable":true,"href":"https:\/\/hutfactory.com\/index.php?rest_route=%2Fwp%2Fv2%2Fproduct_brand&post=23041"},{"taxonomy":"product_cat","embeddable":true,"href":"https:\/\/hutfactory.com\/index.php?rest_route=%2Fwp%2Fv2%2Fproduct_cat&post=23041"},{"taxonomy":"product_tag","embeddable":true,"href":"https:\/\/hutfactory.com\/index.php?rest_route=%2Fwp%2Fv2%2Fproduct_tag&post=23041"}],"curies":[{"name":"wp","href":"https:\/\/api.w.org\/{rel}","templated":true}]}}