{"id":20171,"date":"2026-03-10T13:03:54","date_gmt":"2026-03-10T13:03:54","guid":{"rendered":"https:\/\/hutfactory.com\/?product=schiebermuetze-mit-stil-komfort"},"modified":"2026-03-10T13:04:08","modified_gmt":"2026-03-10T13:04:08","slug":"schiebermuetze-mit-stil-komfort","status":"publish","type":"product","link":"https:\/\/hutfactory.com\/?product=schiebermuetze-mit-stil-komfort","title":{"rendered":"Schieberm\u00fctze &#8211; mit Stil &#038; Komfort"},"content":{"rendered":"<h3 data-start=\"67\" data-end=\"128\"><strong data-start=\"72\" data-end=\"126\">Perfekte Sommer-Begleitung f\u00fcr stilbewusste<\/strong><\/h3>\n<p data-start=\"129\" data-end=\"474\">Diese <strong data-start=\"135\" data-end=\"160\">leichte Schieberm\u00fctze<\/strong> aus <strong data-start=\"165\" data-end=\"184\">100 % Baumwolle<\/strong> ist ein Must-have f\u00fcr die warme Jahreszeit. Der dezente <strong data-start=\"241\" data-end=\"252\">Olivton<\/strong> verleiht ihr eine zeitlose Eleganz und macht sie zu einem vielseitigen Accessoire f\u00fcr l\u00e4ssige und elegante Looks. Dank ihres leichten Materials sorgt sie f\u00fcr ein angenehmes Tragegef\u00fchl und eine optimale Luftzirkulation.<\/p>\n<h3 data-start=\"476\" data-end=\"501\"><strong data-start=\"480\" data-end=\"499\">Perfekt f\u00fcr\u2026  <\/strong><\/h3>\n<p data-start=\"502\" data-end=\"785\">\u2600\ufe0f <strong data-start=\"505\" data-end=\"528\">Sommerliche Anl\u00e4sse<\/strong> \u2013 Ideal f\u00fcr hei\u00dfe Tage, sei es beim Stadtbummel oder auf Reisen.<br data-start=\"593\" data-end=\"596\" \/>  <strong data-start=\"599\" data-end=\"626\">Casual &#038; Business Looks<\/strong> \u2013 Kombinierbar mit Hemd, Sakko oder legerer Freizeitmode.<br data-start=\"684\" data-end=\"687\" \/>  <strong data-start=\"690\" data-end=\"719\">Naturbewusste &#038; Stilvolle<\/strong> \u2013 100 % Baumwolle f\u00fcr ein angenehmes, nachhaltiges Tragegef\u00fchl.<\/p>\n<div class=\"hf-accordions\">\n<hr class=\"hf-accordion-separator\" \/>\n<details class=\"hf-accordion\">\n<summary><strong>\u25b6\ufe0f Gut zu wissen \u2013 mehr erfahren<\/strong><\/summary>\n<div class=\"hf-accordion-content\">\n<h3 data-start=\"787\" data-end=\"820\"><strong data-start=\"791\" data-end=\"818\">Eigenschaften &#038; Details<\/strong><\/h3>\n<ul data-start=\"821\" data-end=\"1043\">\n<li data-start=\"821\" data-end=\"886\"><strong data-start=\"823\" data-end=\"836\">Material:<\/strong> 100 % Baumwolle \u2013 atmungsaktiv &#038; hautfreundlich<\/li>\n<li data-start=\"887\" data-end=\"907\"><strong data-start=\"889\" data-end=\"899\">Farbe:<\/strong> Olive<\/li>\n<li data-start=\"908\" data-end=\"929\"><strong data-start=\"910\" data-end=\"921\">Gr\u00f6\u00dfen:<\/strong> 56-61<\/li>\n<li data-start=\"930\" data-end=\"984\"><strong data-start=\"932\" data-end=\"944\">Schnitt:<\/strong> Klassische Flat Cap mit kurzem Schirm<\/li>\n<li data-start=\"985\" data-end=\"1043\"><strong data-start=\"987\" data-end=\"998\">Extras:<\/strong> Leicht &#038; knautschbar \u2013 ideal f\u00fcr unterwegs<\/li>\n<\/ul>\n<h3 data-start=\"1045\" data-end=\"1076\"><strong data-start=\"1049\" data-end=\"1074\">Design &#038; Verarbeitung<\/strong><\/h3>\n<p data-start=\"1077\" data-end=\"1294\">Diese <strong data-start=\"1083\" data-end=\"1111\">klassische Schieberm\u00fctze<\/strong> besticht durch ihre schlichte Eleganz und hochwertige Verarbeitung. Die feine Webstruktur verleiht ihr eine edle Optik, w\u00e4hrend die leichte Baumwolle f\u00fcr besten Tragekomfort sorgt.<\/p>\n<h3 data-start=\"1296\" data-end=\"1329\"><strong data-start=\"1300\" data-end=\"1327\">Handgefertigt in Europa<\/strong><\/h3>\n<p data-start=\"1330\" data-end=\"1464\">Jede M\u00fctze wird von der <strong data-start=\"1354\" data-end=\"1386\">Schweizer Hutmanufaktur Risa<\/strong> entworfen und in kleiner St\u00fcckzahl in Europa mit gro\u00dfer Sorgfalt gefertigt.<\/p>\n<h3 data-start=\"1466\" data-end=\"1501\"><strong data-start=\"1470\" data-end=\"1499\">Nachhaltigkeit &#038; Qualit\u00e4t<\/strong><\/h3>\n<p data-start=\"1502\" data-end=\"1753\">\u2714 <strong data-start=\"1504\" data-end=\"1531\">Nat\u00fcrliche Materialien:<\/strong> 100 % Baumwolle f\u00fcr ein angenehmes Tragegef\u00fchl.<br data-start=\"1579\" data-end=\"1582\" \/>\u2714 <strong data-start=\"1584\" data-end=\"1611\">Handarbeit &#038; Tradition:<\/strong> Hochwertige Verarbeitung f\u00fcr langanhaltende Qualit\u00e4t.<br data-start=\"1665\" data-end=\"1668\" \/>\u2714 <strong data-start=\"1670\" data-end=\"1693\">Limitierte Auflage:<\/strong> Exklusives Design, nur in kleinen St\u00fcckzahlen erh\u00e4ltlich.<\/p>\n<h3 data-start=\"1755\" data-end=\"1786\"><strong data-start=\"1759\" data-end=\"1784\">Herstellung &#038; Versand<\/strong><\/h3>\n<ul data-start=\"1787\" data-end=\"2009\">\n<li data-start=\"1787\" data-end=\"1829\"><strong data-start=\"1789\" data-end=\"1803\">Fertigung:<\/strong> Handgefertigt in Europa<\/li>\n<li data-start=\"1830\" data-end=\"1886\"><strong data-start=\"1832\" data-end=\"1844\">Versand:<\/strong> Innerhalb weniger Tage ab Lager Schweiz<\/li>\n<li data-start=\"1887\" data-end=\"1947\"><strong data-start=\"1889\" data-end=\"1902\">Umtausch:<\/strong> Nur bei Material- oder Herstellungsfehlern<\/li>\n<li data-start=\"1948\" data-end=\"2009\"><strong data-start=\"1950\" data-end=\"1968\">Verf\u00fcgbarkeit:<\/strong> Abverkauf des Rohmaterials vorbehalten<\/li>\n<\/ul>\n<\/div>\n<\/details>\n<details class=\"hf-accordion\">\n<summary><strong>\u25b6\ufe0f FAQ \u2013 H\u00e4ufige Fragen<\/strong><\/summary>\n<div class=\"hf-accordion-content\">\n<h3 data-start=\"2011\" data-end=\"2050\"><strong data-start=\"2015\" data-end=\"2048\">FAQ \u2013 H\u00e4ufig gestellte Fragen<\/strong><\/h3>\n<p data-start=\"2051\" data-end=\"2176\">\u2753 <strong data-start=\"2053\" data-end=\"2095\">Ist die M\u00fctze f\u00fcr hei\u00dfe Tage geeignet?<\/strong><br data-start=\"2095\" data-end=\"2098\" \/>\u2714\ufe0f Ja, dank des atmungsaktiven Baumwollstoffs bleibt der Kopf angenehm k\u00fchl.<\/p>\n<p data-start=\"2178\" data-end=\"2312\">\u2753 <strong data-start=\"2180\" data-end=\"2223\">Wie kombiniere ich die M\u00fctze am besten?<\/strong><br data-start=\"2223\" data-end=\"2226\" \/>\u2714\ufe0f Sie passt perfekt zu leichten Leinenhemden, Chinos oder einem sommerlichen Sakko.<\/p>\n<p data-start=\"2314\" data-end=\"2405\">\u2753 <strong data-start=\"2316\" data-end=\"2346\">Wie reinige ich die M\u00fctze?<\/strong><br data-start=\"2346\" data-end=\"2349\" \/>\u2714\ufe0f Handw\u00e4sche oder chemische Reinigung wird empfohlen.<\/p>\n<\/div>\n<\/details>\n<\/div>\n","protected":false},"excerpt":{"rendered":"<h3 data-start=\"3032\" data-end=\"3093\"><strong data-start=\"3036\" data-end=\"3091\">Sommerlicher Stil mit Komfort!  <\/strong><\/h3>\n<p data-start=\"3094\" data-end=\"3230\" data-is-last-node=\"\" data-is-only-node=\"\">Diese <strong data-start=\"3100\" data-end=\"3125\">leichte Schieberm\u00fctze<\/strong> bietet perfekten Tragekomfort und zeitlose Eleganz f\u00fcr den Sommer. <strong data-start=\"3193\" data-end=\"3230\" data-is-last-node=\"\">Jetzt sichern &#038; stilvoll bleiben!<\/strong><\/p>\n","protected":false},"featured_media":20172,"template":"","meta":{"_acf_changed":false,"rs_blank_template":"","rs_page_bg_color":"","slide_template_v7":""},"product_brand":[250],"product_cat":[692,445],"product_tag":[],"class_list":{"0":"post-20171","1":"product","2":"type-product","3":"status-publish","4":"has-post-thumbnail","6":"product_brand-risa-hutwerkstatt-schweiz","7":"product_cat-schiebermuetzen-sommermuetzen","8":"product_cat-sommermuetzen","9":"product_shipping_class-mittlere-pakete","10":"pa_color-olive","11":"pa_groesse-207","12":"pa_groesse-197","13":"pa_groesse-208","14":"pa_groesse-198","15":"pa_groesse-209","16":"pa_groesse-199","17":"yith_product_brand-risa-hutwerkstatt-schweiz","20":"instock","21":"taxable","22":"shipping-taxable","23":"purchasable","24":"product-type-variable","25":"wvs-archive-product-wrapper","26":"add-to-wishlist-after_add_to_cart"},"acf":[],"yoast_head":"<!-- This site is optimized with the Yoast SEO Premium plugin v27.3 (Yoast SEO v27.3) - https:\/\/yoast.com\/product\/yoast-seo-premium-wordpress\/ -->\n<title>Leichte Schieberm\u00fctze aus Baumwolle \u2013 Sommerlich &amp; stilvoll<\/title>\n<meta name=\"description\" content=\"Atmungsaktive Schieberm\u00fctze aus 100 % Baumwolle in Olive \u2013 Perfekt f\u00fcr den Sommer. Jetzt online bei Hut Factory entdecken!\" \/>\n<meta name=\"robots\" content=\"index, follow, max-snippet:-1, max-image-preview:large, max-video-preview:-1\" \/>\n<link rel=\"canonical\" href=\"https:\/\/hutfactory.com\/?product=schiebermuetze-mit-stil-komfort\" \/>\n<meta property=\"og:locale\" content=\"de_DE\" \/>\n<meta property=\"og:type\" content=\"article\" \/>\n<meta property=\"og:title\" content=\"Schieberm\u00fctze - mit Stil &amp; Komfort\" \/>\n<meta property=\"og:description\" content=\"Atmungsaktive Schieberm\u00fctze aus 100 % Baumwolle in Olive \u2013 Perfekt f\u00fcr den Sommer. Jetzt online bei Hut Factory entdecken!\" \/>\n<meta property=\"og:url\" content=\"https:\/\/hutfactory.com\/?product=schiebermuetze-mit-stil-komfort\" \/>\n<meta property=\"og:site_name\" content=\"Hut Factory\" \/>\n<meta property=\"article:modified_time\" content=\"2026-03-10T13:04:08+00:00\" \/>\n<meta property=\"og:image\" content=\"https:\/\/hutfactory.com\/wp-content\/uploads\/2026\/03\/65475.1.webp\" \/>\n\t<meta property=\"og:image:width\" content=\"750\" \/>\n\t<meta property=\"og:image:height\" content=\"750\" \/>\n\t<meta property=\"og:image:type\" content=\"image\/webp\" \/>\n<meta name=\"twitter:card\" content=\"summary_large_image\" \/>\n<meta name=\"twitter:label1\" content=\"Gesch\u00e4tzte Lesezeit\" \/>\n\t<meta name=\"twitter:data1\" content=\"2\u00a0Minuten\" \/>\n<script type=\"application\/ld+json\" class=\"yoast-schema-graph\">{\"@context\":\"https:\\\/\\\/schema.org\",\"@graph\":[{\"@type\":\"WebPage\",\"@id\":\"https:\\\/\\\/hutfactory.com\\\/?product=schiebermuetze-mit-stil-komfort\",\"url\":\"https:\\\/\\\/hutfactory.com\\\/?product=schiebermuetze-mit-stil-komfort\",\"name\":\"Leichte Schieberm\u00fctze aus Baumwolle \u2013 Sommerlich & stilvoll\",\"isPartOf\":{\"@id\":\"https:\\\/\\\/hutfactory.com\\\/#website\"},\"primaryImageOfPage\":{\"@id\":\"https:\\\/\\\/hutfactory.com\\\/?product=schiebermuetze-mit-stil-komfort#primaryimage\"},\"image\":{\"@id\":\"https:\\\/\\\/hutfactory.com\\\/?product=schiebermuetze-mit-stil-komfort#primaryimage\"},\"thumbnailUrl\":\"https:\\\/\\\/hutfactory.com\\\/wp-content\\\/uploads\\\/2026\\\/03\\\/65475.1.webp\",\"datePublished\":\"2026-03-10T13:03:54+00:00\",\"dateModified\":\"2026-03-10T13:04:08+00:00\",\"description\":\"Atmungsaktive Schieberm\u00fctze aus 100 % Baumwolle in Olive \u2013 Perfekt f\u00fcr den Sommer. Jetzt online bei Hut Factory entdecken!\",\"breadcrumb\":{\"@id\":\"https:\\\/\\\/hutfactory.com\\\/?product=schiebermuetze-mit-stil-komfort#breadcrumb\"},\"inLanguage\":\"de\",\"potentialAction\":[{\"@type\":\"ReadAction\",\"target\":[\"https:\\\/\\\/hutfactory.com\\\/?product=schiebermuetze-mit-stil-komfort\"]}]},{\"@type\":\"ImageObject\",\"inLanguage\":\"de\",\"@id\":\"https:\\\/\\\/hutfactory.com\\\/?product=schiebermuetze-mit-stil-komfort#primaryimage\",\"url\":\"https:\\\/\\\/hutfactory.com\\\/wp-content\\\/uploads\\\/2026\\\/03\\\/65475.1.webp\",\"contentUrl\":\"https:\\\/\\\/hutfactory.com\\\/wp-content\\\/uploads\\\/2026\\\/03\\\/65475.1.webp\",\"width\":750,\"height\":750,\"caption\":\"Schieberm\u00fctz- leichte Sommerm\u00fctze in Olive\"},{\"@type\":\"BreadcrumbList\",\"@id\":\"https:\\\/\\\/hutfactory.com\\\/?product=schiebermuetze-mit-stil-komfort#breadcrumb\",\"itemListElement\":[{\"@type\":\"ListItem\",\"position\":1,\"name\":\"Start\",\"item\":\"https:\\\/\\\/hutfactory.com\\\/\"},{\"@type\":\"ListItem\",\"position\":2,\"name\":\"Shop\",\"item\":\"https:\\\/\\\/hutfactory.com\\\/?page_id=10\"},{\"@type\":\"ListItem\",\"position\":3,\"name\":\"Schieberm\u00fctze &#8211; mit Stil &#038; Komfort\"}]},{\"@type\":\"WebSite\",\"@id\":\"https:\\\/\\\/hutfactory.com\\\/#website\",\"url\":\"https:\\\/\\\/hutfactory.com\\\/\",\"name\":\"Hut Factory\",\"description\":\"H\u00fcte, Kappen &amp; M\u00fctzen in Top Swiss\\\/EU Qualit\u00e4t\",\"publisher\":{\"@id\":\"https:\\\/\\\/hutfactory.com\\\/#organization\"},\"alternateName\":\"Hut Shop\",\"potentialAction\":[{\"@type\":\"SearchAction\",\"target\":{\"@type\":\"EntryPoint\",\"urlTemplate\":\"https:\\\/\\\/hutfactory.com\\\/?s={search_term_string}\"},\"query-input\":{\"@type\":\"PropertyValueSpecification\",\"valueRequired\":true,\"valueName\":\"search_term_string\"}}],\"inLanguage\":\"de\"},{\"@type\":\"Organization\",\"@id\":\"https:\\\/\\\/hutfactory.com\\\/#organization\",\"name\":\"Hut Factory\",\"url\":\"https:\\\/\\\/hutfactory.com\\\/\",\"logo\":{\"@type\":\"ImageObject\",\"inLanguage\":\"de\",\"@id\":\"https:\\\/\\\/hutfactory.com\\\/#\\\/schema\\\/logo\\\/image\\\/\",\"url\":\"https:\\\/\\\/hutfactory.com\\\/wp-content\\\/uploads\\\/2026\\\/01\\\/Logo-hut-factory-1.webp\",\"contentUrl\":\"https:\\\/\\\/hutfactory.com\\\/wp-content\\\/uploads\\\/2026\\\/01\\\/Logo-hut-factory-1.webp\",\"width\":300,\"height\":262,\"caption\":\"Hut Factory\"},\"image\":{\"@id\":\"https:\\\/\\\/hutfactory.com\\\/#\\\/schema\\\/logo\\\/image\\\/\"}}]}<\/script>\n<!-- \/ Yoast SEO Premium plugin. -->","yoast_head_json":{"title":"Leichte Schieberm\u00fctze aus Baumwolle \u2013 Sommerlich & stilvoll","description":"Atmungsaktive Schieberm\u00fctze aus 100 % Baumwolle in Olive \u2013 Perfekt f\u00fcr den Sommer. Jetzt online bei Hut Factory entdecken!","robots":{"index":"index","follow":"follow","max-snippet":"max-snippet:-1","max-image-preview":"max-image-preview:large","max-video-preview":"max-video-preview:-1"},"canonical":"https:\/\/hutfactory.com\/?product=schiebermuetze-mit-stil-komfort","og_locale":"de_DE","og_type":"article","og_title":"Schieberm\u00fctze - mit Stil & Komfort","og_description":"Atmungsaktive Schieberm\u00fctze aus 100 % Baumwolle in Olive \u2013 Perfekt f\u00fcr den Sommer. Jetzt online bei Hut Factory entdecken!","og_url":"https:\/\/hutfactory.com\/?product=schiebermuetze-mit-stil-komfort","og_site_name":"Hut Factory","article_modified_time":"2026-03-10T13:04:08+00:00","og_image":[{"width":750,"height":750,"url":"https:\/\/hutfactory.com\/wp-content\/uploads\/2026\/03\/65475.1.webp","type":"image\/webp"}],"twitter_card":"summary_large_image","twitter_misc":{"Gesch\u00e4tzte Lesezeit":"2\u00a0Minuten"},"schema":{"@context":"https:\/\/schema.org","@graph":[{"@type":"WebPage","@id":"https:\/\/hutfactory.com\/?product=schiebermuetze-mit-stil-komfort","url":"https:\/\/hutfactory.com\/?product=schiebermuetze-mit-stil-komfort","name":"Leichte Schieberm\u00fctze aus Baumwolle \u2013 Sommerlich & stilvoll","isPartOf":{"@id":"https:\/\/hutfactory.com\/#website"},"primaryImageOfPage":{"@id":"https:\/\/hutfactory.com\/?product=schiebermuetze-mit-stil-komfort#primaryimage"},"image":{"@id":"https:\/\/hutfactory.com\/?product=schiebermuetze-mit-stil-komfort#primaryimage"},"thumbnailUrl":"https:\/\/hutfactory.com\/wp-content\/uploads\/2026\/03\/65475.1.webp","datePublished":"2026-03-10T13:03:54+00:00","dateModified":"2026-03-10T13:04:08+00:00","description":"Atmungsaktive Schieberm\u00fctze aus 100 % Baumwolle in Olive \u2013 Perfekt f\u00fcr den Sommer. Jetzt online bei Hut Factory entdecken!","breadcrumb":{"@id":"https:\/\/hutfactory.com\/?product=schiebermuetze-mit-stil-komfort#breadcrumb"},"inLanguage":"de","potentialAction":[{"@type":"ReadAction","target":["https:\/\/hutfactory.com\/?product=schiebermuetze-mit-stil-komfort"]}]},{"@type":"ImageObject","inLanguage":"de","@id":"https:\/\/hutfactory.com\/?product=schiebermuetze-mit-stil-komfort#primaryimage","url":"https:\/\/hutfactory.com\/wp-content\/uploads\/2026\/03\/65475.1.webp","contentUrl":"https:\/\/hutfactory.com\/wp-content\/uploads\/2026\/03\/65475.1.webp","width":750,"height":750,"caption":"Schieberm\u00fctz- leichte Sommerm\u00fctze in Olive"},{"@type":"BreadcrumbList","@id":"https:\/\/hutfactory.com\/?product=schiebermuetze-mit-stil-komfort#breadcrumb","itemListElement":[{"@type":"ListItem","position":1,"name":"Start","item":"https:\/\/hutfactory.com\/"},{"@type":"ListItem","position":2,"name":"Shop","item":"https:\/\/hutfactory.com\/?page_id=10"},{"@type":"ListItem","position":3,"name":"Schieberm\u00fctze &#8211; mit Stil &#038; Komfort"}]},{"@type":"WebSite","@id":"https:\/\/hutfactory.com\/#website","url":"https:\/\/hutfactory.com\/","name":"Hut Factory","description":"H\u00fcte, Kappen &amp; M\u00fctzen in Top Swiss\/EU Qualit\u00e4t","publisher":{"@id":"https:\/\/hutfactory.com\/#organization"},"alternateName":"Hut Shop","potentialAction":[{"@type":"SearchAction","target":{"@type":"EntryPoint","urlTemplate":"https:\/\/hutfactory.com\/?s={search_term_string}"},"query-input":{"@type":"PropertyValueSpecification","valueRequired":true,"valueName":"search_term_string"}}],"inLanguage":"de"},{"@type":"Organization","@id":"https:\/\/hutfactory.com\/#organization","name":"Hut Factory","url":"https:\/\/hutfactory.com\/","logo":{"@type":"ImageObject","inLanguage":"de","@id":"https:\/\/hutfactory.com\/#\/schema\/logo\/image\/","url":"https:\/\/hutfactory.com\/wp-content\/uploads\/2026\/01\/Logo-hut-factory-1.webp","contentUrl":"https:\/\/hutfactory.com\/wp-content\/uploads\/2026\/01\/Logo-hut-factory-1.webp","width":300,"height":262,"caption":"Hut Factory"},"image":{"@id":"https:\/\/hutfactory.com\/#\/schema\/logo\/image\/"}}]}},"_links":{"self":[{"href":"https:\/\/hutfactory.com\/index.php?rest_route=\/wp\/v2\/product\/20171","targetHints":{"allow":["GET"]}}],"collection":[{"href":"https:\/\/hutfactory.com\/index.php?rest_route=\/wp\/v2\/product"}],"about":[{"href":"https:\/\/hutfactory.com\/index.php?rest_route=\/wp\/v2\/types\/product"}],"wp:featuredmedia":[{"embeddable":true,"href":"https:\/\/hutfactory.com\/index.php?rest_route=\/wp\/v2\/media\/20172"}],"wp:attachment":[{"href":"https:\/\/hutfactory.com\/index.php?rest_route=%2Fwp%2Fv2%2Fmedia&parent=20171"}],"wp:term":[{"taxonomy":"product_brand","embeddable":true,"href":"https:\/\/hutfactory.com\/index.php?rest_route=%2Fwp%2Fv2%2Fproduct_brand&post=20171"},{"taxonomy":"product_cat","embeddable":true,"href":"https:\/\/hutfactory.com\/index.php?rest_route=%2Fwp%2Fv2%2Fproduct_cat&post=20171"},{"taxonomy":"product_tag","embeddable":true,"href":"https:\/\/hutfactory.com\/index.php?rest_route=%2Fwp%2Fv2%2Fproduct_tag&post=20171"}],"curies":[{"name":"wp","href":"https:\/\/api.w.org\/{rel}","templated":true}]}}