{"id":19785,"date":"2026-03-10T12:58:21","date_gmt":"2026-03-10T12:58:21","guid":{"rendered":"https:\/\/hutfactory.com\/?product=zottelmuetze-aus-oeko-cotton"},"modified":"2026-03-12T03:08:01","modified_gmt":"2026-03-12T03:08:01","slug":"zottelmuetze-aus-oeko-cotton","status":"publish","type":"product","link":"https:\/\/hutfactory.com\/?product=zottelmuetze-aus-oeko-cotton","title":{"rendered":"Zottelm\u00fctze aus Oeko-Cotton"},"content":{"rendered":"<h3 data-start=\"491\" data-end=\"549\">Langlebig, weich &#038; ein Statement f\u00fcr nachhaltige Mode<\/h3>\n<p class=\"\" data-start=\"550\" data-end=\"969\">Gefertigt aus reiner Oeko-Baumwolle bietet diese Zottelm\u00fctze nicht nur Komfort und W\u00e4rme, sondern auch eine klare Haltung in Sachen Umweltbewusstsein. Die M\u00fctze schmiegt sich weich an den Kopf, bietet dank Umschlag zus\u00e4tzlichen Schutz an k\u00fchlen Tagen und zeigt mit der handgekn\u00fcpften Quaste einen Hauch Extravaganz. Ob beim Winterspaziergang oder auf dem Weihnachtsmarkt \u2013 dieses Accessoire ist ein Blickfang mit Seele.<\/p>\n<p class=\"\" data-start=\"971\" data-end=\"990\"><strong data-start=\"971\" data-end=\"990\">Perfekt f\u00fcr\u2026  <\/strong><\/p>\n<p class=\"\" data-start=\"992\" data-end=\"1164\"><strong data-start=\"992\" data-end=\"1016\">\u2600\ufe0f Winterliche Tage:<\/strong> Ob auf dem Weihnachtsmarkt, beim Schlittschuhlaufen oder Winterspaziergang \u2013 mit dieser M\u00fctze bleibt der Kopf angenehm warm und stilvoll gesch\u00fctzt.<\/p>\n<p class=\"\" data-start=\"1166\" data-end=\"1339\"><strong data-start=\"1166\" data-end=\"1188\">  Urbane Momente:<\/strong> Die M\u00fctze passt perfekt zu City-Looks, sei es zum Wollmantel oder zum Parka. Die farblichen Varianten bieten Kombinationsvielfalt f\u00fcr jeden Geschmack.<\/p>\n<p class=\"\" data-start=\"1341\" data-end=\"1528\"><strong data-start=\"1341\" data-end=\"1371\">  Natur- und Modebewusst:<\/strong> Aus 100% Oeko-Baumwolle gefertigt, vereint sie nachhaltige Materialien mit bewusster Produktion in der Schweiz \u2013 f\u00fcr alle, die Wert auf ethische Mode legen.<\/p>\n<div class=\"hf-accordions\">\n<hr class=\"hf-accordion-separator\" \/>\n<details class=\"hf-accordion\">\n<summary><strong>\u25b6\ufe0f Gut zu wissen \u2013 mehr erfahren<\/strong><\/summary>\n<div class=\"hf-accordion-content\">\n<h3 class=\"\" data-start=\"1530\" data-end=\"1558\">Eigenschaften &#038; Details:<\/h3>\n<ul data-start=\"1559\" data-end=\"1868\">\n<li class=\"\" data-start=\"1559\" data-end=\"1631\">\n<p class=\"\" data-start=\"1561\" data-end=\"1631\"><strong data-start=\"1561\" data-end=\"1574\">Material:<\/strong> 100% Oeko-Baumwolle \u2013 weich, hautfreundlich &#038; nachhaltig<\/p>\n<\/li>\n<li class=\"\" data-start=\"1632\" data-end=\"1734\">\n<p class=\"\" data-start=\"1634\" data-end=\"1734\"><strong data-start=\"1634\" data-end=\"1645\">Farben:<\/strong> Schwarz, Stein, Marine, Rot, Weiss, Tanne, Bordeaux \u2013 f\u00fcr jeden Stil die passende Nuance<\/p>\n<\/li>\n<li class=\"\" data-start=\"1735\" data-end=\"1787\">\n<p class=\"\" data-start=\"1737\" data-end=\"1787\"><strong data-start=\"1737\" data-end=\"1750\">Garnitur:<\/strong> Flechtquaste mit nostalgischem Flair<\/p>\n<\/li>\n<li class=\"\" data-start=\"1788\" data-end=\"1868\">\n<p class=\"\" data-start=\"1790\" data-end=\"1868\"><strong data-start=\"1790\" data-end=\"1801\">Gr\u00f6\u00dfen:<\/strong> 56 (55\u201356), 58 (57\u201358) sowie 55, 57, 59, 61 (jeweils Doppelgr\u00f6\u00dfen)<\/p>\n<\/li>\n<\/ul>\n<h3 class=\"\" data-start=\"1870\" data-end=\"1896\">Design &#038; Verarbeitung:<\/h3>\n<p class=\"\" data-start=\"1897\" data-end=\"2206\">Die M\u00fctze zeigt eine klassische Form mit modernem Twist: der breite Umschlag sorgt f\u00fcr zus\u00e4tzlichen Komfort, w\u00e4hrend die kunstvoll gedrehte Zottelquaste ein echtes Designstatement setzt. Jedes Modell wird mit viel Sorgfalt gefertigt, um Formbest\u00e4ndigkeit, Tragekomfort und eine besondere Optik zu garantieren.<\/p>\n<h3 class=\"\" data-start=\"2208\" data-end=\"2241\">Handgefertigt in der Schweiz:<\/h3>\n<p class=\"\" data-start=\"2242\" data-end=\"2547\">Dieses Modell entsteht in sorgf\u00e4ltiger Handarbeit im Herzen der Schweiz \u2013 in kleiner Auflage, mit h\u00f6chsten Qualit\u00e4tsstandards. Die Herstellung erfolgt im Auftrag der traditionsreichen Hutmanufaktur Risa. Die lokale Produktion sichert kurze Lieferwege und bewahrt die handwerkliche Vielfalt unserer Region.<\/p>\n<h3 class=\"\" data-start=\"2549\" data-end=\"2579\">Nachhaltigkeit &#038; Qualit\u00e4t:<\/h3>\n<ul data-start=\"2580\" data-end=\"2806\">\n<li class=\"\" data-start=\"2580\" data-end=\"2658\">\n<p class=\"\" data-start=\"2582\" data-end=\"2658\"><strong data-start=\"2582\" data-end=\"2600\">Naturmaterial:<\/strong> Oeko-Baumwolle \u2013 umweltschonend, biologisch und langlebig<\/p>\n<\/li>\n<li class=\"\" data-start=\"2659\" data-end=\"2727\">\n<p class=\"\" data-start=\"2661\" data-end=\"2727\"><strong data-start=\"2661\" data-end=\"2688\">Tradition &#038; Handarbeit:<\/strong> Jede M\u00fctze ist ein kleines Meisterwerk<\/p>\n<\/li>\n<li class=\"\" data-start=\"2728\" data-end=\"2806\">\n<p class=\"\" data-start=\"2730\" data-end=\"2806\"><strong data-start=\"2730\" data-end=\"2752\">Bewusst gefertigt:<\/strong> Keine Massenproduktion \u2013 sondern Qualit\u00e4t mit Haltung<\/p>\n<\/li>\n<\/ul>\n<h3 class=\"\" data-start=\"2808\" data-end=\"2834\">Herstellung &#038; Versand:<\/h3>\n<ul data-start=\"2835\" data-end=\"3087\">\n<li class=\"\" data-start=\"2835\" data-end=\"2889\">\n<p class=\"\" data-start=\"2837\" data-end=\"2889\"><strong data-start=\"2837\" data-end=\"2851\">Fertigung:<\/strong> In limitierter Auflage in der Schweiz<\/p>\n<\/li>\n<li class=\"\" data-start=\"2890\" data-end=\"2948\">\n<p class=\"\" data-start=\"2892\" data-end=\"2948\"><strong data-start=\"2892\" data-end=\"2908\">Versandzeit:<\/strong> Innerhalb weniger Tage ab Lager Schweiz<\/p>\n<\/li>\n<li class=\"\" data-start=\"2949\" data-end=\"3016\">\n<p class=\"\" data-start=\"2951\" data-end=\"3016\"><strong data-start=\"2951\" data-end=\"2964\">Garantie:<\/strong> Umtausch nur bei Material- oder Herstellungsfehlern<\/p>\n<\/li>\n<li class=\"\" data-start=\"3017\" data-end=\"3087\">\n<p class=\"\" data-start=\"3019\" data-end=\"3087\"><strong data-start=\"3019\" data-end=\"3037\">Verf\u00fcgbarkeit:<\/strong> Solange der Vorrat reicht \u2013 Abverkauf vorbehalten<\/p>\n<\/li>\n<\/ul>\n<\/div>\n<\/details>\n<details class=\"hf-accordion\">\n<summary><strong>\u25b6\ufe0f FAQ \u2013 H\u00e4ufige Fragen<\/strong><\/summary>\n<div class=\"hf-accordion-content\">\n<h3 class=\"\" data-start=\"3089\" data-end=\"3114\">FAQ \u2013 H\u00e4ufige Fragen:<\/h3>\n<p class=\"\" data-start=\"3116\" data-end=\"3250\"><strong data-start=\"3116\" data-end=\"3165\">Ist die M\u00fctze f\u00fcr empfindliche Haut geeignet?<\/strong><br data-start=\"3165\" data-end=\"3168\" \/>Ja, durch die Verwendung von 100% Oeko-Baumwolle ist sie besonders hautfreundlich.<\/p>\n<p class=\"\" data-start=\"3252\" data-end=\"3338\"><strong data-start=\"3252\" data-end=\"3281\">Ist die Quaste abnehmbar?<\/strong><br data-start=\"3281\" data-end=\"3284\" \/>Nein, sie ist fest eingearbeitet und Teil des Designs.<\/p>\n<p class=\"\" data-start=\"3340\" data-end=\"3470\"><strong data-start=\"3340\" data-end=\"3387\">Kann ich die M\u00fctze in der Maschine waschen?<\/strong><br data-start=\"3387\" data-end=\"3390\" \/>Wir empfehlen Handw\u00e4sche bei niedriger Temperatur, um Form und Farbe zu schonen.<\/p>\n<p class=\"\" data-start=\"3472\" data-end=\"3578\"><strong data-start=\"3472\" data-end=\"3514\">Ist die Passform eher eng oder locker?<\/strong><br data-start=\"3514\" data-end=\"3517\" \/>Dank der Doppelgr\u00f6\u00dfen liegt sie angenehm an, ohne zu dr\u00fccken.<\/p>\n<p class=\"\" data-start=\"3580\" data-end=\"3704\"><strong data-start=\"3580\" data-end=\"3623\">Ist die M\u00fctze auch f\u00fcr Herren geeignet?<\/strong><br data-start=\"3623\" data-end=\"3626\" \/>Absolut! Die klassische Form und neutrale Farben machen sie zum Unisex-Modell.<\/p>\n<\/div>\n<\/details>\n<\/div>\n","protected":false},"excerpt":{"rendered":"<h3 data-start=\"69\" data-end=\"124\"><strong>Stilvoll durch den Winter \u2013 mit \u00f6kologischer W\u00e4rme<\/strong><\/h3>\n<p class=\"\" data-start=\"125\" data-end=\"489\">Diese charmante Zottelm\u00fctze \u00fcberzeugt mit ihrer klaren Form, einem markanten Umschlag und der geflochtenen Quaste, die verspielt am Hinterkopf baumelt. Der Look vereint rustikalen Charme mit urbaner Coolness \u2013 und das in umweltfreundlicher Qualit\u00e4t aus 100% Oeko-Baumwolle. Die ideale Wahl f\u00fcr alle, die ihren Winterstil nat\u00fcrlich und einzigartig gestalten wollen.<\/p>\n","protected":false},"featured_media":19786,"template":"","meta":{"_acf_changed":false,"rs_blank_template":"","rs_page_bg_color":"","slide_template_v7":""},"product_brand":[250],"product_cat":[445,735,736],"product_tag":[],"class_list":{"0":"post-19785","1":"product","2":"type-product","3":"status-publish","4":"has-post-thumbnail","6":"product_brand-risa-hutwerkstatt-schweiz","7":"product_cat-sommermuetzen","8":"product_cat-strick-sommerbeanies","9":"product_cat-strick-sommermuetzen","10":"product_shipping_class-mittlere-pakete","11":"pa_color-bordeaux","12":"pa_color-marine","13":"pa_color-rot","14":"pa_color-schwarz","15":"pa_color-stein","16":"pa_color-tanne","17":"pa_color-weiss","18":"pa_groesse-one-size","19":"yith_product_brand-risa-hutwerkstatt-schweiz","22":"instock","23":"taxable","24":"shipping-taxable","25":"purchasable","26":"product-type-variable","27":"wvs-archive-product-wrapper","28":"add-to-wishlist-after_add_to_cart"},"acf":[],"yoast_head":"<!-- This site is optimized with the Yoast SEO Premium plugin v27.3 (Yoast SEO v27.3) - https:\/\/yoast.com\/product\/yoast-seo-premium-wordpress\/ -->\n<title>Zottelm\u00fctze aus Oeko-Baumwolle \u2013 handgemacht in der Schweiz<\/title>\n<meta name=\"description\" content=\"Entdecken Sie unsere Zottelm\u00fctzen in verschiedenen Farben, gefertigt aus umweltfreundlichem Oeko-Cotton. Perfekt f\u00fcr Modebewusste aller Altersstufen.\" \/>\n<meta name=\"robots\" content=\"index, follow, max-snippet:-1, max-image-preview:large, max-video-preview:-1\" \/>\n<link rel=\"canonical\" href=\"https:\/\/hutfactory.com\/?product=zottelmuetze-aus-oeko-cotton\" \/>\n<meta property=\"og:locale\" content=\"de_DE\" \/>\n<meta property=\"og:type\" content=\"article\" \/>\n<meta property=\"og:title\" content=\"Zottelm\u00fctze aus Oeko-Cotton\" \/>\n<meta property=\"og:description\" content=\"Entdecken Sie unsere Zottelm\u00fctzen in verschiedenen Farben, gefertigt aus umweltfreundlichem Oeko-Cotton. Perfekt f\u00fcr Modebewusste aller Altersstufen.\" \/>\n<meta property=\"og:url\" content=\"https:\/\/hutfactory.com\/?product=zottelmuetze-aus-oeko-cotton\" \/>\n<meta property=\"og:site_name\" content=\"Hut Factory\" \/>\n<meta property=\"article:modified_time\" content=\"2026-03-12T03:08:01+00:00\" \/>\n<meta property=\"og:image\" content=\"https:\/\/hutfactory.com\/wp-content\/uploads\/2026\/03\/98714.webp\" \/>\n\t<meta property=\"og:image:width\" content=\"750\" \/>\n\t<meta property=\"og:image:height\" content=\"750\" \/>\n\t<meta property=\"og:image:type\" content=\"image\/webp\" \/>\n<meta name=\"twitter:card\" content=\"summary_large_image\" \/>\n<meta name=\"twitter:label1\" content=\"Gesch\u00e4tzte Lesezeit\" \/>\n\t<meta name=\"twitter:data1\" content=\"2\u00a0Minuten\" \/>\n<script type=\"application\/ld+json\" class=\"yoast-schema-graph\">{\"@context\":\"https:\\\/\\\/schema.org\",\"@graph\":[{\"@type\":\"WebPage\",\"@id\":\"https:\\\/\\\/hutfactory.com\\\/?product=zottelmuetze-aus-oeko-cotton\",\"url\":\"https:\\\/\\\/hutfactory.com\\\/?product=zottelmuetze-aus-oeko-cotton\",\"name\":\"Zottelm\u00fctze aus Oeko-Baumwolle \u2013 handgemacht in der Schweiz\",\"isPartOf\":{\"@id\":\"https:\\\/\\\/hutfactory.com\\\/#website\"},\"primaryImageOfPage\":{\"@id\":\"https:\\\/\\\/hutfactory.com\\\/?product=zottelmuetze-aus-oeko-cotton#primaryimage\"},\"image\":{\"@id\":\"https:\\\/\\\/hutfactory.com\\\/?product=zottelmuetze-aus-oeko-cotton#primaryimage\"},\"thumbnailUrl\":\"https:\\\/\\\/hutfactory.com\\\/wp-content\\\/uploads\\\/2026\\\/03\\\/98714.webp\",\"datePublished\":\"2026-03-10T12:58:21+00:00\",\"dateModified\":\"2026-03-12T03:08:01+00:00\",\"description\":\"Entdecken Sie unsere Zottelm\u00fctzen in verschiedenen Farben, gefertigt aus umweltfreundlichem Oeko-Cotton. Perfekt f\u00fcr Modebewusste aller Altersstufen.\",\"breadcrumb\":{\"@id\":\"https:\\\/\\\/hutfactory.com\\\/?product=zottelmuetze-aus-oeko-cotton#breadcrumb\"},\"inLanguage\":\"de\",\"potentialAction\":[{\"@type\":\"ReadAction\",\"target\":[\"https:\\\/\\\/hutfactory.com\\\/?product=zottelmuetze-aus-oeko-cotton\"]}]},{\"@type\":\"ImageObject\",\"inLanguage\":\"de\",\"@id\":\"https:\\\/\\\/hutfactory.com\\\/?product=zottelmuetze-aus-oeko-cotton#primaryimage\",\"url\":\"https:\\\/\\\/hutfactory.com\\\/wp-content\\\/uploads\\\/2026\\\/03\\\/98714.webp\",\"contentUrl\":\"https:\\\/\\\/hutfactory.com\\\/wp-content\\\/uploads\\\/2026\\\/03\\\/98714.webp\",\"width\":750,\"height\":750,\"caption\":\"Die Zottelm\u00fctze aus Oeko-Baumwolle vereint klassische Winter\u00e4sthetik mit nachhaltiger Handwerkskunst. Erh\u00e4ltlich in sieben Farben.|Die Zottelm\u00fctze aus Oeko-Baumwolle vereint klassische Winter\u00e4sthetik mit nachhaltiger Handwerkskunst. Erh\u00e4ltlich in sieben Farben.|Die Zottelm\u00fctze aus Oeko-Baumwolle vereint klassische Winter\u00e4sthetik mit nachhaltiger Handwerkskunst. Erh\u00e4ltlich in sieben Farben.|Die Zottelm\u00fctze aus Oeko-Baumwolle vereint klassische Winter\u00e4sthetik mit nachhaltiger Handwerkskunst. Erh\u00e4ltlich in sieben Farben.|Die Zottelm\u00fctze aus Oeko-Baumwolle vereint klassische Winter\u00e4sthetik mit nachhaltiger Handwerkskunst. Erh\u00e4ltlich in sieben Farben.|Die Zottelm\u00fctze aus Oeko-Baumwolle vereint klassische Winter\u00e4sthetik mit nachhaltiger Handwerkskunst. Erh\u00e4ltlich in sieben Farben.|Die Zottelm\u00fctze aus Oeko-Baumwolle vereint klassische Winter\u00e4sthetik mit nachhaltiger Handwerkskunst. Erh\u00e4ltlich in sieben Farben.|Die Zottelm\u00fctze aus Oeko-Baumwolle vereint klassische Winter\u00e4sthetik mit nachhaltiger Handwerkskunst. Erh\u00e4ltlich in sieben Farben.|||||||||Die Zottelm\u00fctze aus Oeko-Baumwolle vereint klassische Winter\u00e4sthetik mit nachhaltiger Handwerkskunst. Erh\u00e4ltlich in sieben Farben.\"},{\"@type\":\"BreadcrumbList\",\"@id\":\"https:\\\/\\\/hutfactory.com\\\/?product=zottelmuetze-aus-oeko-cotton#breadcrumb\",\"itemListElement\":[{\"@type\":\"ListItem\",\"position\":1,\"name\":\"Start\",\"item\":\"https:\\\/\\\/hutfactory.com\\\/\"},{\"@type\":\"ListItem\",\"position\":2,\"name\":\"Shop\",\"item\":\"https:\\\/\\\/hutfactory.com\\\/?page_id=10\"},{\"@type\":\"ListItem\",\"position\":3,\"name\":\"Zottelm\u00fctze aus Oeko-Cotton\"}]},{\"@type\":\"WebSite\",\"@id\":\"https:\\\/\\\/hutfactory.com\\\/#website\",\"url\":\"https:\\\/\\\/hutfactory.com\\\/\",\"name\":\"Hut Factory\",\"description\":\"H\u00fcte, Kappen &amp; M\u00fctzen in Top Swiss\\\/EU Qualit\u00e4t\",\"publisher\":{\"@id\":\"https:\\\/\\\/hutfactory.com\\\/#organization\"},\"alternateName\":\"Hut Shop\",\"potentialAction\":[{\"@type\":\"SearchAction\",\"target\":{\"@type\":\"EntryPoint\",\"urlTemplate\":\"https:\\\/\\\/hutfactory.com\\\/?s={search_term_string}\"},\"query-input\":{\"@type\":\"PropertyValueSpecification\",\"valueRequired\":true,\"valueName\":\"search_term_string\"}}],\"inLanguage\":\"de\"},{\"@type\":\"Organization\",\"@id\":\"https:\\\/\\\/hutfactory.com\\\/#organization\",\"name\":\"Hut Factory\",\"url\":\"https:\\\/\\\/hutfactory.com\\\/\",\"logo\":{\"@type\":\"ImageObject\",\"inLanguage\":\"de\",\"@id\":\"https:\\\/\\\/hutfactory.com\\\/#\\\/schema\\\/logo\\\/image\\\/\",\"url\":\"https:\\\/\\\/hutfactory.com\\\/wp-content\\\/uploads\\\/2026\\\/01\\\/Logo-hut-factory-1.webp\",\"contentUrl\":\"https:\\\/\\\/hutfactory.com\\\/wp-content\\\/uploads\\\/2026\\\/01\\\/Logo-hut-factory-1.webp\",\"width\":300,\"height\":262,\"caption\":\"Hut Factory\"},\"image\":{\"@id\":\"https:\\\/\\\/hutfactory.com\\\/#\\\/schema\\\/logo\\\/image\\\/\"}}]}<\/script>\n<!-- \/ Yoast SEO Premium plugin. -->","yoast_head_json":{"title":"Zottelm\u00fctze aus Oeko-Baumwolle \u2013 handgemacht in der Schweiz","description":"Entdecken Sie unsere Zottelm\u00fctzen in verschiedenen Farben, gefertigt aus umweltfreundlichem Oeko-Cotton. Perfekt f\u00fcr Modebewusste aller Altersstufen.","robots":{"index":"index","follow":"follow","max-snippet":"max-snippet:-1","max-image-preview":"max-image-preview:large","max-video-preview":"max-video-preview:-1"},"canonical":"https:\/\/hutfactory.com\/?product=zottelmuetze-aus-oeko-cotton","og_locale":"de_DE","og_type":"article","og_title":"Zottelm\u00fctze aus Oeko-Cotton","og_description":"Entdecken Sie unsere Zottelm\u00fctzen in verschiedenen Farben, gefertigt aus umweltfreundlichem Oeko-Cotton. Perfekt f\u00fcr Modebewusste aller Altersstufen.","og_url":"https:\/\/hutfactory.com\/?product=zottelmuetze-aus-oeko-cotton","og_site_name":"Hut Factory","article_modified_time":"2026-03-12T03:08:01+00:00","og_image":[{"width":750,"height":750,"url":"https:\/\/hutfactory.com\/wp-content\/uploads\/2026\/03\/98714.webp","type":"image\/webp"}],"twitter_card":"summary_large_image","twitter_misc":{"Gesch\u00e4tzte Lesezeit":"2\u00a0Minuten"},"schema":{"@context":"https:\/\/schema.org","@graph":[{"@type":"WebPage","@id":"https:\/\/hutfactory.com\/?product=zottelmuetze-aus-oeko-cotton","url":"https:\/\/hutfactory.com\/?product=zottelmuetze-aus-oeko-cotton","name":"Zottelm\u00fctze aus Oeko-Baumwolle \u2013 handgemacht in der Schweiz","isPartOf":{"@id":"https:\/\/hutfactory.com\/#website"},"primaryImageOfPage":{"@id":"https:\/\/hutfactory.com\/?product=zottelmuetze-aus-oeko-cotton#primaryimage"},"image":{"@id":"https:\/\/hutfactory.com\/?product=zottelmuetze-aus-oeko-cotton#primaryimage"},"thumbnailUrl":"https:\/\/hutfactory.com\/wp-content\/uploads\/2026\/03\/98714.webp","datePublished":"2026-03-10T12:58:21+00:00","dateModified":"2026-03-12T03:08:01+00:00","description":"Entdecken Sie unsere Zottelm\u00fctzen in verschiedenen Farben, gefertigt aus umweltfreundlichem Oeko-Cotton. Perfekt f\u00fcr Modebewusste aller Altersstufen.","breadcrumb":{"@id":"https:\/\/hutfactory.com\/?product=zottelmuetze-aus-oeko-cotton#breadcrumb"},"inLanguage":"de","potentialAction":[{"@type":"ReadAction","target":["https:\/\/hutfactory.com\/?product=zottelmuetze-aus-oeko-cotton"]}]},{"@type":"ImageObject","inLanguage":"de","@id":"https:\/\/hutfactory.com\/?product=zottelmuetze-aus-oeko-cotton#primaryimage","url":"https:\/\/hutfactory.com\/wp-content\/uploads\/2026\/03\/98714.webp","contentUrl":"https:\/\/hutfactory.com\/wp-content\/uploads\/2026\/03\/98714.webp","width":750,"height":750,"caption":"Die Zottelm\u00fctze aus Oeko-Baumwolle vereint klassische Winter\u00e4sthetik mit nachhaltiger Handwerkskunst. Erh\u00e4ltlich in sieben Farben.|Die Zottelm\u00fctze aus Oeko-Baumwolle vereint klassische Winter\u00e4sthetik mit nachhaltiger Handwerkskunst. Erh\u00e4ltlich in sieben Farben.|Die Zottelm\u00fctze aus Oeko-Baumwolle vereint klassische Winter\u00e4sthetik mit nachhaltiger Handwerkskunst. Erh\u00e4ltlich in sieben Farben.|Die Zottelm\u00fctze aus Oeko-Baumwolle vereint klassische Winter\u00e4sthetik mit nachhaltiger Handwerkskunst. Erh\u00e4ltlich in sieben Farben.|Die Zottelm\u00fctze aus Oeko-Baumwolle vereint klassische Winter\u00e4sthetik mit nachhaltiger Handwerkskunst. Erh\u00e4ltlich in sieben Farben.|Die Zottelm\u00fctze aus Oeko-Baumwolle vereint klassische Winter\u00e4sthetik mit nachhaltiger Handwerkskunst. Erh\u00e4ltlich in sieben Farben.|Die Zottelm\u00fctze aus Oeko-Baumwolle vereint klassische Winter\u00e4sthetik mit nachhaltiger Handwerkskunst. Erh\u00e4ltlich in sieben Farben.|Die Zottelm\u00fctze aus Oeko-Baumwolle vereint klassische Winter\u00e4sthetik mit nachhaltiger Handwerkskunst. Erh\u00e4ltlich in sieben Farben.|||||||||Die Zottelm\u00fctze aus Oeko-Baumwolle vereint klassische Winter\u00e4sthetik mit nachhaltiger Handwerkskunst. Erh\u00e4ltlich in sieben Farben."},{"@type":"BreadcrumbList","@id":"https:\/\/hutfactory.com\/?product=zottelmuetze-aus-oeko-cotton#breadcrumb","itemListElement":[{"@type":"ListItem","position":1,"name":"Start","item":"https:\/\/hutfactory.com\/"},{"@type":"ListItem","position":2,"name":"Shop","item":"https:\/\/hutfactory.com\/?page_id=10"},{"@type":"ListItem","position":3,"name":"Zottelm\u00fctze aus Oeko-Cotton"}]},{"@type":"WebSite","@id":"https:\/\/hutfactory.com\/#website","url":"https:\/\/hutfactory.com\/","name":"Hut Factory","description":"H\u00fcte, Kappen &amp; M\u00fctzen in Top Swiss\/EU Qualit\u00e4t","publisher":{"@id":"https:\/\/hutfactory.com\/#organization"},"alternateName":"Hut Shop","potentialAction":[{"@type":"SearchAction","target":{"@type":"EntryPoint","urlTemplate":"https:\/\/hutfactory.com\/?s={search_term_string}"},"query-input":{"@type":"PropertyValueSpecification","valueRequired":true,"valueName":"search_term_string"}}],"inLanguage":"de"},{"@type":"Organization","@id":"https:\/\/hutfactory.com\/#organization","name":"Hut Factory","url":"https:\/\/hutfactory.com\/","logo":{"@type":"ImageObject","inLanguage":"de","@id":"https:\/\/hutfactory.com\/#\/schema\/logo\/image\/","url":"https:\/\/hutfactory.com\/wp-content\/uploads\/2026\/01\/Logo-hut-factory-1.webp","contentUrl":"https:\/\/hutfactory.com\/wp-content\/uploads\/2026\/01\/Logo-hut-factory-1.webp","width":300,"height":262,"caption":"Hut Factory"},"image":{"@id":"https:\/\/hutfactory.com\/#\/schema\/logo\/image\/"}}]}},"_links":{"self":[{"href":"https:\/\/hutfactory.com\/index.php?rest_route=\/wp\/v2\/product\/19785","targetHints":{"allow":["GET"]}}],"collection":[{"href":"https:\/\/hutfactory.com\/index.php?rest_route=\/wp\/v2\/product"}],"about":[{"href":"https:\/\/hutfactory.com\/index.php?rest_route=\/wp\/v2\/types\/product"}],"wp:featuredmedia":[{"embeddable":true,"href":"https:\/\/hutfactory.com\/index.php?rest_route=\/wp\/v2\/media\/19786"}],"wp:attachment":[{"href":"https:\/\/hutfactory.com\/index.php?rest_route=%2Fwp%2Fv2%2Fmedia&parent=19785"}],"wp:term":[{"taxonomy":"product_brand","embeddable":true,"href":"https:\/\/hutfactory.com\/index.php?rest_route=%2Fwp%2Fv2%2Fproduct_brand&post=19785"},{"taxonomy":"product_cat","embeddable":true,"href":"https:\/\/hutfactory.com\/index.php?rest_route=%2Fwp%2Fv2%2Fproduct_cat&post=19785"},{"taxonomy":"product_tag","embeddable":true,"href":"https:\/\/hutfactory.com\/index.php?rest_route=%2Fwp%2Fv2%2Fproduct_tag&post=19785"}],"curies":[{"name":"wp","href":"https:\/\/api.w.org\/{rel}","templated":true}]}}