{"id":19579,"date":"2026-03-10T12:56:37","date_gmt":"2026-03-10T12:56:37","guid":{"rendered":"https:\/\/hutfactory.com\/?product=schiebermuetze-aus-wolle-seide-leinen-2"},"modified":"2026-03-12T03:07:07","modified_gmt":"2026-03-12T03:07:07","slug":"schiebermuetze-aus-wolle-seide-leinen-2","status":"publish","type":"product","link":"https:\/\/hutfactory.com\/?product=schiebermuetze-aus-wolle-seide-leinen-2","title":{"rendered":"Schieberm\u00fctze aus Wolle\/Seide\/Leinen"},"content":{"rendered":"<p data-start=\"564\" data-end=\"998\">Diese hochwertige Schieberm\u00fctze wurde aus einer edlen Mischung von <strong data-start=\"631\" data-end=\"687\">65% Wolle (WV), 21% Seide (SILK) und 14% Leinen (LI)<\/strong> gefertigt, die f\u00fcr ein leichtes, atmungsaktives und dennoch w\u00e4rmendes Tragegef\u00fchl sorgt. Die strukturierte Oberfl\u00e4che verleiht ihr eine subtile, moderne Note, w\u00e4hrend die klassische Form f\u00fcr einen zeitlosen Look sorgt. Die sorgf\u00e4ltige Verarbeitung garantiert h\u00f6chsten Tragekomfort und eine perfekte Passform.<\/p>\n<h3 data-start=\"1000\" data-end=\"1025\"><strong data-start=\"1004\" data-end=\"1023\">Perfekt f\u00fcr\u2026  <\/strong><\/h3>\n<p data-start=\"1026\" data-end=\"1353\">  <strong data-start=\"1029\" data-end=\"1060\">Stilbewusste Herren &#038; Damen<\/strong> \u2013 Klassische Schieberm\u00fctze mit luxuri\u00f6ser Note.<br data-start=\"1108\" data-end=\"1111\" \/>  <strong data-start=\"1114\" data-end=\"1146\">\u00dcbergangszeiten &#038; milde Tage<\/strong> \u2013 Die Naturmaterialien sorgen f\u00fcr angenehmes Klima bei verschiedenen Temperaturen.<br data-start=\"1229\" data-end=\"1232\" \/>  <strong data-start=\"1235\" data-end=\"1273\">Liebhaber nachhaltiger Materialien<\/strong> \u2013 Hochwertige Wolle, Seide und Leinen f\u00fcr Tragekomfort mit Umweltbewusstsein.<\/p>\n<div class=\"hf-accordions\">\n<hr class=\"hf-accordion-separator\" \/>\n<details class=\"hf-accordion\">\n<summary><strong>\u25b6\ufe0f Gut zu wissen \u2013 mehr erfahren<\/strong><\/summary>\n<div class=\"hf-accordion-content\">\n<h3 data-start=\"1355\" data-end=\"1388\"><strong data-start=\"1359\" data-end=\"1386\">Eigenschaften &#038; Details<\/strong><\/h3>\n<ul data-start=\"1389\" data-end=\"1885\">\n<li data-start=\"1389\" data-end=\"1503\"><strong data-start=\"1391\" data-end=\"1404\">Material:<\/strong> 65% Wolle (WV) \/ 21% Seide (SILK) \/ 14% Leinen (LI) \u2013 edel, atmungsaktiv &#038; temperaturregulierend<\/li>\n<li data-start=\"1504\" data-end=\"1664\"><strong data-start=\"1506\" data-end=\"1517\">Farben:<\/strong>\n<ul data-start=\"1523\" data-end=\"1664\">\n<li data-start=\"1523\" data-end=\"1564\"><strong data-start=\"1525\" data-end=\"1535\">Petrol<\/strong> \u2013 Modern &#038; dezent zugleich<\/li>\n<li data-start=\"1568\" data-end=\"1622\"><strong data-start=\"1570\" data-end=\"1582\">Navyblau<\/strong> \u2013 Klassisch &#038; vielseitig kombinierbar<\/li>\n<li data-start=\"1626\" data-end=\"1664\"><strong data-start=\"1628\" data-end=\"1639\">Pflaume<\/strong> \u2013 Elegant &#038; raffiniert<\/li>\n<\/ul>\n<\/li>\n<li data-start=\"1665\" data-end=\"1731\"><strong data-start=\"1667\" data-end=\"1678\">Gr\u00f6\u00dfen:<\/strong> 56-62 \u2013 optimaler Sitz f\u00fcr verschiedene Kopfformen<\/li>\n<li data-start=\"1732\" data-end=\"1807\"><strong data-start=\"1734\" data-end=\"1746\">Schnitt:<\/strong> Zeitlose Schieberm\u00fctzenform mit flachem, stilvollem Design<\/li>\n<li data-start=\"1808\" data-end=\"1885\"><strong data-start=\"1810\" data-end=\"1827\">Tragekomfort:<\/strong> Leicht &#038; angenehm zu tragen dank edler Materialmischung<\/li>\n<\/ul>\n<h3 data-start=\"1887\" data-end=\"1918\"><strong data-start=\"1891\" data-end=\"1916\">Design &#038; Verarbeitung<\/strong><\/h3>\n<p data-start=\"1919\" data-end=\"2259\">Diese Schieberm\u00fctze besticht durch ihre feine Struktur und das leicht melierte Finish, das ihr eine moderne Tiefe verleiht. Die harmonische Form sorgt f\u00fcr eine klassische, elegante Silhouette, w\u00e4hrend die hochwertigen Materialien f\u00fcr ein luxuri\u00f6ses Tragegef\u00fchl sorgen. Ein Accessoire, das sowohl zu smarten als auch legeren Outfits passt.<\/p>\n<h3 data-start=\"2261\" data-end=\"2295\"><strong data-start=\"2265\" data-end=\"2293\">Handgefertigt in Italien<\/strong><\/h3>\n<p data-start=\"2296\" data-end=\"2564\">Entworfen in der renommierten Schweizer Hutmanufaktur Risa, wird diese M\u00fctze mit h\u00f6chster Pr\u00e4zision in einer italienischen Manufaktur gefertigt. Durch die limitierte Auflage entsteht ein exklusives Accessoire, das h\u00f6chste Handwerkskunst und edle Materialien vereint.<\/p>\n<h3 data-start=\"2566\" data-end=\"2601\"><strong data-start=\"2570\" data-end=\"2599\">Nachhaltigkeit &#038; Qualit\u00e4t<\/strong><\/h3>\n<p data-start=\"2602\" data-end=\"2847\">  <strong data-start=\"2605\" data-end=\"2632\">Hochwertige Naturfasern<\/strong> \u2013 Wolle, Seide &#038; Leinen sind nachhaltig und hautfreundlich.<br data-start=\"2692\" data-end=\"2695\" \/>  <strong data-start=\"2698\" data-end=\"2726\">Traditionelle Handarbeit<\/strong> \u2013 Liebe zum Detail in jeder Naht.<br data-start=\"2760\" data-end=\"2763\" \/>  <strong data-start=\"2766\" data-end=\"2790\">Langlebig &#038; stilvoll<\/strong> \u2013 Edle Materialien garantieren eine lange Lebensdauer.<\/p>\n<h3 data-start=\"2849\" data-end=\"2880\"><strong data-start=\"2853\" data-end=\"2878\">Herstellung &#038; Versand<\/strong><\/h3>\n<p data-start=\"2881\" data-end=\"3125\">  <strong data-start=\"2884\" data-end=\"2899\">Produktion:<\/strong> In kleiner St\u00fcckzahl in Italien gefertigt<br data-start=\"2941\" data-end=\"2944\" \/>  <strong data-start=\"2947\" data-end=\"2959\">Versand:<\/strong> Innerhalb weniger Tage ab Lager Schweiz<br data-start=\"2999\" data-end=\"3002\" \/>\u23f3 <strong data-start=\"3004\" data-end=\"3022\">Verf\u00fcgbarkeit:<\/strong> Abverkauf des Rohmaterials vorbehalten<br data-start=\"3061\" data-end=\"3064\" \/>  <strong data-start=\"3067\" data-end=\"3080\">Umtausch:<\/strong> Nur bei Material- oder Herstellungsfehlern<\/p>\n<\/div>\n<\/details>\n<details class=\"hf-accordion\">\n<summary><strong>\u25b6\ufe0f FAQ \u2013 H\u00e4ufige Fragen<\/strong><\/summary>\n<div class=\"hf-accordion-content\">\n<h3 data-start=\"3127\" data-end=\"3166\"><strong data-start=\"3131\" data-end=\"3164\">FAQ \u2013 H\u00e4ufig gestellte Fragen<\/strong><\/h3>\n<p data-start=\"3167\" data-end=\"3301\">  <strong data-start=\"3170\" data-end=\"3202\">Wie f\u00fchlt sich die M\u00fctze an?<\/strong><br data-start=\"3202\" data-end=\"3205\" \/>Dank der Mischung aus Wolle, Seide und Leinen ist sie weich, leicht und angenehm auf der Haut.<\/p>\n<p data-start=\"3303\" data-end=\"3436\">  <strong data-start=\"3306\" data-end=\"3348\">Ist die M\u00fctze f\u00fcr warme Tage geeignet?<\/strong><br data-start=\"3348\" data-end=\"3351\" \/>Ja, die Naturfasern sind temperaturregulierend und sorgen f\u00fcr ein angenehmes Klima.<\/p>\n<p data-start=\"3438\" data-end=\"3560\">  <strong data-start=\"3441\" data-end=\"3472\">Kann ich die M\u00fctze waschen?<\/strong><br data-start=\"3472\" data-end=\"3475\" \/>Wir empfehlen eine chemische Reinigung oder sanftes B\u00fcrsten mit einem weichen Tuch.<\/p>\n<p data-start=\"3562\" data-end=\"3701\">  <strong data-start=\"3565\" data-end=\"3606\">Passt die M\u00fctze zu formellen Outfits?<\/strong><br data-start=\"3606\" data-end=\"3609\" \/>Definitiv! Die edlen Farben und die schlichte Eleganz machen sie ideal f\u00fcr gehobene Looks.<\/p>\n<p data-start=\"3703\" data-end=\"3813\">  <strong data-start=\"3706\" data-end=\"3740\">Kann ich die M\u00fctze umtauschen?<\/strong><br data-start=\"3740\" data-end=\"3743\" \/>Ein Umtausch ist nur bei Material- oder Herstellungsfehlern m\u00f6glich.<\/p>\n<\/div>\n<\/details>\n<\/div>\n","protected":false},"excerpt":{"rendered":"<h3 data-start=\"0\" data-end=\"85\"><strong data-start=\"4\" data-end=\"83\">Stilvolle Raffinesse f\u00fcr jede Gelegenheit<\/strong><\/h3>\n<p data-start=\"134\" data-end=\"519\">Diese exklusive Schieberm\u00fctze vereint edle Naturfasern mit zeitlosem Design. Die raffinierte Materialmischung aus Wolle, Seide und Leinen sorgt f\u00fcr eine angenehme Haptik, hervorragende Atmungsaktivit\u00e4t und eine edle Optik. Ob in Petrol, Navyblau oder Pflaume \u2013 jede Farbvariante bringt eine elegante Tiefe mit sich und macht diese M\u00fctze zum stilvollen Accessoire f\u00fcr jede Jahreszeit.<\/p>\n","protected":false},"featured_media":19580,"template":"","meta":{"_acf_changed":false,"rs_blank_template":"","rs_page_bg_color":"","slide_template_v7":""},"product_brand":[250],"product_cat":[692,445],"product_tag":[],"class_list":{"0":"post-19579","1":"product","2":"type-product","3":"status-publish","4":"has-post-thumbnail","6":"product_brand-risa-hutwerkstatt-schweiz","7":"product_cat-schiebermuetzen-sommermuetzen","8":"product_cat-sommermuetzen","9":"product_shipping_class-mittlere-pakete","10":"pa_color-navy","11":"pa_color-petrol","12":"pa_color-pflaume","13":"pa_groesse-196","14":"pa_groesse-207","15":"pa_groesse-197","16":"pa_groesse-208","17":"pa_groesse-198","18":"pa_groesse-209","19":"pa_groesse-199","20":"pa_groesse-210","21":"yith_product_brand-risa-hutwerkstatt-schweiz","24":"instock","25":"taxable","26":"shipping-taxable","27":"purchasable","28":"product-type-variable","29":"wvs-archive-product-wrapper","30":"add-to-wishlist-after_add_to_cart"},"acf":[],"yoast_head":"<!-- This site is optimized with the Yoast SEO Premium plugin v27.3 (Yoast SEO v27.3) - https:\/\/yoast.com\/product\/yoast-seo-premium-wordpress\/ -->\n<title>Schieberm\u00fctze aus Wolle, Leinen &amp; Seide \u2013 Exklusive Eleganz<\/title>\n<meta name=\"description\" content=\"Luxuri\u00f6se Schieberm\u00fctze aus Wolle, Seide &amp; Leinen \u2013 atmungsaktiv, leicht &amp; stilvoll. Jetzt online bei Hut Factory bestellen!\" \/>\n<meta name=\"robots\" content=\"index, follow, max-snippet:-1, max-image-preview:large, max-video-preview:-1\" \/>\n<link rel=\"canonical\" href=\"https:\/\/hutfactory.com\/?product=schiebermuetze-aus-wolle-seide-leinen-2\" \/>\n<meta property=\"og:locale\" content=\"de_DE\" \/>\n<meta property=\"og:type\" content=\"article\" \/>\n<meta property=\"og:title\" content=\"Schieberm\u00fctze aus Wolle\/Seide\/Leinen\" \/>\n<meta property=\"og:description\" content=\"Luxuri\u00f6se Schieberm\u00fctze aus Wolle, Seide &amp; Leinen \u2013 atmungsaktiv, leicht &amp; stilvoll. Jetzt online bei Hut Factory bestellen!\" \/>\n<meta property=\"og:url\" content=\"https:\/\/hutfactory.com\/?product=schiebermuetze-aus-wolle-seide-leinen-2\" \/>\n<meta property=\"og:site_name\" content=\"Hut Factory\" \/>\n<meta property=\"article:modified_time\" content=\"2026-03-12T03:07:07+00:00\" \/>\n<meta property=\"og:image\" content=\"https:\/\/hutfactory.com\/wp-content\/uploads\/2026\/03\/65444.alle_-1.webp\" \/>\n\t<meta property=\"og:image:width\" content=\"750\" \/>\n\t<meta property=\"og:image:height\" content=\"750\" \/>\n\t<meta property=\"og:image:type\" content=\"image\/webp\" \/>\n<meta name=\"twitter:card\" content=\"summary_large_image\" \/>\n<meta name=\"twitter:label1\" content=\"Gesch\u00e4tzte Lesezeit\" \/>\n\t<meta name=\"twitter:data1\" content=\"2\u00a0Minuten\" \/>\n<script type=\"application\/ld+json\" class=\"yoast-schema-graph\">{\"@context\":\"https:\\\/\\\/schema.org\",\"@graph\":[{\"@type\":\"WebPage\",\"@id\":\"https:\\\/\\\/hutfactory.com\\\/?product=schiebermuetze-aus-wolle-seide-leinen-2\",\"url\":\"https:\\\/\\\/hutfactory.com\\\/?product=schiebermuetze-aus-wolle-seide-leinen-2\",\"name\":\"Schieberm\u00fctze aus Wolle, Leinen & Seide \u2013 Exklusive Eleganz\",\"isPartOf\":{\"@id\":\"https:\\\/\\\/hutfactory.com\\\/#website\"},\"primaryImageOfPage\":{\"@id\":\"https:\\\/\\\/hutfactory.com\\\/?product=schiebermuetze-aus-wolle-seide-leinen-2#primaryimage\"},\"image\":{\"@id\":\"https:\\\/\\\/hutfactory.com\\\/?product=schiebermuetze-aus-wolle-seide-leinen-2#primaryimage\"},\"thumbnailUrl\":\"https:\\\/\\\/hutfactory.com\\\/wp-content\\\/uploads\\\/2026\\\/03\\\/65444.alle_-1.webp\",\"datePublished\":\"2026-03-10T12:56:37+00:00\",\"dateModified\":\"2026-03-12T03:07:07+00:00\",\"description\":\"Luxuri\u00f6se Schieberm\u00fctze aus Wolle, Seide & Leinen \u2013 atmungsaktiv, leicht & stilvoll. Jetzt online bei Hut Factory bestellen!\",\"breadcrumb\":{\"@id\":\"https:\\\/\\\/hutfactory.com\\\/?product=schiebermuetze-aus-wolle-seide-leinen-2#breadcrumb\"},\"inLanguage\":\"de\",\"potentialAction\":[{\"@type\":\"ReadAction\",\"target\":[\"https:\\\/\\\/hutfactory.com\\\/?product=schiebermuetze-aus-wolle-seide-leinen-2\"]}]},{\"@type\":\"ImageObject\",\"inLanguage\":\"de\",\"@id\":\"https:\\\/\\\/hutfactory.com\\\/?product=schiebermuetze-aus-wolle-seide-leinen-2#primaryimage\",\"url\":\"https:\\\/\\\/hutfactory.com\\\/wp-content\\\/uploads\\\/2026\\\/03\\\/65444.alle_-1.webp\",\"contentUrl\":\"https:\\\/\\\/hutfactory.com\\\/wp-content\\\/uploads\\\/2026\\\/03\\\/65444.alle_-1.webp\",\"width\":750,\"height\":750,\"caption\":\"Schieberm\u00fctze Wolle\\\/Seide\\\/Leinen|Schieberm\u00fctze Wolle\\\/Seide\\\/Leinen in der Farbe Pflaume|Schieberm\u00fctze Wolle\\\/Seide\\\/Leinen in Navyblau|Schieberm\u00fctze Wolle\\\/Seide\\\/Leinen in der Farbe Petrol||||\"},{\"@type\":\"BreadcrumbList\",\"@id\":\"https:\\\/\\\/hutfactory.com\\\/?product=schiebermuetze-aus-wolle-seide-leinen-2#breadcrumb\",\"itemListElement\":[{\"@type\":\"ListItem\",\"position\":1,\"name\":\"Start\",\"item\":\"https:\\\/\\\/hutfactory.com\\\/\"},{\"@type\":\"ListItem\",\"position\":2,\"name\":\"Shop\",\"item\":\"https:\\\/\\\/hutfactory.com\\\/?page_id=10\"},{\"@type\":\"ListItem\",\"position\":3,\"name\":\"Schieberm\u00fctze aus Wolle\\\/Seide\\\/Leinen\"}]},{\"@type\":\"WebSite\",\"@id\":\"https:\\\/\\\/hutfactory.com\\\/#website\",\"url\":\"https:\\\/\\\/hutfactory.com\\\/\",\"name\":\"Hut Factory\",\"description\":\"H\u00fcte, Kappen &amp; M\u00fctzen in Top Swiss\\\/EU Qualit\u00e4t\",\"publisher\":{\"@id\":\"https:\\\/\\\/hutfactory.com\\\/#organization\"},\"alternateName\":\"Hut Shop\",\"potentialAction\":[{\"@type\":\"SearchAction\",\"target\":{\"@type\":\"EntryPoint\",\"urlTemplate\":\"https:\\\/\\\/hutfactory.com\\\/?s={search_term_string}\"},\"query-input\":{\"@type\":\"PropertyValueSpecification\",\"valueRequired\":true,\"valueName\":\"search_term_string\"}}],\"inLanguage\":\"de\"},{\"@type\":\"Organization\",\"@id\":\"https:\\\/\\\/hutfactory.com\\\/#organization\",\"name\":\"Hut Factory\",\"url\":\"https:\\\/\\\/hutfactory.com\\\/\",\"logo\":{\"@type\":\"ImageObject\",\"inLanguage\":\"de\",\"@id\":\"https:\\\/\\\/hutfactory.com\\\/#\\\/schema\\\/logo\\\/image\\\/\",\"url\":\"https:\\\/\\\/hutfactory.com\\\/wp-content\\\/uploads\\\/2026\\\/01\\\/Logo-hut-factory-1.webp\",\"contentUrl\":\"https:\\\/\\\/hutfactory.com\\\/wp-content\\\/uploads\\\/2026\\\/01\\\/Logo-hut-factory-1.webp\",\"width\":300,\"height\":262,\"caption\":\"Hut Factory\"},\"image\":{\"@id\":\"https:\\\/\\\/hutfactory.com\\\/#\\\/schema\\\/logo\\\/image\\\/\"}}]}<\/script>\n<!-- \/ Yoast SEO Premium plugin. -->","yoast_head_json":{"title":"Schieberm\u00fctze aus Wolle, Leinen & Seide \u2013 Exklusive Eleganz","description":"Luxuri\u00f6se Schieberm\u00fctze aus Wolle, Seide & Leinen \u2013 atmungsaktiv, leicht & stilvoll. Jetzt online bei Hut Factory bestellen!","robots":{"index":"index","follow":"follow","max-snippet":"max-snippet:-1","max-image-preview":"max-image-preview:large","max-video-preview":"max-video-preview:-1"},"canonical":"https:\/\/hutfactory.com\/?product=schiebermuetze-aus-wolle-seide-leinen-2","og_locale":"de_DE","og_type":"article","og_title":"Schieberm\u00fctze aus Wolle\/Seide\/Leinen","og_description":"Luxuri\u00f6se Schieberm\u00fctze aus Wolle, Seide & Leinen \u2013 atmungsaktiv, leicht & stilvoll. Jetzt online bei Hut Factory bestellen!","og_url":"https:\/\/hutfactory.com\/?product=schiebermuetze-aus-wolle-seide-leinen-2","og_site_name":"Hut Factory","article_modified_time":"2026-03-12T03:07:07+00:00","og_image":[{"width":750,"height":750,"url":"https:\/\/hutfactory.com\/wp-content\/uploads\/2026\/03\/65444.alle_-1.webp","type":"image\/webp"}],"twitter_card":"summary_large_image","twitter_misc":{"Gesch\u00e4tzte Lesezeit":"2\u00a0Minuten"},"schema":{"@context":"https:\/\/schema.org","@graph":[{"@type":"WebPage","@id":"https:\/\/hutfactory.com\/?product=schiebermuetze-aus-wolle-seide-leinen-2","url":"https:\/\/hutfactory.com\/?product=schiebermuetze-aus-wolle-seide-leinen-2","name":"Schieberm\u00fctze aus Wolle, Leinen & Seide \u2013 Exklusive Eleganz","isPartOf":{"@id":"https:\/\/hutfactory.com\/#website"},"primaryImageOfPage":{"@id":"https:\/\/hutfactory.com\/?product=schiebermuetze-aus-wolle-seide-leinen-2#primaryimage"},"image":{"@id":"https:\/\/hutfactory.com\/?product=schiebermuetze-aus-wolle-seide-leinen-2#primaryimage"},"thumbnailUrl":"https:\/\/hutfactory.com\/wp-content\/uploads\/2026\/03\/65444.alle_-1.webp","datePublished":"2026-03-10T12:56:37+00:00","dateModified":"2026-03-12T03:07:07+00:00","description":"Luxuri\u00f6se Schieberm\u00fctze aus Wolle, Seide & Leinen \u2013 atmungsaktiv, leicht & stilvoll. Jetzt online bei Hut Factory bestellen!","breadcrumb":{"@id":"https:\/\/hutfactory.com\/?product=schiebermuetze-aus-wolle-seide-leinen-2#breadcrumb"},"inLanguage":"de","potentialAction":[{"@type":"ReadAction","target":["https:\/\/hutfactory.com\/?product=schiebermuetze-aus-wolle-seide-leinen-2"]}]},{"@type":"ImageObject","inLanguage":"de","@id":"https:\/\/hutfactory.com\/?product=schiebermuetze-aus-wolle-seide-leinen-2#primaryimage","url":"https:\/\/hutfactory.com\/wp-content\/uploads\/2026\/03\/65444.alle_-1.webp","contentUrl":"https:\/\/hutfactory.com\/wp-content\/uploads\/2026\/03\/65444.alle_-1.webp","width":750,"height":750,"caption":"Schieberm\u00fctze Wolle\/Seide\/Leinen|Schieberm\u00fctze Wolle\/Seide\/Leinen in der Farbe Pflaume|Schieberm\u00fctze Wolle\/Seide\/Leinen in Navyblau|Schieberm\u00fctze Wolle\/Seide\/Leinen in der Farbe Petrol||||"},{"@type":"BreadcrumbList","@id":"https:\/\/hutfactory.com\/?product=schiebermuetze-aus-wolle-seide-leinen-2#breadcrumb","itemListElement":[{"@type":"ListItem","position":1,"name":"Start","item":"https:\/\/hutfactory.com\/"},{"@type":"ListItem","position":2,"name":"Shop","item":"https:\/\/hutfactory.com\/?page_id=10"},{"@type":"ListItem","position":3,"name":"Schieberm\u00fctze aus Wolle\/Seide\/Leinen"}]},{"@type":"WebSite","@id":"https:\/\/hutfactory.com\/#website","url":"https:\/\/hutfactory.com\/","name":"Hut Factory","description":"H\u00fcte, Kappen &amp; M\u00fctzen in Top Swiss\/EU Qualit\u00e4t","publisher":{"@id":"https:\/\/hutfactory.com\/#organization"},"alternateName":"Hut Shop","potentialAction":[{"@type":"SearchAction","target":{"@type":"EntryPoint","urlTemplate":"https:\/\/hutfactory.com\/?s={search_term_string}"},"query-input":{"@type":"PropertyValueSpecification","valueRequired":true,"valueName":"search_term_string"}}],"inLanguage":"de"},{"@type":"Organization","@id":"https:\/\/hutfactory.com\/#organization","name":"Hut Factory","url":"https:\/\/hutfactory.com\/","logo":{"@type":"ImageObject","inLanguage":"de","@id":"https:\/\/hutfactory.com\/#\/schema\/logo\/image\/","url":"https:\/\/hutfactory.com\/wp-content\/uploads\/2026\/01\/Logo-hut-factory-1.webp","contentUrl":"https:\/\/hutfactory.com\/wp-content\/uploads\/2026\/01\/Logo-hut-factory-1.webp","width":300,"height":262,"caption":"Hut Factory"},"image":{"@id":"https:\/\/hutfactory.com\/#\/schema\/logo\/image\/"}}]}},"_links":{"self":[{"href":"https:\/\/hutfactory.com\/index.php?rest_route=\/wp\/v2\/product\/19579","targetHints":{"allow":["GET"]}}],"collection":[{"href":"https:\/\/hutfactory.com\/index.php?rest_route=\/wp\/v2\/product"}],"about":[{"href":"https:\/\/hutfactory.com\/index.php?rest_route=\/wp\/v2\/types\/product"}],"wp:featuredmedia":[{"embeddable":true,"href":"https:\/\/hutfactory.com\/index.php?rest_route=\/wp\/v2\/media\/19580"}],"wp:attachment":[{"href":"https:\/\/hutfactory.com\/index.php?rest_route=%2Fwp%2Fv2%2Fmedia&parent=19579"}],"wp:term":[{"taxonomy":"product_brand","embeddable":true,"href":"https:\/\/hutfactory.com\/index.php?rest_route=%2Fwp%2Fv2%2Fproduct_brand&post=19579"},{"taxonomy":"product_cat","embeddable":true,"href":"https:\/\/hutfactory.com\/index.php?rest_route=%2Fwp%2Fv2%2Fproduct_cat&post=19579"},{"taxonomy":"product_tag","embeddable":true,"href":"https:\/\/hutfactory.com\/index.php?rest_route=%2Fwp%2Fv2%2Fproduct_tag&post=19579"}],"curies":[{"name":"wp","href":"https:\/\/api.w.org\/{rel}","templated":true}]}}