{"id":19470,"date":"2026-03-10T12:54:51","date_gmt":"2026-03-10T12:54:51","guid":{"rendered":"https:\/\/hutfactory.com\/?product=schiebermuetze-mit-seidenakzent"},"modified":"2026-03-12T04:07:58","modified_gmt":"2026-03-12T04:07:58","slug":"schiebermuetze-mit-seidenakzent","status":"publish","type":"product","link":"https:\/\/hutfactory.com\/?product=schiebermuetze-mit-seidenakzent","title":{"rendered":"Schieberm\u00fctze mit Seidenakzent"},"content":{"rendered":"<h3 data-start=\"0\" data-end=\"71\"><strong data-start=\"4\" data-end=\"69\">Eleganz mit feiner Struktur<\/strong><\/h3>\n<p data-start=\"127\" data-end=\"522\">Diese <strong data-start=\"133\" data-end=\"176\">Schieberm\u00fctze aus edler Seide und Wolle<\/strong> vereint <strong data-start=\"185\" data-end=\"233\">klassisches Design mit einer modernen Textur<\/strong>. Die feinen <strong data-start=\"246\" data-end=\"267\">schmalen Streifen<\/strong> verleihen der M\u00fctze einen raffinierten Look, der sich perfekt f\u00fcr urbane Styles sowie elegante Outfits eignet. Dank der Kombination aus Seide und Wolle ist sie nicht nur angenehm leicht, sondern auch temperaturregulierend \u2013 perfekt f\u00fcr jede Jahreszeit.<\/p>\n<h3 data-start=\"524\" data-end=\"549\"><strong data-start=\"528\" data-end=\"547\">Perfekt f\u00fcr\u2026  <\/strong><\/h3>\n<p data-start=\"550\" data-end=\"794\">  <strong data-start=\"553\" data-end=\"576\">Stilbewusste Herren<\/strong> \u2013 Eine elegante Wahl f\u00fcr Business &#038; Freizeit.<br data-start=\"622\" data-end=\"625\" \/>  <strong data-start=\"628\" data-end=\"655\">Ganzj\u00e4hrige Tragbarkeit<\/strong> \u2013 K\u00fchlend im Sommer, w\u00e4rmend in k\u00fchlen Monaten.<br data-start=\"703\" data-end=\"706\" \/>  <strong data-start=\"709\" data-end=\"748\">Liebhaber exklusiver Handwerkskunst<\/strong> \u2013 In Europa in kleiner St\u00fcckzahl gefertigt.<\/p>\n<div class=\"hf-accordions\">\n<hr class=\"hf-accordion-separator\" \/>\n<details class=\"hf-accordion\">\n<summary><strong>\u25b6\ufe0f Gut zu wissen \u2013 mehr erfahren<\/strong><\/summary>\n<div class=\"hf-accordion-content\">\n<h3 data-start=\"796\" data-end=\"829\"><strong data-start=\"800\" data-end=\"827\">Eigenschaften &#038; Details<\/strong><\/h3>\n<p data-start=\"830\" data-end=\"1222\">\u2714 <strong data-start=\"832\" data-end=\"845\">Material:<\/strong> 48% Wolle (WV), 40% Seide (SE), 12% Polyester (PL) \u2013 Hochwertig, atmungsaktiv &#038; temperaturausgleichend<br data-start=\"948\" data-end=\"951\" \/>\u2714 <strong data-start=\"953\" data-end=\"963\">Farbe:<\/strong> Marineblau \u2013 Klassisch &#038; vielseitig kombinierbar<br data-start=\"1012\" data-end=\"1015\" \/>\u2714 <strong data-start=\"1017\" data-end=\"1028\">Muster:<\/strong> Schmale Streifen \u2013 Edler Look mit Struktur<br data-start=\"1071\" data-end=\"1074\" \/>\u2714 <strong data-start=\"1076\" data-end=\"1087\">Gr\u00f6\u00dfen:<\/strong> 55-61<br data-start=\"1093\" data-end=\"1096\" \/>\u2714 <strong data-start=\"1098\" data-end=\"1111\">Passform:<\/strong> Perfekte Flat Cap mit markanter Silhouette<br data-start=\"1154\" data-end=\"1157\" \/>\u2714 <strong data-start=\"1159\" data-end=\"1170\">Extras:<\/strong> Leichtes Tragegef\u00fchl durch feine Materialmischung<\/p>\n<h3 data-start=\"1224\" data-end=\"1255\"><strong data-start=\"1228\" data-end=\"1253\">Design &#038; Verarbeitung<\/strong><\/h3>\n<p data-start=\"1256\" data-end=\"1497\">Das schmale Streifenmuster in feiner Webart verleiht dieser M\u00fctze eine dezente Struktur, die sich ideal in gehobene Herrengarderoben einf\u00fcgt. Die klassische Schieberm\u00fctzenform mit elegant geschwungener Kappe sorgt f\u00fcr eine stilvolle Optik.<\/p>\n<h3 data-start=\"1499\" data-end=\"1557\"><strong data-start=\"1503\" data-end=\"1555\">Handgefertigt in Europa \u2013 Designt in der Schweiz<\/strong><\/h3>\n<p data-start=\"1558\" data-end=\"1708\">Diese M\u00fctze wird von der <strong data-start=\"1583\" data-end=\"1615\">Schweizer Hutmanufaktur Risa<\/strong> entworfen und mit gro\u00dfer Sorgfalt in einer renommierten europ\u00e4ischen Manufaktur gefertigt.<\/p>\n<h3 data-start=\"1710\" data-end=\"1745\"><strong data-start=\"1714\" data-end=\"1743\">Nachhaltigkeit &#038; Qualit\u00e4t<\/strong><\/h3>\n<p data-start=\"1746\" data-end=\"2026\">\u2714 <strong data-start=\"1748\" data-end=\"1781\">Hochwertige Naturmaterialien:<\/strong> Seide und Wolle bieten eine nachhaltige Alternative zu synthetischen Stoffen.<br data-start=\"1859\" data-end=\"1862\" \/>\u2714 <strong data-start=\"1864\" data-end=\"1897\">Traditionelle Handwerkskunst:<\/strong> In kleiner Auflage hergestellt f\u00fcr exklusive Qualit\u00e4t.<br data-start=\"1952\" data-end=\"1955\" \/>\u2714 <strong data-start=\"1957\" data-end=\"1975\">Langlebigkeit:<\/strong> Robuste Verarbeitung f\u00fcr eine lange Lebensdauer.<\/p>\n<h3 data-start=\"2028\" data-end=\"2059\"><strong data-start=\"2032\" data-end=\"2057\">Herstellung &#038; Versand<\/strong><\/h3>\n<p data-start=\"2060\" data-end=\"2285\">  <strong data-start=\"2063\" data-end=\"2077\">Fertigung:<\/strong> Handgefertigt in Europa<br data-start=\"2101\" data-end=\"2104\" \/>  <strong data-start=\"2107\" data-end=\"2119\">Versand:<\/strong> Innerhalb weniger Tage ab Lager Schweiz<br data-start=\"2159\" data-end=\"2162\" \/>  <strong data-start=\"2165\" data-end=\"2178\">Umtausch:<\/strong> Nur bei Material- oder Herstellungsfehlern<br data-start=\"2221\" data-end=\"2224\" \/>\u26a0 <strong data-start=\"2226\" data-end=\"2244\">Verf\u00fcgbarkeit:<\/strong> Abverkauf des Rohmaterials vorbehalten<\/p>\n<\/div>\n<\/details>\n<details class=\"hf-accordion\">\n<summary><strong>\u25b6\ufe0f FAQ \u2013 H\u00e4ufige Fragen<\/strong><\/summary>\n<div class=\"hf-accordion-content\">\n<h3 data-start=\"2287\" data-end=\"2326\"><strong data-start=\"2291\" data-end=\"2324\">FAQ \u2013 H\u00e4ufig gestellte Fragen<\/strong><\/h3>\n<p data-start=\"2327\" data-end=\"2464\">\u2753 <strong data-start=\"2329\" data-end=\"2379\">Ist die M\u00fctze f\u00fcr warme Temperaturen geeignet?<\/strong><br data-start=\"2379\" data-end=\"2382\" \/>\u2714\ufe0f Ja, dank des hohen Seidenanteils bleibt sie angenehm leicht und atmungsaktiv.<\/p>\n<p data-start=\"2466\" data-end=\"2597\">\u2753 <strong data-start=\"2468\" data-end=\"2519\">Wie kombiniere ich die Schieberm\u00fctze am besten?<\/strong><br data-start=\"2519\" data-end=\"2522\" \/>\u2714\ufe0f Perfekt zu smart-casual Outfits, Blazern oder auch Jeans &#038; Lederjacke.<\/p>\n<p data-start=\"2599\" data-end=\"2705\">\u2753 <strong data-start=\"2601\" data-end=\"2630\">Wie pflege ich die M\u00fctze?<\/strong><br data-start=\"2630\" data-end=\"2633\" \/>\u2714\ufe0f Chemische Reinigung wird empfohlen, um die edle Textur zu erhalten.<\/p>\n<\/div>\n<\/details>\n<\/div>\n","protected":false},"excerpt":{"rendered":"<h3>Ein Hauch von Luxus f\u00fcr stilbewusste K\u00f6pfe<\/h3>\n<p>Erleben Sie den Zauber handwerklicher Pr\u00e4zision mit unserer Schieberm\u00fctze. Diese edle Kopfbedeckung vereint Wolle mit Seide zu einem Kunstwerk der Eleganz. In tiefem Marineblau, durchzogen von einem dezenten, dunklen Balkenmuster, verspricht diese M\u00fctze, Ihr treuer Begleiter f\u00fcr jede Gelegenheit zu werden.<\/p>\n","protected":false},"featured_media":19471,"template":"","meta":{"_acf_changed":false,"rs_blank_template":"","rs_page_bg_color":"","slide_template_v7":""},"product_brand":[250],"product_cat":[692,445],"product_tag":[],"class_list":{"0":"post-19470","1":"product","2":"type-product","3":"status-publish","4":"has-post-thumbnail","6":"product_brand-risa-hutwerkstatt-schweiz","7":"product_cat-schiebermuetzen-sommermuetzen","8":"product_cat-sommermuetzen","9":"product_shipping_class-mittlere-pakete","10":"pa_color-marine","11":"pa_groesse-196","12":"pa_groesse-207","13":"pa_groesse-197","14":"pa_groesse-208","15":"pa_groesse-198","16":"pa_groesse-209","17":"pa_groesse-199","18":"yith_product_brand-risa-hutwerkstatt-schweiz","21":"instock","22":"taxable","23":"shipping-taxable","24":"purchasable","25":"product-type-variable","26":"wvs-archive-product-wrapper","27":"add-to-wishlist-after_add_to_cart"},"acf":[],"yoast_head":"<!-- This site is optimized with the Yoast SEO Premium plugin v27.3 (Yoast SEO v27.3) - https:\/\/yoast.com\/product\/yoast-seo-premium-wordpress\/ -->\n<title>Schieberm\u00fctze Seide &amp; Wolle \u2013 Klassischer Stil mit feinen Streifen<\/title>\n<meta name=\"description\" content=\"Entdecken Sie die Eleganz unserer Schieberm\u00fctze &#039;Nautic&#039; in Marine mit Seidenakzent. Handgefertigte Perfektion f\u00fcr den modernen Gentleman.\" \/>\n<meta name=\"robots\" content=\"index, follow, max-snippet:-1, max-image-preview:large, max-video-preview:-1\" \/>\n<link rel=\"canonical\" href=\"https:\/\/hutfactory.com\/?product=schiebermuetze-mit-seidenakzent\" \/>\n<meta property=\"og:locale\" content=\"de_DE\" \/>\n<meta property=\"og:type\" content=\"article\" \/>\n<meta property=\"og:title\" content=\"Schieberm\u00fctze mit Seidenakzent\" \/>\n<meta property=\"og:description\" content=\"Entdecken Sie die Eleganz unserer Schieberm\u00fctze &#039;Nautic&#039; in Marine mit Seidenakzent. Handgefertigte Perfektion f\u00fcr den modernen Gentleman.\" \/>\n<meta property=\"og:url\" content=\"https:\/\/hutfactory.com\/?product=schiebermuetze-mit-seidenakzent\" \/>\n<meta property=\"og:site_name\" content=\"Hut Factory\" \/>\n<meta property=\"article:modified_time\" content=\"2026-03-12T04:07:58+00:00\" \/>\n<meta property=\"og:image\" content=\"https:\/\/hutfactory.com\/wp-content\/uploads\/2026\/03\/65453-scaled-e1668518418746.webp\" \/>\n\t<meta property=\"og:image:width\" content=\"750\" \/>\n\t<meta property=\"og:image:height\" content=\"750\" \/>\n\t<meta property=\"og:image:type\" content=\"image\/webp\" \/>\n<meta name=\"twitter:card\" content=\"summary_large_image\" \/>\n<meta name=\"twitter:label1\" content=\"Gesch\u00e4tzte Lesezeit\" \/>\n\t<meta name=\"twitter:data1\" content=\"2\u00a0Minuten\" \/>\n<script type=\"application\/ld+json\" class=\"yoast-schema-graph\">{\"@context\":\"https:\\\/\\\/schema.org\",\"@graph\":[{\"@type\":\"WebPage\",\"@id\":\"https:\\\/\\\/hutfactory.com\\\/?product=schiebermuetze-mit-seidenakzent\",\"url\":\"https:\\\/\\\/hutfactory.com\\\/?product=schiebermuetze-mit-seidenakzent\",\"name\":\"Schieberm\u00fctze Seide & Wolle \u2013 Klassischer Stil mit feinen Streifen\",\"isPartOf\":{\"@id\":\"https:\\\/\\\/hutfactory.com\\\/#website\"},\"primaryImageOfPage\":{\"@id\":\"https:\\\/\\\/hutfactory.com\\\/?product=schiebermuetze-mit-seidenakzent#primaryimage\"},\"image\":{\"@id\":\"https:\\\/\\\/hutfactory.com\\\/?product=schiebermuetze-mit-seidenakzent#primaryimage\"},\"thumbnailUrl\":\"https:\\\/\\\/hutfactory.com\\\/wp-content\\\/uploads\\\/2026\\\/03\\\/65453-scaled-e1668518418746.webp\",\"datePublished\":\"2026-03-10T12:54:51+00:00\",\"dateModified\":\"2026-03-12T04:07:58+00:00\",\"description\":\"Entdecken Sie die Eleganz unserer Schieberm\u00fctze 'Nautic' in Marine mit Seidenakzent. Handgefertigte Perfektion f\u00fcr den modernen Gentleman.\",\"breadcrumb\":{\"@id\":\"https:\\\/\\\/hutfactory.com\\\/?product=schiebermuetze-mit-seidenakzent#breadcrumb\"},\"inLanguage\":\"de\",\"potentialAction\":[{\"@type\":\"ReadAction\",\"target\":[\"https:\\\/\\\/hutfactory.com\\\/?product=schiebermuetze-mit-seidenakzent\"]}]},{\"@type\":\"ImageObject\",\"inLanguage\":\"de\",\"@id\":\"https:\\\/\\\/hutfactory.com\\\/?product=schiebermuetze-mit-seidenakzent#primaryimage\",\"url\":\"https:\\\/\\\/hutfactory.com\\\/wp-content\\\/uploads\\\/2026\\\/03\\\/65453-scaled-e1668518418746.webp\",\"contentUrl\":\"https:\\\/\\\/hutfactory.com\\\/wp-content\\\/uploads\\\/2026\\\/03\\\/65453-scaled-e1668518418746.webp\",\"width\":750,\"height\":750,\"caption\":\"Schieberm\u00fctze Marineblau|\"},{\"@type\":\"BreadcrumbList\",\"@id\":\"https:\\\/\\\/hutfactory.com\\\/?product=schiebermuetze-mit-seidenakzent#breadcrumb\",\"itemListElement\":[{\"@type\":\"ListItem\",\"position\":1,\"name\":\"Start\",\"item\":\"https:\\\/\\\/hutfactory.com\\\/\"},{\"@type\":\"ListItem\",\"position\":2,\"name\":\"Shop\",\"item\":\"https:\\\/\\\/hutfactory.com\\\/?page_id=10\"},{\"@type\":\"ListItem\",\"position\":3,\"name\":\"Schieberm\u00fctze mit Seidenakzent\"}]},{\"@type\":\"WebSite\",\"@id\":\"https:\\\/\\\/hutfactory.com\\\/#website\",\"url\":\"https:\\\/\\\/hutfactory.com\\\/\",\"name\":\"Hut Factory\",\"description\":\"H\u00fcte, Kappen &amp; M\u00fctzen in Top Swiss\\\/EU Qualit\u00e4t\",\"publisher\":{\"@id\":\"https:\\\/\\\/hutfactory.com\\\/#organization\"},\"alternateName\":\"Hut Shop\",\"potentialAction\":[{\"@type\":\"SearchAction\",\"target\":{\"@type\":\"EntryPoint\",\"urlTemplate\":\"https:\\\/\\\/hutfactory.com\\\/?s={search_term_string}\"},\"query-input\":{\"@type\":\"PropertyValueSpecification\",\"valueRequired\":true,\"valueName\":\"search_term_string\"}}],\"inLanguage\":\"de\"},{\"@type\":\"Organization\",\"@id\":\"https:\\\/\\\/hutfactory.com\\\/#organization\",\"name\":\"Hut Factory\",\"url\":\"https:\\\/\\\/hutfactory.com\\\/\",\"logo\":{\"@type\":\"ImageObject\",\"inLanguage\":\"de\",\"@id\":\"https:\\\/\\\/hutfactory.com\\\/#\\\/schema\\\/logo\\\/image\\\/\",\"url\":\"https:\\\/\\\/hutfactory.com\\\/wp-content\\\/uploads\\\/2026\\\/01\\\/Logo-hut-factory-1.webp\",\"contentUrl\":\"https:\\\/\\\/hutfactory.com\\\/wp-content\\\/uploads\\\/2026\\\/01\\\/Logo-hut-factory-1.webp\",\"width\":300,\"height\":262,\"caption\":\"Hut Factory\"},\"image\":{\"@id\":\"https:\\\/\\\/hutfactory.com\\\/#\\\/schema\\\/logo\\\/image\\\/\"}}]}<\/script>\n<!-- \/ Yoast SEO Premium plugin. -->","yoast_head_json":{"title":"Schieberm\u00fctze Seide & Wolle \u2013 Klassischer Stil mit feinen Streifen","description":"Entdecken Sie die Eleganz unserer Schieberm\u00fctze 'Nautic' in Marine mit Seidenakzent. Handgefertigte Perfektion f\u00fcr den modernen Gentleman.","robots":{"index":"index","follow":"follow","max-snippet":"max-snippet:-1","max-image-preview":"max-image-preview:large","max-video-preview":"max-video-preview:-1"},"canonical":"https:\/\/hutfactory.com\/?product=schiebermuetze-mit-seidenakzent","og_locale":"de_DE","og_type":"article","og_title":"Schieberm\u00fctze mit Seidenakzent","og_description":"Entdecken Sie die Eleganz unserer Schieberm\u00fctze 'Nautic' in Marine mit Seidenakzent. Handgefertigte Perfektion f\u00fcr den modernen Gentleman.","og_url":"https:\/\/hutfactory.com\/?product=schiebermuetze-mit-seidenakzent","og_site_name":"Hut Factory","article_modified_time":"2026-03-12T04:07:58+00:00","og_image":[{"width":750,"height":750,"url":"https:\/\/hutfactory.com\/wp-content\/uploads\/2026\/03\/65453-scaled-e1668518418746.webp","type":"image\/webp"}],"twitter_card":"summary_large_image","twitter_misc":{"Gesch\u00e4tzte Lesezeit":"2\u00a0Minuten"},"schema":{"@context":"https:\/\/schema.org","@graph":[{"@type":"WebPage","@id":"https:\/\/hutfactory.com\/?product=schiebermuetze-mit-seidenakzent","url":"https:\/\/hutfactory.com\/?product=schiebermuetze-mit-seidenakzent","name":"Schieberm\u00fctze Seide & Wolle \u2013 Klassischer Stil mit feinen Streifen","isPartOf":{"@id":"https:\/\/hutfactory.com\/#website"},"primaryImageOfPage":{"@id":"https:\/\/hutfactory.com\/?product=schiebermuetze-mit-seidenakzent#primaryimage"},"image":{"@id":"https:\/\/hutfactory.com\/?product=schiebermuetze-mit-seidenakzent#primaryimage"},"thumbnailUrl":"https:\/\/hutfactory.com\/wp-content\/uploads\/2026\/03\/65453-scaled-e1668518418746.webp","datePublished":"2026-03-10T12:54:51+00:00","dateModified":"2026-03-12T04:07:58+00:00","description":"Entdecken Sie die Eleganz unserer Schieberm\u00fctze 'Nautic' in Marine mit Seidenakzent. Handgefertigte Perfektion f\u00fcr den modernen Gentleman.","breadcrumb":{"@id":"https:\/\/hutfactory.com\/?product=schiebermuetze-mit-seidenakzent#breadcrumb"},"inLanguage":"de","potentialAction":[{"@type":"ReadAction","target":["https:\/\/hutfactory.com\/?product=schiebermuetze-mit-seidenakzent"]}]},{"@type":"ImageObject","inLanguage":"de","@id":"https:\/\/hutfactory.com\/?product=schiebermuetze-mit-seidenakzent#primaryimage","url":"https:\/\/hutfactory.com\/wp-content\/uploads\/2026\/03\/65453-scaled-e1668518418746.webp","contentUrl":"https:\/\/hutfactory.com\/wp-content\/uploads\/2026\/03\/65453-scaled-e1668518418746.webp","width":750,"height":750,"caption":"Schieberm\u00fctze Marineblau|"},{"@type":"BreadcrumbList","@id":"https:\/\/hutfactory.com\/?product=schiebermuetze-mit-seidenakzent#breadcrumb","itemListElement":[{"@type":"ListItem","position":1,"name":"Start","item":"https:\/\/hutfactory.com\/"},{"@type":"ListItem","position":2,"name":"Shop","item":"https:\/\/hutfactory.com\/?page_id=10"},{"@type":"ListItem","position":3,"name":"Schieberm\u00fctze mit Seidenakzent"}]},{"@type":"WebSite","@id":"https:\/\/hutfactory.com\/#website","url":"https:\/\/hutfactory.com\/","name":"Hut Factory","description":"H\u00fcte, Kappen &amp; M\u00fctzen in Top Swiss\/EU Qualit\u00e4t","publisher":{"@id":"https:\/\/hutfactory.com\/#organization"},"alternateName":"Hut Shop","potentialAction":[{"@type":"SearchAction","target":{"@type":"EntryPoint","urlTemplate":"https:\/\/hutfactory.com\/?s={search_term_string}"},"query-input":{"@type":"PropertyValueSpecification","valueRequired":true,"valueName":"search_term_string"}}],"inLanguage":"de"},{"@type":"Organization","@id":"https:\/\/hutfactory.com\/#organization","name":"Hut Factory","url":"https:\/\/hutfactory.com\/","logo":{"@type":"ImageObject","inLanguage":"de","@id":"https:\/\/hutfactory.com\/#\/schema\/logo\/image\/","url":"https:\/\/hutfactory.com\/wp-content\/uploads\/2026\/01\/Logo-hut-factory-1.webp","contentUrl":"https:\/\/hutfactory.com\/wp-content\/uploads\/2026\/01\/Logo-hut-factory-1.webp","width":300,"height":262,"caption":"Hut Factory"},"image":{"@id":"https:\/\/hutfactory.com\/#\/schema\/logo\/image\/"}}]}},"_links":{"self":[{"href":"https:\/\/hutfactory.com\/index.php?rest_route=\/wp\/v2\/product\/19470","targetHints":{"allow":["GET"]}}],"collection":[{"href":"https:\/\/hutfactory.com\/index.php?rest_route=\/wp\/v2\/product"}],"about":[{"href":"https:\/\/hutfactory.com\/index.php?rest_route=\/wp\/v2\/types\/product"}],"wp:featuredmedia":[{"embeddable":true,"href":"https:\/\/hutfactory.com\/index.php?rest_route=\/wp\/v2\/media\/19471"}],"wp:attachment":[{"href":"https:\/\/hutfactory.com\/index.php?rest_route=%2Fwp%2Fv2%2Fmedia&parent=19470"}],"wp:term":[{"taxonomy":"product_brand","embeddable":true,"href":"https:\/\/hutfactory.com\/index.php?rest_route=%2Fwp%2Fv2%2Fproduct_brand&post=19470"},{"taxonomy":"product_cat","embeddable":true,"href":"https:\/\/hutfactory.com\/index.php?rest_route=%2Fwp%2Fv2%2Fproduct_cat&post=19470"},{"taxonomy":"product_tag","embeddable":true,"href":"https:\/\/hutfactory.com\/index.php?rest_route=%2Fwp%2Fv2%2Fproduct_tag&post=19470"}],"curies":[{"name":"wp","href":"https:\/\/api.w.org\/{rel}","templated":true}]}}