{"id":19425,"date":"2026-03-10T12:54:51","date_gmt":"2026-03-10T12:54:51","guid":{"rendered":"https:\/\/hutfactory.com\/?product=cotton-muetze"},"modified":"2026-03-12T04:06:58","modified_gmt":"2026-03-12T04:06:58","slug":"cotton-muetze","status":"publish","type":"product","link":"https:\/\/hutfactory.com\/?product=cotton-muetze","title":{"rendered":"Cotton M\u00fctze"},"content":{"rendered":"<h3 data-start=\"412\" data-end=\"766\"><strong data-start=\"412\" data-end=\"447\">Praktischer Sonnenschutz<\/strong><\/h3>\n<p data-start=\"412\" data-end=\"766\">Diese M\u00fctze ist in den zeitlosen Farben <strong data-start=\"490\" data-end=\"501\">Schwarz<\/strong> und <strong data-start=\"506\" data-end=\"515\">Kakao<\/strong> erh\u00e4ltlich und zeichnet sich durch ihre schlichte, kantige Form aus. Die Bel\u00fcftungs\u00f6sen an den Seiten sorgen f\u00fcr ein angenehmes Klima, auch bei w\u00e4rmeren Temperaturen. Durch die Einheitsgr\u00f6\u00dfe <strong data-start=\"707\" data-end=\"721\">(One Size)<\/strong> passt sie sich perfekt jeder Kopfform an.<\/p>\n<p data-start=\"768\" data-end=\"1158\"><strong data-start=\"768\" data-end=\"787\">Perfekt f\u00fcr\u2026  <\/strong><br data-start=\"787\" data-end=\"790\" \/><strong data-start=\"790\" data-end=\"817\">\u2600\ufe0f Outdoor-Aktivit\u00e4ten:<\/strong> Ob Wandern, Campen oder auf Reisen \u2013 die Cotton M\u00fctze ist ein zuverl\u00e4ssiger Begleiter.<br data-start=\"910\" data-end=\"913\" \/><strong data-start=\"913\" data-end=\"934\">  Urbane Styles:<\/strong> F\u00fcr trendbewusste Tr\u00e4ger, die Funktionalit\u00e4t und modischen Minimalismus sch\u00e4tzen.<br data-start=\"1016\" data-end=\"1019\" \/><strong data-start=\"1019\" data-end=\"1049\">  Natur- und Modebewusst:<\/strong> Die Verwendung von nat\u00fcrlicher Baumwolle zeigt, dass Komfort und Nachhaltigkeit im Einklang stehen k\u00f6nnen.<\/p>\n<div class=\"hf-accordions\">\n<hr class=\"hf-accordion-separator\" \/>\n<details class=\"hf-accordion\">\n<summary><strong>\u25b6\ufe0f Gut zu wissen \u2013 mehr erfahren<\/strong><\/summary>\n<div class=\"hf-accordion-content\">\n<p class=\"\" data-start=\"1160\" data-end=\"1855\"><strong data-start=\"1160\" data-end=\"1187\">Eigenschaften &#038; Details<\/strong><br data-start=\"1187\" data-end=\"1190\" \/><strong data-start=\"1190\" data-end=\"1203\">Material:<\/strong> 100 % Baumwolle (CO) \u2013 robust, atmungsaktiv und hautfreundlich<br data-start=\"1266\" data-end=\"1269\" \/><strong data-start=\"1269\" data-end=\"1280\">Farben:<\/strong> Schwarz, Kakao \u2013 klassische T\u00f6ne, die vielseitig kombinierbar sind<br data-start=\"1347\" data-end=\"1350\" \/><strong data-start=\"1350\" data-end=\"1361\">Gr\u00f6\u00dfen:<\/strong> One Size \u2013 flexibel und komfortabel f\u00fcr jeden Kopf<br data-start=\"1412\" data-end=\"1415\" \/><strong data-start=\"1415\" data-end=\"1426\">Design:<\/strong> Schlichte, milit\u00e4risch inspirierte Form mit praktischen Bel\u00fcftungs\u00f6sen<br data-start=\"1497\" data-end=\"1500\" \/><strong data-start=\"1500\" data-end=\"1516\">Schwei\u00dfband:<\/strong> Eingearbeitetes Textilinnenband f\u00fcr optimalen Tragekomfort<br data-start=\"1575\" data-end=\"1578\" \/><strong data-start=\"1578\" data-end=\"1594\">Herstellung:<\/strong> Entworfen von der <strong data-start=\"1613\" data-end=\"1645\">Schweizer Hutmanufaktur Risa<\/strong>, gefertigt in kleiner St\u00fcckzahl in Italien<br data-start=\"1688\" data-end=\"1691\" \/><strong data-start=\"1691\" data-end=\"1703\">Versand:<\/strong> Innerhalb weniger Tage ab Lager Schweiz<br data-start=\"1743\" data-end=\"1746\" \/><strong data-start=\"1746\" data-end=\"1759\">Umtausch:<\/strong> Nur bei Material- oder Herstellungsfehlern, da es sich um eine limitierte Produktion handelt.<\/p>\n<p class=\"\" data-start=\"1857\" data-end=\"2138\"><strong data-start=\"1857\" data-end=\"1882\">Design &#038; Verarbeitung<\/strong><br data-start=\"1882\" data-end=\"1885\" \/>Die markante Krempe dieser Fidel Castro M\u00fctze sorgt f\u00fcr angenehmen Sonnenschutz, w\u00e4hrend die seitlichen Bel\u00fcftungs\u00f6sen f\u00fcr optimale Luftzirkulation sorgen. Das schlichte Design ist perfekt f\u00fcr alle, die einen minimalistischen, urbanen Look bevorzugen.<\/p>\n<p class=\"\" data-start=\"2140\" data-end=\"2423\"><strong data-start=\"2140\" data-end=\"2167\">Handgefertigt in Europa<\/strong><br data-start=\"2167\" data-end=\"2170\" \/>Diese M\u00fctze wird mit gr\u00f6\u00dfter Sorgfalt und Pr\u00e4zision in Italien gefertigt \u2013 inspiriert vom Design der <strong data-start=\"2271\" data-end=\"2303\">Schweizer Hutmanufaktur Risa<\/strong>. Das Zusammenspiel von traditioneller Handwerkskunst und modernem Stil macht sie zu einem unverzichtbaren Accessoire.<\/p>\n<p class=\"\" data-start=\"2425\" data-end=\"2802\"><strong data-start=\"2425\" data-end=\"2454\">Nachhaltigkeit &#038; Qualit\u00e4t<\/strong><br data-start=\"2454\" data-end=\"2457\" \/><strong data-start=\"2457\" data-end=\"2484\">Nat\u00fcrliche Materialien:<\/strong> Die hochwertige Baumwolle bietet besten Tragekomfort und ist besonders langlebig.<br data-start=\"2566\" data-end=\"2569\" \/><strong data-start=\"2569\" data-end=\"2596\">Handarbeit &#038; Tradition:<\/strong> Jede M\u00fctze wird in kleinen Auflagen hergestellt, um h\u00f6chste Qualit\u00e4t zu gew\u00e4hrleisten.<br data-start=\"2683\" data-end=\"2686\" \/><strong data-start=\"2686\" data-end=\"2704\">Langlebigkeit:<\/strong> Durch die strapazierf\u00e4hige Baumwolle ist die M\u00fctze auch f\u00fcr intensive Nutzung bestens geeignet.<\/p>\n<p class=\"\" data-start=\"2804\" data-end=\"3095\"><strong data-start=\"2804\" data-end=\"2829\">Herstellung &#038; Versand<\/strong><br data-start=\"2829\" data-end=\"2832\" \/><strong data-start=\"2832\" data-end=\"2861\">Fertigung auf Bestellung:<\/strong> Kleinserienproduktion in Italien im Auftrag der Risa Hutmanufaktur.<br data-start=\"2929\" data-end=\"2932\" \/><strong data-start=\"2932\" data-end=\"2944\">Versand:<\/strong> Nach Fertigstellung erfolgt der Versand innerhalb weniger Tage ab Lager Schweiz.<br data-start=\"3025\" data-end=\"3028\" \/><strong data-start=\"3028\" data-end=\"3041\">Umtausch:<\/strong> Nur bei Material- oder Herstellungsfehlern m\u00f6glich.<\/p>\n<\/div>\n<\/details>\n<details class=\"hf-accordion\">\n<summary><strong>\u25b6\ufe0f FAQ \u2013 H\u00e4ufige Fragen<\/strong><\/summary>\n<div class=\"hf-accordion-content\">\n<p class=\"\" data-start=\"3097\" data-end=\"3257\"><strong data-start=\"3097\" data-end=\"3104\">FAQ<\/strong><br data-start=\"3104\" data-end=\"3107\" \/><strong data-start=\"3107\" data-end=\"3155\">Ist die M\u00fctze f\u00fcr hei\u00dfe Sommertage geeignet?<\/strong><br data-start=\"3155\" data-end=\"3158\" \/>Ja, dank der nat\u00fcrlichen Baumwolle und der Bel\u00fcftungs\u00f6sen ist diese M\u00fctze besonders atmungsaktiv.<\/p>\n<p class=\"\" data-start=\"3259\" data-end=\"3391\"><strong data-start=\"3259\" data-end=\"3297\">Wie reinige ich die M\u00fctze optimal?<\/strong><br data-start=\"3297\" data-end=\"3300\" \/>Die M\u00fctze kann bei Bedarf schonend von Hand gewaschen werden. Nicht im Trockner trocknen.<\/p>\n<p class=\"\" data-start=\"3393\" data-end=\"3565\"><strong data-start=\"3393\" data-end=\"3449\">Kann ich die M\u00fctze umtauschen, wenn sie nicht passt?<\/strong><br data-start=\"3449\" data-end=\"3452\" \/>Umtausch ist nur bei Material- oder Herstellungsfehlern m\u00f6glich, da es sich um eine limitierte Auflage handelt.<\/p>\n<p class=\"\" data-start=\"3567\" data-end=\"3685\"><strong data-start=\"3567\" data-end=\"3611\">Wie bewahre ich die M\u00fctze am besten auf?<\/strong><br data-start=\"3611\" data-end=\"3614\" \/>Am besten trocken und sauber an einem gut bel\u00fcfteten Ort aufbewahren.<\/p>\n<\/div>\n<\/details>\n<\/div>\n","protected":false},"excerpt":{"rendered":"<h3><strong data-start=\"68\" data-end=\"113\">Klassischer Look f\u00fcr vielseitige Eins\u00e4tze<\/strong><\/h3>\n<p>Die Sommerm\u00fctze besticht durch ihr minimalistisches Design und ihre hervorragende Funktionalit\u00e4t. Gefertigt aus <strong data-start=\"235\" data-end=\"259\">100 % Baumwolle (CO)<\/strong>, bietet sie optimalen Tragekomfort und eine hohe Strapazierf\u00e4higkeit. Perfekt f\u00fcr Outdoor-Aktivit\u00e4ten oder als modisches Statement f\u00fcr urbane Looks.<\/p>\n","protected":false},"featured_media":19426,"template":"","meta":{"_acf_changed":false,"rs_blank_template":"","rs_page_bg_color":"","slide_template_v7":""},"product_brand":[250],"product_cat":[688,445],"product_tag":[],"class_list":{"0":"post-19425","1":"product","2":"type-product","3":"status-publish","4":"has-post-thumbnail","6":"product_brand-risa-hutwerkstatt-schweiz","7":"product_cat-cuba-muetzen-sommermuetzen","8":"product_cat-sommermuetzen","9":"product_shipping_class-mittlere-pakete","10":"pa_color-kakao","11":"pa_color-schwarz","12":"pa_groesse-one-size","13":"yith_product_brand-risa-hutwerkstatt-schweiz","16":"instock","17":"taxable","18":"shipping-taxable","19":"purchasable","20":"product-type-variable","21":"wvs-archive-product-wrapper","22":"add-to-wishlist-after_add_to_cart"},"acf":[],"yoast_head":"<!-- This site is optimized with the Yoast SEO Premium plugin v27.3 (Yoast SEO v27.3) - https:\/\/yoast.com\/product\/yoast-seo-premium-wordpress\/ -->\n<title>Sommerm\u00fctze \u2013 Robuste Baumwollm\u00fctze f\u00fcr Outdoor &amp; Freizeit<\/title>\n<meta name=\"description\" content=\"Hochwertige Sommerm\u00fctze aus 100 % Baumwolle in Schwarz &amp; Kakao. Handgefertigt in Italien, designed von Risa Hutwerkstatt in der Schweiz.\" \/>\n<meta name=\"robots\" content=\"index, follow, max-snippet:-1, max-image-preview:large, max-video-preview:-1\" \/>\n<link rel=\"canonical\" href=\"https:\/\/hutfactory.com\/?product=cotton-muetze\" \/>\n<meta property=\"og:locale\" content=\"de_DE\" \/>\n<meta property=\"og:type\" content=\"article\" \/>\n<meta property=\"og:title\" content=\"Cotton M\u00fctze\" \/>\n<meta property=\"og:description\" content=\"Hochwertige Sommerm\u00fctze aus 100 % Baumwolle in Schwarz &amp; Kakao. Handgefertigt in Italien, designed von Risa Hutwerkstatt in der Schweiz.\" \/>\n<meta property=\"og:url\" content=\"https:\/\/hutfactory.com\/?product=cotton-muetze\" \/>\n<meta property=\"og:site_name\" content=\"Hut Factory\" \/>\n<meta property=\"article:modified_time\" content=\"2026-03-12T04:06:58+00:00\" \/>\n<meta property=\"og:image\" content=\"https:\/\/hutfactory.com\/wp-content\/uploads\/2026\/03\/63748.alle_.webp\" \/>\n\t<meta property=\"og:image:width\" content=\"750\" \/>\n\t<meta property=\"og:image:height\" content=\"750\" \/>\n\t<meta property=\"og:image:type\" content=\"image\/webp\" \/>\n<meta name=\"twitter:card\" content=\"summary_large_image\" \/>\n<meta name=\"twitter:label1\" content=\"Gesch\u00e4tzte Lesezeit\" \/>\n\t<meta name=\"twitter:data1\" content=\"2\u00a0Minuten\" \/>\n<script type=\"application\/ld+json\" class=\"yoast-schema-graph\">{\"@context\":\"https:\\\/\\\/schema.org\",\"@graph\":[{\"@type\":\"WebPage\",\"@id\":\"https:\\\/\\\/hutfactory.com\\\/?product=cotton-muetze\",\"url\":\"https:\\\/\\\/hutfactory.com\\\/?product=cotton-muetze\",\"name\":\"Sommerm\u00fctze \u2013 Robuste Baumwollm\u00fctze f\u00fcr Outdoor & Freizeit\",\"isPartOf\":{\"@id\":\"https:\\\/\\\/hutfactory.com\\\/#website\"},\"primaryImageOfPage\":{\"@id\":\"https:\\\/\\\/hutfactory.com\\\/?product=cotton-muetze#primaryimage\"},\"image\":{\"@id\":\"https:\\\/\\\/hutfactory.com\\\/?product=cotton-muetze#primaryimage\"},\"thumbnailUrl\":\"https:\\\/\\\/hutfactory.com\\\/wp-content\\\/uploads\\\/2026\\\/03\\\/63748.alle_.webp\",\"datePublished\":\"2026-03-10T12:54:51+00:00\",\"dateModified\":\"2026-03-12T04:06:58+00:00\",\"description\":\"Hochwertige Sommerm\u00fctze aus 100 % Baumwolle in Schwarz & Kakao. Handgefertigt in Italien, designed von Risa Hutwerkstatt in der Schweiz.\",\"breadcrumb\":{\"@id\":\"https:\\\/\\\/hutfactory.com\\\/?product=cotton-muetze#breadcrumb\"},\"inLanguage\":\"de\",\"potentialAction\":[{\"@type\":\"ReadAction\",\"target\":[\"https:\\\/\\\/hutfactory.com\\\/?product=cotton-muetze\"]}]},{\"@type\":\"ImageObject\",\"inLanguage\":\"de\",\"@id\":\"https:\\\/\\\/hutfactory.com\\\/?product=cotton-muetze#primaryimage\",\"url\":\"https:\\\/\\\/hutfactory.com\\\/wp-content\\\/uploads\\\/2026\\\/03\\\/63748.alle_.webp\",\"contentUrl\":\"https:\\\/\\\/hutfactory.com\\\/wp-content\\\/uploads\\\/2026\\\/03\\\/63748.alle_.webp\",\"width\":750,\"height\":750,\"caption\":\"Robuste M\u00fctze aus 100 % Baumwolle mit Bel\u00fcftungs\u00f6sen. Perfekt f\u00fcr Outdoor-Aktivit\u00e4ten und urbane Looks.|Robuste M\u00fctze aus 100 % Baumwolle mit Bel\u00fcftungs\u00f6sen. Perfekt f\u00fcr Outdoor-Aktivit\u00e4ten und urbane Looks.|Robuste M\u00fctze aus 100 % Baumwolle mit Bel\u00fcftungs\u00f6sen. Perfekt f\u00fcr Outdoor-Aktivit\u00e4ten und urbane Looks.|||\"},{\"@type\":\"BreadcrumbList\",\"@id\":\"https:\\\/\\\/hutfactory.com\\\/?product=cotton-muetze#breadcrumb\",\"itemListElement\":[{\"@type\":\"ListItem\",\"position\":1,\"name\":\"Start\",\"item\":\"https:\\\/\\\/hutfactory.com\\\/\"},{\"@type\":\"ListItem\",\"position\":2,\"name\":\"Shop\",\"item\":\"https:\\\/\\\/hutfactory.com\\\/?page_id=10\"},{\"@type\":\"ListItem\",\"position\":3,\"name\":\"Cotton M\u00fctze\"}]},{\"@type\":\"WebSite\",\"@id\":\"https:\\\/\\\/hutfactory.com\\\/#website\",\"url\":\"https:\\\/\\\/hutfactory.com\\\/\",\"name\":\"Hut Factory\",\"description\":\"H\u00fcte, Kappen &amp; M\u00fctzen in Top Swiss\\\/EU Qualit\u00e4t\",\"publisher\":{\"@id\":\"https:\\\/\\\/hutfactory.com\\\/#organization\"},\"alternateName\":\"Hut Shop\",\"potentialAction\":[{\"@type\":\"SearchAction\",\"target\":{\"@type\":\"EntryPoint\",\"urlTemplate\":\"https:\\\/\\\/hutfactory.com\\\/?s={search_term_string}\"},\"query-input\":{\"@type\":\"PropertyValueSpecification\",\"valueRequired\":true,\"valueName\":\"search_term_string\"}}],\"inLanguage\":\"de\"},{\"@type\":\"Organization\",\"@id\":\"https:\\\/\\\/hutfactory.com\\\/#organization\",\"name\":\"Hut Factory\",\"url\":\"https:\\\/\\\/hutfactory.com\\\/\",\"logo\":{\"@type\":\"ImageObject\",\"inLanguage\":\"de\",\"@id\":\"https:\\\/\\\/hutfactory.com\\\/#\\\/schema\\\/logo\\\/image\\\/\",\"url\":\"https:\\\/\\\/hutfactory.com\\\/wp-content\\\/uploads\\\/2026\\\/01\\\/Logo-hut-factory-1.webp\",\"contentUrl\":\"https:\\\/\\\/hutfactory.com\\\/wp-content\\\/uploads\\\/2026\\\/01\\\/Logo-hut-factory-1.webp\",\"width\":300,\"height\":262,\"caption\":\"Hut Factory\"},\"image\":{\"@id\":\"https:\\\/\\\/hutfactory.com\\\/#\\\/schema\\\/logo\\\/image\\\/\"}}]}<\/script>\n<!-- \/ Yoast SEO Premium plugin. -->","yoast_head_json":{"title":"Sommerm\u00fctze \u2013 Robuste Baumwollm\u00fctze f\u00fcr Outdoor & Freizeit","description":"Hochwertige Sommerm\u00fctze aus 100 % Baumwolle in Schwarz & Kakao. Handgefertigt in Italien, designed von Risa Hutwerkstatt in der Schweiz.","robots":{"index":"index","follow":"follow","max-snippet":"max-snippet:-1","max-image-preview":"max-image-preview:large","max-video-preview":"max-video-preview:-1"},"canonical":"https:\/\/hutfactory.com\/?product=cotton-muetze","og_locale":"de_DE","og_type":"article","og_title":"Cotton M\u00fctze","og_description":"Hochwertige Sommerm\u00fctze aus 100 % Baumwolle in Schwarz & Kakao. Handgefertigt in Italien, designed von Risa Hutwerkstatt in der Schweiz.","og_url":"https:\/\/hutfactory.com\/?product=cotton-muetze","og_site_name":"Hut Factory","article_modified_time":"2026-03-12T04:06:58+00:00","og_image":[{"width":750,"height":750,"url":"https:\/\/hutfactory.com\/wp-content\/uploads\/2026\/03\/63748.alle_.webp","type":"image\/webp"}],"twitter_card":"summary_large_image","twitter_misc":{"Gesch\u00e4tzte Lesezeit":"2\u00a0Minuten"},"schema":{"@context":"https:\/\/schema.org","@graph":[{"@type":"WebPage","@id":"https:\/\/hutfactory.com\/?product=cotton-muetze","url":"https:\/\/hutfactory.com\/?product=cotton-muetze","name":"Sommerm\u00fctze \u2013 Robuste Baumwollm\u00fctze f\u00fcr Outdoor & Freizeit","isPartOf":{"@id":"https:\/\/hutfactory.com\/#website"},"primaryImageOfPage":{"@id":"https:\/\/hutfactory.com\/?product=cotton-muetze#primaryimage"},"image":{"@id":"https:\/\/hutfactory.com\/?product=cotton-muetze#primaryimage"},"thumbnailUrl":"https:\/\/hutfactory.com\/wp-content\/uploads\/2026\/03\/63748.alle_.webp","datePublished":"2026-03-10T12:54:51+00:00","dateModified":"2026-03-12T04:06:58+00:00","description":"Hochwertige Sommerm\u00fctze aus 100 % Baumwolle in Schwarz & Kakao. Handgefertigt in Italien, designed von Risa Hutwerkstatt in der Schweiz.","breadcrumb":{"@id":"https:\/\/hutfactory.com\/?product=cotton-muetze#breadcrumb"},"inLanguage":"de","potentialAction":[{"@type":"ReadAction","target":["https:\/\/hutfactory.com\/?product=cotton-muetze"]}]},{"@type":"ImageObject","inLanguage":"de","@id":"https:\/\/hutfactory.com\/?product=cotton-muetze#primaryimage","url":"https:\/\/hutfactory.com\/wp-content\/uploads\/2026\/03\/63748.alle_.webp","contentUrl":"https:\/\/hutfactory.com\/wp-content\/uploads\/2026\/03\/63748.alle_.webp","width":750,"height":750,"caption":"Robuste M\u00fctze aus 100 % Baumwolle mit Bel\u00fcftungs\u00f6sen. Perfekt f\u00fcr Outdoor-Aktivit\u00e4ten und urbane Looks.|Robuste M\u00fctze aus 100 % Baumwolle mit Bel\u00fcftungs\u00f6sen. Perfekt f\u00fcr Outdoor-Aktivit\u00e4ten und urbane Looks.|Robuste M\u00fctze aus 100 % Baumwolle mit Bel\u00fcftungs\u00f6sen. Perfekt f\u00fcr Outdoor-Aktivit\u00e4ten und urbane Looks.|||"},{"@type":"BreadcrumbList","@id":"https:\/\/hutfactory.com\/?product=cotton-muetze#breadcrumb","itemListElement":[{"@type":"ListItem","position":1,"name":"Start","item":"https:\/\/hutfactory.com\/"},{"@type":"ListItem","position":2,"name":"Shop","item":"https:\/\/hutfactory.com\/?page_id=10"},{"@type":"ListItem","position":3,"name":"Cotton M\u00fctze"}]},{"@type":"WebSite","@id":"https:\/\/hutfactory.com\/#website","url":"https:\/\/hutfactory.com\/","name":"Hut Factory","description":"H\u00fcte, Kappen &amp; M\u00fctzen in Top Swiss\/EU Qualit\u00e4t","publisher":{"@id":"https:\/\/hutfactory.com\/#organization"},"alternateName":"Hut Shop","potentialAction":[{"@type":"SearchAction","target":{"@type":"EntryPoint","urlTemplate":"https:\/\/hutfactory.com\/?s={search_term_string}"},"query-input":{"@type":"PropertyValueSpecification","valueRequired":true,"valueName":"search_term_string"}}],"inLanguage":"de"},{"@type":"Organization","@id":"https:\/\/hutfactory.com\/#organization","name":"Hut Factory","url":"https:\/\/hutfactory.com\/","logo":{"@type":"ImageObject","inLanguage":"de","@id":"https:\/\/hutfactory.com\/#\/schema\/logo\/image\/","url":"https:\/\/hutfactory.com\/wp-content\/uploads\/2026\/01\/Logo-hut-factory-1.webp","contentUrl":"https:\/\/hutfactory.com\/wp-content\/uploads\/2026\/01\/Logo-hut-factory-1.webp","width":300,"height":262,"caption":"Hut Factory"},"image":{"@id":"https:\/\/hutfactory.com\/#\/schema\/logo\/image\/"}}]}},"_links":{"self":[{"href":"https:\/\/hutfactory.com\/index.php?rest_route=\/wp\/v2\/product\/19425","targetHints":{"allow":["GET"]}}],"collection":[{"href":"https:\/\/hutfactory.com\/index.php?rest_route=\/wp\/v2\/product"}],"about":[{"href":"https:\/\/hutfactory.com\/index.php?rest_route=\/wp\/v2\/types\/product"}],"wp:featuredmedia":[{"embeddable":true,"href":"https:\/\/hutfactory.com\/index.php?rest_route=\/wp\/v2\/media\/19426"}],"wp:attachment":[{"href":"https:\/\/hutfactory.com\/index.php?rest_route=%2Fwp%2Fv2%2Fmedia&parent=19425"}],"wp:term":[{"taxonomy":"product_brand","embeddable":true,"href":"https:\/\/hutfactory.com\/index.php?rest_route=%2Fwp%2Fv2%2Fproduct_brand&post=19425"},{"taxonomy":"product_cat","embeddable":true,"href":"https:\/\/hutfactory.com\/index.php?rest_route=%2Fwp%2Fv2%2Fproduct_cat&post=19425"},{"taxonomy":"product_tag","embeddable":true,"href":"https:\/\/hutfactory.com\/index.php?rest_route=%2Fwp%2Fv2%2Fproduct_tag&post=19425"}],"curies":[{"name":"wp","href":"https:\/\/api.w.org\/{rel}","templated":true}]}}