{"id":18616,"date":"2026-03-10T10:33:25","date_gmt":"2026-03-10T10:33:25","guid":{"rendered":"https:\/\/hutfactory.com\/?product=aufschlag-damenhut-mit-raffiaborte"},"modified":"2026-03-12T07:03:35","modified_gmt":"2026-03-12T07:03:35","slug":"aufschlag-damenhut-mit-raffiaborte","status":"publish","type":"product","link":"https:\/\/hutfactory.com\/?product=aufschlag-damenhut-mit-raffiaborte","title":{"rendered":"Aufschlag Damenhut mit Raffiaborte"},"content":{"rendered":"<h3 data-start=\"487\" data-end=\"893\"><strong>Leinenhut mit Strohakzenten<\/strong><\/h3>\n<p data-start=\"487\" data-end=\"893\">Der <strong data-start=\"491\" data-end=\"531\">Damen Aufschlaghut mit Strohakzenten<\/strong> kombiniert nat\u00fcrliche Materialien mit handwerklicher Raffinesse. Das leichte Leinen sorgt f\u00fcr eine hervorragende Atmungsaktivit\u00e4t und ein angenehmes Tragegef\u00fchl, w\u00e4hrend die Strohborte der Krempe einen raffinierten, sommerlichen Akzent setzt. Dank des weichen Designs kann die Krempe nach oben oder unten geschlagen werden, um den Look individuell anzupassen.<\/p>\n<h3 data-start=\"895\" data-end=\"920\"><strong data-start=\"899\" data-end=\"918\">Perfekt f\u00fcr\u0085 ??<\/strong><\/h3>\n<p data-start=\"921\" data-end=\"1320\">?? <strong data-start=\"924\" data-end=\"947\">Sommerliche Anl\u00e4sse<\/strong> \u0096 Ob beim Stadtbummel, am Strand oder im Gartenrestaurant, dieser Hut ist der ideale Sonnenschutz mit Stil.<br data-start=\"1055\" data-end=\"1058\" \/>?? <strong data-start=\"1061\" data-end=\"1083\">Modebewusste Damen<\/strong> \u0096 Ein modisches Accessoire f\u00fcr alle, die nat\u00fcrliche Materialien und elegantes Design sch\u00e4tzen.<br data-start=\"1178\" data-end=\"1181\" \/>?? <strong data-start=\"1184\" data-end=\"1222\">Nachhaltige Fashion-Liebhaberinnen<\/strong> \u0096 Gefertigt aus 100 % Leinen, ist dieser Hut atmungsaktiv, hautfreundlich und umweltfreundlich.<\/p>\n<div class=\"hf-accordions\">\n<hr class=\"hf-accordion-separator\" \/>\n<details class=\"hf-accordion\">\n<summary><strong>\u25b6\ufe0f Gut zu wissen \u2013 mehr erfahren<\/strong><\/summary>\n<div class=\"hf-accordion-content\">\n<h3 data-start=\"1322\" data-end=\"1355\"><strong data-start=\"1326\" data-end=\"1353\">Eigenschaften &#038; Details<\/strong><\/h3>\n<ul data-start=\"1356\" data-end=\"1685\">\n<li data-start=\"1356\" data-end=\"1424\"><strong data-start=\"1358\" data-end=\"1371\">Material:<\/strong> 100 % Leinen \u0096 leicht, atmungsaktiv und nachhaltig<\/li>\n<li data-start=\"1425\" data-end=\"1491\"><strong data-start=\"1427\" data-end=\"1438\">Farben:<\/strong> Leuchtendes Orange \u0096 perfekt f\u00fcr sommerliche Looks<\/li>\n<li data-start=\"1492\" data-end=\"1533\"><strong data-start=\"1494\" data-end=\"1505\">Gr\u00f6\u00dfen:<\/strong> 56 (55-56) und 58 (57-58)<\/li>\n<li data-start=\"1534\" data-end=\"1610\"><strong data-start=\"1536\" data-end=\"1547\">Krempe:<\/strong> Flexibel formbar \u0096 kann nach oben oder unten getragen werden<\/li>\n<li data-start=\"1611\" data-end=\"1685\"><strong data-start=\"1613\" data-end=\"1630\">Besonderheit:<\/strong> Geflochtene Strohborte f\u00fcr einen sommerlichen Akzent<\/li>\n<\/ul>\n<h3 data-start=\"1687\" data-end=\"1718\"><strong data-start=\"1691\" data-end=\"1716\">Design &#038; Verarbeitung<\/strong><\/h3>\n<p data-start=\"1719\" data-end=\"1953\">Das Design besticht durch seine elegante Leichtigkeit und die raffinierte Kombination aus Leinen und Stroh. Die breite Krempe sch\u00fctzt zuverl\u00e4ssig vor der Sonne, w\u00e4hrend die dezenten Falten dem Hut eine feminine Silhouette verleihen.<\/p>\n<h3 data-start=\"1955\" data-end=\"1988\"><strong data-start=\"1959\" data-end=\"1986\">Handgefertigt in Europa<\/strong><\/h3>\n<p data-start=\"1989\" data-end=\"2131\">Dieses Modell wurde in der Schweizer Hutmanufaktur Risa entworfen und wird in einer italienischen Manufaktur mit Liebe zum Detail gefertigt.<\/p>\n<h3 data-start=\"2133\" data-end=\"2168\"><strong data-start=\"2137\" data-end=\"2166\">Nachhaltigkeit &#038; Qualit\u00e4t<\/strong><\/h3>\n<p data-start=\"2169\" data-end=\"2412\">? <strong data-start=\"2171\" data-end=\"2197\">Nat\u00fcrliche Materialien<\/strong> \u0096 Hochwertiges Leinen ist atmungsaktiv und biologisch abbaubar.<br data-start=\"2261\" data-end=\"2264\" \/>? <strong data-start=\"2266\" data-end=\"2292\">Handarbeit &#038; Tradition<\/strong> \u0096 Jeder Hut wird in kleinen St\u00fcckzahlen gefertigt.<br data-start=\"2343\" data-end=\"2346\" \/>? <strong data-start=\"2348\" data-end=\"2365\">Langlebigkeit<\/strong> \u0096 Hochwertige Verarbeitung f\u00fcr viele Sommer.<\/p>\n<h3 data-start=\"2414\" data-end=\"2445\"><strong data-start=\"2418\" data-end=\"2443\">Herstellung &#038; Versand<\/strong><\/h3>\n<ul data-start=\"2446\" data-end=\"2720\">\n<li data-start=\"2446\" data-end=\"2520\"><strong data-start=\"2448\" data-end=\"2462\">Fertigung:<\/strong> In einer traditionsreichen italienischen Hutmanufaktur.<\/li>\n<li data-start=\"2521\" data-end=\"2578\"><strong data-start=\"2523\" data-end=\"2535\">Versand:<\/strong> Innerhalb weniger Tage ab Lager Schweiz.<\/li>\n<li data-start=\"2579\" data-end=\"2649\"><strong data-start=\"2581\" data-end=\"2594\">Garantie:<\/strong> Umtausch nur bei Material- oder Herstellungsfehlern.<\/li>\n<li data-start=\"2650\" data-end=\"2720\"><strong data-start=\"2652\" data-end=\"2670\">Verf\u00fcgbarkeit:<\/strong> Limitierte Edition \u0096 solange der Vorrat reicht.<\/li>\n<\/ul>\n<\/div>\n<\/details>\n<details class=\"hf-accordion\">\n<summary><strong>\u25b6\ufe0f FAQ \u2013 H\u00e4ufige Fragen<\/strong><\/summary>\n<div class=\"hf-accordion-content\">\n<h3 data-start=\"2722\" data-end=\"2761\"><strong data-start=\"2726\" data-end=\"2759\">FAQ \u0096 H\u00e4ufig gestellte Fragen<\/strong><\/h3>\n<p data-start=\"2762\" data-end=\"2882\"><strong data-start=\"2762\" data-end=\"2811\">1. Ist der Hut knautschbar und reisetauglich?<\/strong><br data-start=\"2811\" data-end=\"2814\" \/>Ja, das leichte Leinenmaterial erlaubt ein sanftes Zusammenfalten.<\/p>\n<p data-start=\"2884\" data-end=\"2995\"><strong data-start=\"2884\" data-end=\"2916\">2. Bietet der Hut UV-Schutz?<\/strong><br data-start=\"2916\" data-end=\"2919\" \/>Ja, die breite Krempe sch\u00fctzt das Gesicht vor direkter Sonneneinstrahlung.<\/p>\n<p data-start=\"2997\" data-end=\"3088\"><strong data-start=\"2997\" data-end=\"3028\">3. Wie reinige ich den Hut?<\/strong><br data-start=\"3028\" data-end=\"3031\" \/>Wir empfehlen eine sanfte Handw\u00e4sche mit kaltem Wasser.<\/p>\n<p data-start=\"3090\" data-end=\"3225\"><strong data-start=\"3090\" data-end=\"3152\">4. Kann ich den Hut zur\u00fcckgeben, falls er mir nicht passt?<\/strong><br data-start=\"3152\" data-end=\"3155\" \/>Ein Umtausch ist nur bei Material- oder Herstellungsfehlern m\u00f6glich.<\/p>\n<p data-start=\"3227\" data-end=\"3341\"><strong data-start=\"3227\" data-end=\"3280\">5. Ist der Hut auch in anderen Farben erh\u00e4ltlich?<\/strong><br data-start=\"3280\" data-end=\"3283\" \/>Dieses Modell ist derzeit exklusiv in Orange erh\u00e4ltlich.<\/p>\n<\/div>\n<\/details>\n<\/div>\n","protected":false},"excerpt":{"rendered":"<h3 data-start=\"122\" data-end=\"185\"><strong data-start=\"127\" data-end=\"183\">Sommerlicher Charme trifft auf handwerkliche Eleganz<\/strong><\/h3>\n<p data-start=\"186\" data-end=\"442\">Leicht, luftig und stilvoll \u0096 dieser Damenhut aus reinem Leinen ist der perfekte Begleiter f\u00fcr sonnige Tage. Mit seinem charmanten Design, der dekorativen Raffiaborte und der anpassbaren Krempe verleiht er jedem Outfit einen sommerlichen, femininen Touch.<\/p>\n","protected":false},"featured_media":18617,"template":"","meta":{"_acf_changed":false,"rs_blank_template":"","rs_page_bg_color":"","slide_template_v7":""},"product_brand":[250],"product_cat":[584,275],"product_tag":[],"class_list":{"0":"post-18616","1":"product","2":"type-product","3":"status-publish","4":"has-post-thumbnail","6":"product_brand-risa-hutwerkstatt-schweiz","7":"product_cat-aufschlag-sommerhuete","8":"product_cat-sommerhuete","9":"product_shipping_class-mittlere-pakete","10":"pa_color-orange","11":"pa_groesse-56-55-56","12":"pa_groesse-58-57-58","13":"yith_product_brand-risa-hutwerkstatt-schweiz","16":"instock","17":"taxable","18":"shipping-taxable","19":"purchasable","20":"product-type-variable","21":"wvs-archive-product-wrapper","22":"add-to-wishlist-after_add_to_cart"},"acf":[],"yoast_head":"<!-- This site is optimized with the Yoast SEO Premium plugin v27.3 (Yoast SEO v27.3) - https:\/\/yoast.com\/product\/yoast-seo-premium-wordpress\/ -->\n<title>Damen Sommerhut aus Leinen mit Strohborte<\/title>\n<meta name=\"description\" content=\"Leichter Damenhut aus Leinen mit Strohakzenten. Perfekt f\u00fcr den Sommer! Handgefertigt in Italien. Jetzt limitierte Edition sichern.\" \/>\n<meta name=\"robots\" content=\"index, follow, max-snippet:-1, max-image-preview:large, max-video-preview:-1\" \/>\n<link rel=\"canonical\" href=\"https:\/\/hutfactory.com\/?product=aufschlag-damenhut-mit-raffiaborte\" \/>\n<meta property=\"og:locale\" content=\"de_DE\" \/>\n<meta property=\"og:type\" content=\"article\" \/>\n<meta property=\"og:title\" content=\"Aufschlag Damenhut mit Raffiaborte\" \/>\n<meta property=\"og:description\" content=\"Leichter Damenhut aus Leinen mit Strohakzenten. Perfekt f\u00fcr den Sommer! Handgefertigt in Italien. Jetzt limitierte Edition sichern.\" \/>\n<meta property=\"og:url\" content=\"https:\/\/hutfactory.com\/?product=aufschlag-damenhut-mit-raffiaborte\" \/>\n<meta property=\"og:site_name\" content=\"Hut Factory\" \/>\n<meta property=\"article:modified_time\" content=\"2026-03-12T07:03:35+00:00\" \/>\n<meta property=\"og:image\" content=\"https:\/\/hutfactory.com\/wp-content\/uploads\/2026\/03\/44685.1.webp\" \/>\n\t<meta property=\"og:image:width\" content=\"750\" \/>\n\t<meta property=\"og:image:height\" content=\"750\" \/>\n\t<meta property=\"og:image:type\" content=\"image\/webp\" \/>\n<meta name=\"twitter:card\" content=\"summary_large_image\" \/>\n<meta name=\"twitter:label1\" content=\"Gesch\u00e4tzte Lesezeit\" \/>\n\t<meta name=\"twitter:data1\" content=\"2\u00a0Minuten\" \/>\n<script type=\"application\/ld+json\" class=\"yoast-schema-graph\">{\"@context\":\"https:\\\/\\\/schema.org\",\"@graph\":[{\"@type\":\"WebPage\",\"@id\":\"https:\\\/\\\/hutfactory.com\\\/?product=aufschlag-damenhut-mit-raffiaborte\",\"url\":\"https:\\\/\\\/hutfactory.com\\\/?product=aufschlag-damenhut-mit-raffiaborte\",\"name\":\"Damen Sommerhut aus Leinen mit Strohborte\",\"isPartOf\":{\"@id\":\"https:\\\/\\\/hutfactory.com\\\/#website\"},\"primaryImageOfPage\":{\"@id\":\"https:\\\/\\\/hutfactory.com\\\/?product=aufschlag-damenhut-mit-raffiaborte#primaryimage\"},\"image\":{\"@id\":\"https:\\\/\\\/hutfactory.com\\\/?product=aufschlag-damenhut-mit-raffiaborte#primaryimage\"},\"thumbnailUrl\":\"https:\\\/\\\/hutfactory.com\\\/wp-content\\\/uploads\\\/2026\\\/03\\\/44685.1.webp\",\"datePublished\":\"2026-03-10T10:33:25+00:00\",\"dateModified\":\"2026-03-12T07:03:35+00:00\",\"description\":\"Leichter Damenhut aus Leinen mit Strohakzenten. Perfekt f\u00fcr den Sommer! Handgefertigt in Italien. Jetzt limitierte Edition sichern.\",\"breadcrumb\":{\"@id\":\"https:\\\/\\\/hutfactory.com\\\/?product=aufschlag-damenhut-mit-raffiaborte#breadcrumb\"},\"inLanguage\":\"de\",\"potentialAction\":[{\"@type\":\"ReadAction\",\"target\":[\"https:\\\/\\\/hutfactory.com\\\/?product=aufschlag-damenhut-mit-raffiaborte\"]}]},{\"@type\":\"ImageObject\",\"inLanguage\":\"de\",\"@id\":\"https:\\\/\\\/hutfactory.com\\\/?product=aufschlag-damenhut-mit-raffiaborte#primaryimage\",\"url\":\"https:\\\/\\\/hutfactory.com\\\/wp-content\\\/uploads\\\/2026\\\/03\\\/44685.1.webp\",\"contentUrl\":\"https:\\\/\\\/hutfactory.com\\\/wp-content\\\/uploads\\\/2026\\\/03\\\/44685.1.webp\",\"width\":750,\"height\":750,\"caption\":\"LEINENHUT mit RAFFIABORTE in Orange\"},{\"@type\":\"BreadcrumbList\",\"@id\":\"https:\\\/\\\/hutfactory.com\\\/?product=aufschlag-damenhut-mit-raffiaborte#breadcrumb\",\"itemListElement\":[{\"@type\":\"ListItem\",\"position\":1,\"name\":\"Start\",\"item\":\"https:\\\/\\\/hutfactory.com\\\/\"},{\"@type\":\"ListItem\",\"position\":2,\"name\":\"Shop\",\"item\":\"https:\\\/\\\/hutfactory.com\\\/?page_id=10\"},{\"@type\":\"ListItem\",\"position\":3,\"name\":\"Aufschlag Damenhut mit Raffiaborte\"}]},{\"@type\":\"WebSite\",\"@id\":\"https:\\\/\\\/hutfactory.com\\\/#website\",\"url\":\"https:\\\/\\\/hutfactory.com\\\/\",\"name\":\"Hut Factory\",\"description\":\"H\u00fcte, Kappen &amp; M\u00fctzen in Top Swiss\\\/EU Qualit\u00e4t\",\"publisher\":{\"@id\":\"https:\\\/\\\/hutfactory.com\\\/#organization\"},\"alternateName\":\"Hut Shop\",\"potentialAction\":[{\"@type\":\"SearchAction\",\"target\":{\"@type\":\"EntryPoint\",\"urlTemplate\":\"https:\\\/\\\/hutfactory.com\\\/?s={search_term_string}\"},\"query-input\":{\"@type\":\"PropertyValueSpecification\",\"valueRequired\":true,\"valueName\":\"search_term_string\"}}],\"inLanguage\":\"de\"},{\"@type\":\"Organization\",\"@id\":\"https:\\\/\\\/hutfactory.com\\\/#organization\",\"name\":\"Hut Factory\",\"url\":\"https:\\\/\\\/hutfactory.com\\\/\",\"logo\":{\"@type\":\"ImageObject\",\"inLanguage\":\"de\",\"@id\":\"https:\\\/\\\/hutfactory.com\\\/#\\\/schema\\\/logo\\\/image\\\/\",\"url\":\"https:\\\/\\\/hutfactory.com\\\/wp-content\\\/uploads\\\/2026\\\/01\\\/Logo-hut-factory-1.webp\",\"contentUrl\":\"https:\\\/\\\/hutfactory.com\\\/wp-content\\\/uploads\\\/2026\\\/01\\\/Logo-hut-factory-1.webp\",\"width\":300,\"height\":262,\"caption\":\"Hut Factory\"},\"image\":{\"@id\":\"https:\\\/\\\/hutfactory.com\\\/#\\\/schema\\\/logo\\\/image\\\/\"}}]}<\/script>\n<!-- \/ Yoast SEO Premium plugin. -->","yoast_head_json":{"title":"Damen Sommerhut aus Leinen mit Strohborte","description":"Leichter Damenhut aus Leinen mit Strohakzenten. Perfekt f\u00fcr den Sommer! Handgefertigt in Italien. Jetzt limitierte Edition sichern.","robots":{"index":"index","follow":"follow","max-snippet":"max-snippet:-1","max-image-preview":"max-image-preview:large","max-video-preview":"max-video-preview:-1"},"canonical":"https:\/\/hutfactory.com\/?product=aufschlag-damenhut-mit-raffiaborte","og_locale":"de_DE","og_type":"article","og_title":"Aufschlag Damenhut mit Raffiaborte","og_description":"Leichter Damenhut aus Leinen mit Strohakzenten. Perfekt f\u00fcr den Sommer! Handgefertigt in Italien. Jetzt limitierte Edition sichern.","og_url":"https:\/\/hutfactory.com\/?product=aufschlag-damenhut-mit-raffiaborte","og_site_name":"Hut Factory","article_modified_time":"2026-03-12T07:03:35+00:00","og_image":[{"width":750,"height":750,"url":"https:\/\/hutfactory.com\/wp-content\/uploads\/2026\/03\/44685.1.webp","type":"image\/webp"}],"twitter_card":"summary_large_image","twitter_misc":{"Gesch\u00e4tzte Lesezeit":"2\u00a0Minuten"},"schema":{"@context":"https:\/\/schema.org","@graph":[{"@type":"WebPage","@id":"https:\/\/hutfactory.com\/?product=aufschlag-damenhut-mit-raffiaborte","url":"https:\/\/hutfactory.com\/?product=aufschlag-damenhut-mit-raffiaborte","name":"Damen Sommerhut aus Leinen mit Strohborte","isPartOf":{"@id":"https:\/\/hutfactory.com\/#website"},"primaryImageOfPage":{"@id":"https:\/\/hutfactory.com\/?product=aufschlag-damenhut-mit-raffiaborte#primaryimage"},"image":{"@id":"https:\/\/hutfactory.com\/?product=aufschlag-damenhut-mit-raffiaborte#primaryimage"},"thumbnailUrl":"https:\/\/hutfactory.com\/wp-content\/uploads\/2026\/03\/44685.1.webp","datePublished":"2026-03-10T10:33:25+00:00","dateModified":"2026-03-12T07:03:35+00:00","description":"Leichter Damenhut aus Leinen mit Strohakzenten. Perfekt f\u00fcr den Sommer! Handgefertigt in Italien. Jetzt limitierte Edition sichern.","breadcrumb":{"@id":"https:\/\/hutfactory.com\/?product=aufschlag-damenhut-mit-raffiaborte#breadcrumb"},"inLanguage":"de","potentialAction":[{"@type":"ReadAction","target":["https:\/\/hutfactory.com\/?product=aufschlag-damenhut-mit-raffiaborte"]}]},{"@type":"ImageObject","inLanguage":"de","@id":"https:\/\/hutfactory.com\/?product=aufschlag-damenhut-mit-raffiaborte#primaryimage","url":"https:\/\/hutfactory.com\/wp-content\/uploads\/2026\/03\/44685.1.webp","contentUrl":"https:\/\/hutfactory.com\/wp-content\/uploads\/2026\/03\/44685.1.webp","width":750,"height":750,"caption":"LEINENHUT mit RAFFIABORTE in Orange"},{"@type":"BreadcrumbList","@id":"https:\/\/hutfactory.com\/?product=aufschlag-damenhut-mit-raffiaborte#breadcrumb","itemListElement":[{"@type":"ListItem","position":1,"name":"Start","item":"https:\/\/hutfactory.com\/"},{"@type":"ListItem","position":2,"name":"Shop","item":"https:\/\/hutfactory.com\/?page_id=10"},{"@type":"ListItem","position":3,"name":"Aufschlag Damenhut mit Raffiaborte"}]},{"@type":"WebSite","@id":"https:\/\/hutfactory.com\/#website","url":"https:\/\/hutfactory.com\/","name":"Hut Factory","description":"H\u00fcte, Kappen &amp; M\u00fctzen in Top Swiss\/EU Qualit\u00e4t","publisher":{"@id":"https:\/\/hutfactory.com\/#organization"},"alternateName":"Hut Shop","potentialAction":[{"@type":"SearchAction","target":{"@type":"EntryPoint","urlTemplate":"https:\/\/hutfactory.com\/?s={search_term_string}"},"query-input":{"@type":"PropertyValueSpecification","valueRequired":true,"valueName":"search_term_string"}}],"inLanguage":"de"},{"@type":"Organization","@id":"https:\/\/hutfactory.com\/#organization","name":"Hut Factory","url":"https:\/\/hutfactory.com\/","logo":{"@type":"ImageObject","inLanguage":"de","@id":"https:\/\/hutfactory.com\/#\/schema\/logo\/image\/","url":"https:\/\/hutfactory.com\/wp-content\/uploads\/2026\/01\/Logo-hut-factory-1.webp","contentUrl":"https:\/\/hutfactory.com\/wp-content\/uploads\/2026\/01\/Logo-hut-factory-1.webp","width":300,"height":262,"caption":"Hut Factory"},"image":{"@id":"https:\/\/hutfactory.com\/#\/schema\/logo\/image\/"}}]}},"_links":{"self":[{"href":"https:\/\/hutfactory.com\/index.php?rest_route=\/wp\/v2\/product\/18616","targetHints":{"allow":["GET"]}}],"collection":[{"href":"https:\/\/hutfactory.com\/index.php?rest_route=\/wp\/v2\/product"}],"about":[{"href":"https:\/\/hutfactory.com\/index.php?rest_route=\/wp\/v2\/types\/product"}],"wp:featuredmedia":[{"embeddable":true,"href":"https:\/\/hutfactory.com\/index.php?rest_route=\/wp\/v2\/media\/18617"}],"wp:attachment":[{"href":"https:\/\/hutfactory.com\/index.php?rest_route=%2Fwp%2Fv2%2Fmedia&parent=18616"}],"wp:term":[{"taxonomy":"product_brand","embeddable":true,"href":"https:\/\/hutfactory.com\/index.php?rest_route=%2Fwp%2Fv2%2Fproduct_brand&post=18616"},{"taxonomy":"product_cat","embeddable":true,"href":"https:\/\/hutfactory.com\/index.php?rest_route=%2Fwp%2Fv2%2Fproduct_cat&post=18616"},{"taxonomy":"product_tag","embeddable":true,"href":"https:\/\/hutfactory.com\/index.php?rest_route=%2Fwp%2Fv2%2Fproduct_tag&post=18616"}],"curies":[{"name":"wp","href":"https:\/\/api.w.org\/{rel}","templated":true}]}}