{"id":18418,"date":"2026-03-10T10:30:38","date_gmt":"2026-03-10T10:30:38","guid":{"rendered":"https:\/\/hutfactory.com\/?product=sommerhut-trilby-raffia-strohschmuck"},"modified":"2026-03-10T10:31:07","modified_gmt":"2026-03-10T10:31:07","slug":"sommerhut-trilby-raffia-strohschmuck","status":"publish","type":"product","link":"https:\/\/hutfactory.com\/?product=sommerhut-trilby-raffia-strohschmuck","title":{"rendered":"Sommerhut Trilby Raffia &#8220;Strohschmuck&#8221;"},"content":{"rendered":"<p data-start=\"682\" data-end=\"1216\">Der <strong data-start=\"686\" data-end=\"730\">Sommerhut Trilby Raffia mit Strohschmuck<\/strong> \u00fcberzeugt durch sein <strong data-start=\"752\" data-end=\"799\">leichtes und atmungsaktives Raffia-Geflecht<\/strong>, das optimalen Tragekomfort an sonnigen Tagen garantiert. Mit seiner klassischen <strong data-start=\"881\" data-end=\"896\">Trilby-Form<\/strong>, der stilvollen Einbuchtung in der Krone und einer leicht nach oben gebogenen Krempe ist er ein echter Hingucker. Die handgefertigte Garnitur mit einem <strong data-start=\"1049\" data-end=\"1071\">Hutband aus Leinen<\/strong> in nat\u00fcrlichen Farbt\u00f6nen sowie den kunstvoll gestalteten <strong data-start=\"1129\" data-end=\"1148\">Stroh-Agrements<\/strong> und einem <strong data-start=\"1159\" data-end=\"1182\">Risa-Qualit\u00e4tsknopf<\/strong> runden das Design harmonisch ab.<\/p>\n<p data-start=\"2750\" data-end=\"2773\"><strong data-start=\"2755\" data-end=\"2773\">Perfekt f\u00fcr&#8230;<\/strong><\/p>\n<p data-start=\"2774\" data-end=\"3172\">?? <strong data-start=\"2777\" data-end=\"2800\">Sommerliche Anl\u00e4sse<\/strong> \u0096 Egal ob am Strand, beim Stadtbummel oder im Garten, dieser Trilby Hut mit schmaler Krempe verleiht jedem Outfit das gewisse Etwas.<br data-start=\"2906\" data-end=\"2909\" \/>?? <strong data-start=\"2912\" data-end=\"2931\">Elegante Events<\/strong> \u0096 Die raffinierte Gestaltung und hochwertigen Materialien machen ihn zu einem perfekten Begleiter f\u00fcr gehobene Anl\u00e4sse.<br data-start=\"3051\" data-end=\"3054\" \/>?? <strong data-start=\"3057\" data-end=\"3084\">Natur- und Modebewusste<\/strong> \u0096 F\u00fcr alle, die Wert auf nat\u00fcrliche Materialien und nachhaltige Handwerkskunst legen.<\/p>\n<div class=\"hf-accordions\">\n<hr class=\"hf-accordion-separator\" \/>\n<details class=\"hf-accordion\">\n<summary><strong>\u25b6\ufe0f Gut zu wissen \u2013 mehr erfahren<\/strong><\/summary>\n<div class=\"hf-accordion-content\">\n<h3 data-start=\"1223\" data-end=\"1254\"><strong data-start=\"1227\" data-end=\"1254\">Wichtige Produktdetails<\/strong><\/h3>\n<h4 data-start=\"1255\" data-end=\"1283\"><strong data-start=\"1260\" data-end=\"1281\">Material &#038; Design<\/strong><\/h4>\n<ul data-start=\"1284\" data-end=\"1694\">\n<li data-start=\"1284\" data-end=\"1313\"><strong data-start=\"1286\" data-end=\"1298\">Material<\/strong>: 100% Raffia<\/li>\n<li data-start=\"1314\" data-end=\"1340\"><strong data-start=\"1316\" data-end=\"1330\">Randbreite<\/strong>: 5.0 cm<\/li>\n<li data-start=\"1341\" data-end=\"1366\"><strong data-start=\"1343\" data-end=\"1355\">Kopfh\u00f6he<\/strong>: 11.0 cm<\/li>\n<li data-start=\"1367\" data-end=\"1518\"><strong data-start=\"1369\" data-end=\"1379\">Farben<\/strong>:\n<ul data-start=\"1385\" data-end=\"1518\">\n<li data-start=\"1385\" data-end=\"1451\"><strong data-start=\"1387\" data-end=\"1415\">Natur mit Faden hellblau<\/strong>, Hutband aus Leinen in Blau\/Natur<\/li>\n<li data-start=\"1454\" data-end=\"1518\"><strong data-start=\"1456\" data-end=\"1480\">Natur mit Faden Wei\u00df<\/strong>, Hutband aus Leinen in Nougat\/Natur<\/li>\n<\/ul>\n<\/li>\n<li data-start=\"1519\" data-end=\"1610\"><strong data-start=\"1521\" data-end=\"1533\">Garnitur<\/strong>: Edles Hutband aus Leinen mit Stroh-Agrements und seit 1919 Qualit\u00e4tsknopf<\/li>\n<li data-start=\"1611\" data-end=\"1694\"><strong data-start=\"1613\" data-end=\"1628\">Schwei\u00dfband<\/strong>: Sauber eingen\u00e4htes Textilinnenband f\u00fcr angenehmen Tragekomfort<\/li>\n<\/ul>\n<h4 data-start=\"1696\" data-end=\"1736\"><strong data-start=\"1701\" data-end=\"1734\">Handwerkskunst &#038; Exklusivit\u00e4t<\/strong><\/h4>\n<p data-start=\"1737\" data-end=\"1987\">? <strong data-start=\"1739\" data-end=\"1771\">Handgefertigt in der Schweiz<\/strong> \u0096 In der traditionsreichen Risa Hutmanufaktur gefertigt<br data-start=\"1827\" data-end=\"1830\" \/>? <strong data-start=\"1832\" data-end=\"1854\">Limitierte Auflage<\/strong> \u0096 Exklusives Design mit hochwertigen Materialien<br data-start=\"1903\" data-end=\"1906\" \/>? <strong data-start=\"1908\" data-end=\"1936\">Nachhaltige Verarbeitung<\/strong> \u0096 Nat\u00fcrliche Materialien f\u00fcr umweltbewusste Mode<\/p>\n<h4 data-start=\"1989\" data-end=\"2021\"><strong data-start=\"1994\" data-end=\"2019\">Herstellung &#038; Versand<\/strong><\/h4>\n<p data-start=\"2022\" data-end=\"2210\">?? <strong data-start=\"2025\" data-end=\"2042\">Fertigungsort<\/strong>: Schweizer Hutmanufaktur Risa<br data-start=\"2072\" data-end=\"2075\" \/>? <strong data-start=\"2077\" data-end=\"2092\">Herstellung<\/strong>: 10 bis 15 Arbeitstage nach Zahlungseingang<br data-start=\"2136\" data-end=\"2139\" \/>?? <strong data-start=\"2142\" data-end=\"2153\">Versand<\/strong>: Nach Fertigung innerhalb weniger Tage aus der Schweiz<\/p>\n<h4 data-start=\"2212\" data-end=\"2247\"><strong data-start=\"2217\" data-end=\"2245\">Garantie &#038; Verf\u00fcgbarkeit<\/strong><\/h4>\n<p data-start=\"2248\" data-end=\"2405\">?? <strong data-start=\"2251\" data-end=\"2263\">Garantie<\/strong>: Umtausch nur bei Material- oder Herstellungsfehlern<br data-start=\"2316\" data-end=\"2319\" \/>? <strong data-start=\"2321\" data-end=\"2338\">Verf\u00fcgbarkeit<\/strong>: Begrenzte Auflage \u0096 Schnell bestellen, bevor er vergriffen ist!<\/p>\n<\/div>\n<\/details>\n<details class=\"hf-accordion\">\n<summary><strong>\u25b6\ufe0f FAQ \u2013 H\u00e4ufige Fragen<\/strong><\/summary>\n<div class=\"hf-accordion-content\">\n<h3 data-start=\"2412\" data-end=\"2451\"><strong data-start=\"2416\" data-end=\"2449\">FAQ \u0096 H\u00e4ufig gestellte Fragen<\/strong><\/h3>\n<p data-start=\"2452\" data-end=\"2567\">?? <strong data-start=\"2455\" data-end=\"2482\">Ist der Hut wasserfest?<\/strong><br data-start=\"2482\" data-end=\"2485\" \/>Nein, Raffia ist ein nat\u00fcrliches Material und sollte vor Regen gesch\u00fctzt werden.<\/p>\n<p data-start=\"2569\" data-end=\"2687\">?? <strong data-start=\"2572\" data-end=\"2609\">Wie finde ich die richtige Gr\u00f6\u00dfe?<\/strong><br data-start=\"2609\" data-end=\"2612\" \/>Messen Sie Ihren Kopfumfang in cm und w\u00e4hlen Sie die entsprechende Gr\u00f6\u00dfe.<\/p>\n<p data-start=\"2689\" data-end=\"2844\">?? <strong data-start=\"2692\" data-end=\"2741\">Kann ich den Hut individuell anpassen lassen?<\/strong><br data-start=\"2741\" data-end=\"2744\" \/>Dieses Modell wird in festen Gr\u00f6\u00dfen gefertigt, f\u00fcr Sonderanfertigungen kontaktieren Sie uns gerne.<\/p>\n<p data-start=\"2846\" data-end=\"2966\">?? <strong data-start=\"2849\" data-end=\"2880\">Wie wird der Hut geliefert?<\/strong><br data-start=\"2880\" data-end=\"2883\" \/>Sicher verpackt und direkt aus der Schweiz innerhalb weniger Tage nach Fertigung.<\/p>\n<p data-start=\"2968\" data-end=\"3089\">?? <strong data-start=\"2971\" data-end=\"3014\">Ist dieser Hut f\u00fcr hei\u00dfe Tage geeignet?<\/strong><br data-start=\"3014\" data-end=\"3017\" \/>Ja! Das nat\u00fcrliche Raffia-Material sorgt f\u00fcr optimale Luftzirkulation.<\/p>\n<\/div>\n<\/details>\n<\/div>\n","protected":false},"excerpt":{"rendered":"<h3 data-start=\"0\" data-end=\"83\"><strong data-start=\"4\" data-end=\"83\">Eleganz trifft auf Nat\u00fcrlichkeit<\/strong><\/h3>\n<p data-start=\"85\" data-end=\"394\">Ein exklusiver Trilby-Hut f\u00fcr stilvolle Sommermomente. Der <strong data-start=\"144\" data-end=\"188\">Sommerhut Trilby Raffia mit Strohschmuck<\/strong> vereint feinste Handwerkskunst mit der Leichtigkeit von 100% Raffia. Ob f\u00fcr den Spaziergang am Strand, die Gartenparty oder als modisches Accessoire \u0096 dieser Hut verleiht jedem Look eine zeitlose Eleganz.<\/p>\n","protected":false},"featured_media":18419,"template":"","meta":{"_acf_changed":false,"rs_blank_template":"","rs_page_bg_color":"","slide_template_v7":""},"product_brand":[250],"product_cat":[275,600],"product_tag":[],"class_list":{"0":"post-18418","1":"product","2":"type-product","3":"status-publish","4":"has-post-thumbnail","6":"product_brand-risa-hutwerkstatt-schweiz","7":"product_cat-sommerhuete","8":"product_cat-trilby-sommerhuete","9":"product_shipping_class-mittlere-pakete","10":"pa_color-natur-faden-hellblau","11":"pa_color-natur-faden-weiss","12":"pa_color-natur-beige","13":"pa_groesse-206","14":"pa_groesse-196","15":"pa_groesse-207","16":"pa_groesse-197","17":"pa_groesse-208","18":"pa_groesse-198","19":"pa_groesse-209","20":"pa_groesse-199","21":"pa_groesse-210","22":"yith_product_brand-risa-hutwerkstatt-schweiz","25":"instock","26":"featured","27":"taxable","28":"shipping-taxable","29":"purchasable","30":"product-type-variable","31":"wvs-archive-product-wrapper","32":"add-to-wishlist-after_add_to_cart"},"acf":[],"yoast_head":"<!-- This site is optimized with the Yoast SEO Premium plugin v27.3 (Yoast SEO v27.3) - https:\/\/yoast.com\/product\/yoast-seo-premium-wordpress\/ -->\n<title>Sommerhut Trilby Raffia \u0096 Leicht &amp; stilvoll f\u00fcr den Sommer<\/title>\n<meta name=\"description\" content=\"Handgefertigter Raffia-Trilby aus der Schweiz mit edler Garnitur. Leicht, stilvoll &amp; perfekt der Sommerhut mit Strohschmuck f\u00fcr hei\u00dfe Tage!\" \/>\n<meta name=\"robots\" content=\"index, follow, max-snippet:-1, max-image-preview:large, max-video-preview:-1\" \/>\n<link rel=\"canonical\" href=\"https:\/\/hutfactory.com\/?product=sommerhut-trilby-raffia-strohschmuck\" \/>\n<meta property=\"og:locale\" content=\"de_DE\" \/>\n<meta property=\"og:type\" content=\"article\" \/>\n<meta property=\"og:title\" content=\"Sommerhut Trilby Raffia &quot;Strohschmuck&quot;\" \/>\n<meta property=\"og:description\" content=\"Handgefertigter Raffia-Trilby aus der Schweiz mit edler Garnitur. Leicht, stilvoll &amp; perfekt der Sommerhut mit Strohschmuck f\u00fcr hei\u00dfe Tage!\" \/>\n<meta property=\"og:url\" content=\"https:\/\/hutfactory.com\/?product=sommerhut-trilby-raffia-strohschmuck\" \/>\n<meta property=\"og:site_name\" content=\"Hut Factory\" \/>\n<meta property=\"article:modified_time\" content=\"2026-03-10T10:31:07+00:00\" \/>\n<meta property=\"og:image\" content=\"https:\/\/hutfactory.com\/wp-content\/uploads\/2026\/03\/41302501.alle_.webp\" \/>\n\t<meta property=\"og:image:width\" content=\"750\" \/>\n\t<meta property=\"og:image:height\" content=\"750\" \/>\n\t<meta property=\"og:image:type\" content=\"image\/webp\" \/>\n<meta name=\"twitter:card\" content=\"summary_large_image\" \/>\n<meta name=\"twitter:label1\" content=\"Gesch\u00e4tzte Lesezeit\" \/>\n\t<meta name=\"twitter:data1\" content=\"2\u00a0Minuten\" \/>\n<script type=\"application\/ld+json\" class=\"yoast-schema-graph\">{\"@context\":\"https:\\\/\\\/schema.org\",\"@graph\":[{\"@type\":\"WebPage\",\"@id\":\"https:\\\/\\\/hutfactory.com\\\/?product=sommerhut-trilby-raffia-strohschmuck\",\"url\":\"https:\\\/\\\/hutfactory.com\\\/?product=sommerhut-trilby-raffia-strohschmuck\",\"name\":\"Sommerhut Trilby Raffia \u0096 Leicht & stilvoll f\u00fcr den Sommer\",\"isPartOf\":{\"@id\":\"https:\\\/\\\/hutfactory.com\\\/#website\"},\"primaryImageOfPage\":{\"@id\":\"https:\\\/\\\/hutfactory.com\\\/?product=sommerhut-trilby-raffia-strohschmuck#primaryimage\"},\"image\":{\"@id\":\"https:\\\/\\\/hutfactory.com\\\/?product=sommerhut-trilby-raffia-strohschmuck#primaryimage\"},\"thumbnailUrl\":\"https:\\\/\\\/hutfactory.com\\\/wp-content\\\/uploads\\\/2026\\\/03\\\/41302501.alle_.webp\",\"datePublished\":\"2026-03-10T10:30:38+00:00\",\"dateModified\":\"2026-03-10T10:31:07+00:00\",\"description\":\"Handgefertigter Raffia-Trilby aus der Schweiz mit edler Garnitur. Leicht, stilvoll & perfekt der Sommerhut mit Strohschmuck f\u00fcr hei\u00dfe Tage!\",\"breadcrumb\":{\"@id\":\"https:\\\/\\\/hutfactory.com\\\/?product=sommerhut-trilby-raffia-strohschmuck#breadcrumb\"},\"inLanguage\":\"de\",\"potentialAction\":[{\"@type\":\"ReadAction\",\"target\":[\"https:\\\/\\\/hutfactory.com\\\/?product=sommerhut-trilby-raffia-strohschmuck\"]}]},{\"@type\":\"ImageObject\",\"inLanguage\":\"de\",\"@id\":\"https:\\\/\\\/hutfactory.com\\\/?product=sommerhut-trilby-raffia-strohschmuck#primaryimage\",\"url\":\"https:\\\/\\\/hutfactory.com\\\/wp-content\\\/uploads\\\/2026\\\/03\\\/41302501.alle_.webp\",\"contentUrl\":\"https:\\\/\\\/hutfactory.com\\\/wp-content\\\/uploads\\\/2026\\\/03\\\/41302501.alle_.webp\",\"width\":750,\"height\":750,\"caption\":\"Sommerhut Trilby Raffia mit Strohschmuck|Sommerhut Trilby Raffia \\\"Strohschmuck\\\" Hutband in Nougat\\\/Natur|Sommerhut Trilby Raffia \\\"Strohschmuck\\\" Hutband in Hellblau\\\/Natur\"},{\"@type\":\"BreadcrumbList\",\"@id\":\"https:\\\/\\\/hutfactory.com\\\/?product=sommerhut-trilby-raffia-strohschmuck#breadcrumb\",\"itemListElement\":[{\"@type\":\"ListItem\",\"position\":1,\"name\":\"Start\",\"item\":\"https:\\\/\\\/hutfactory.com\\\/\"},{\"@type\":\"ListItem\",\"position\":2,\"name\":\"Shop\",\"item\":\"https:\\\/\\\/hutfactory.com\\\/?page_id=10\"},{\"@type\":\"ListItem\",\"position\":3,\"name\":\"Sommerhut Trilby Raffia &#8220;Strohschmuck&#8221;\"}]},{\"@type\":\"WebSite\",\"@id\":\"https:\\\/\\\/hutfactory.com\\\/#website\",\"url\":\"https:\\\/\\\/hutfactory.com\\\/\",\"name\":\"Hut Factory\",\"description\":\"H\u00fcte, Kappen &amp; M\u00fctzen in Top Swiss\\\/EU Qualit\u00e4t\",\"publisher\":{\"@id\":\"https:\\\/\\\/hutfactory.com\\\/#organization\"},\"alternateName\":\"Hut Shop\",\"potentialAction\":[{\"@type\":\"SearchAction\",\"target\":{\"@type\":\"EntryPoint\",\"urlTemplate\":\"https:\\\/\\\/hutfactory.com\\\/?s={search_term_string}\"},\"query-input\":{\"@type\":\"PropertyValueSpecification\",\"valueRequired\":true,\"valueName\":\"search_term_string\"}}],\"inLanguage\":\"de\"},{\"@type\":\"Organization\",\"@id\":\"https:\\\/\\\/hutfactory.com\\\/#organization\",\"name\":\"Hut Factory\",\"url\":\"https:\\\/\\\/hutfactory.com\\\/\",\"logo\":{\"@type\":\"ImageObject\",\"inLanguage\":\"de\",\"@id\":\"https:\\\/\\\/hutfactory.com\\\/#\\\/schema\\\/logo\\\/image\\\/\",\"url\":\"https:\\\/\\\/hutfactory.com\\\/wp-content\\\/uploads\\\/2026\\\/01\\\/Logo-hut-factory-1.webp\",\"contentUrl\":\"https:\\\/\\\/hutfactory.com\\\/wp-content\\\/uploads\\\/2026\\\/01\\\/Logo-hut-factory-1.webp\",\"width\":300,\"height\":262,\"caption\":\"Hut Factory\"},\"image\":{\"@id\":\"https:\\\/\\\/hutfactory.com\\\/#\\\/schema\\\/logo\\\/image\\\/\"}}]}<\/script>\n<!-- \/ Yoast SEO Premium plugin. -->","yoast_head_json":{"title":"Sommerhut Trilby Raffia \u0096 Leicht & stilvoll f\u00fcr den Sommer","description":"Handgefertigter Raffia-Trilby aus der Schweiz mit edler Garnitur. Leicht, stilvoll & perfekt der Sommerhut mit Strohschmuck f\u00fcr hei\u00dfe Tage!","robots":{"index":"index","follow":"follow","max-snippet":"max-snippet:-1","max-image-preview":"max-image-preview:large","max-video-preview":"max-video-preview:-1"},"canonical":"https:\/\/hutfactory.com\/?product=sommerhut-trilby-raffia-strohschmuck","og_locale":"de_DE","og_type":"article","og_title":"Sommerhut Trilby Raffia \"Strohschmuck\"","og_description":"Handgefertigter Raffia-Trilby aus der Schweiz mit edler Garnitur. Leicht, stilvoll & perfekt der Sommerhut mit Strohschmuck f\u00fcr hei\u00dfe Tage!","og_url":"https:\/\/hutfactory.com\/?product=sommerhut-trilby-raffia-strohschmuck","og_site_name":"Hut Factory","article_modified_time":"2026-03-10T10:31:07+00:00","og_image":[{"width":750,"height":750,"url":"https:\/\/hutfactory.com\/wp-content\/uploads\/2026\/03\/41302501.alle_.webp","type":"image\/webp"}],"twitter_card":"summary_large_image","twitter_misc":{"Gesch\u00e4tzte Lesezeit":"2\u00a0Minuten"},"schema":{"@context":"https:\/\/schema.org","@graph":[{"@type":"WebPage","@id":"https:\/\/hutfactory.com\/?product=sommerhut-trilby-raffia-strohschmuck","url":"https:\/\/hutfactory.com\/?product=sommerhut-trilby-raffia-strohschmuck","name":"Sommerhut Trilby Raffia \u0096 Leicht & stilvoll f\u00fcr den Sommer","isPartOf":{"@id":"https:\/\/hutfactory.com\/#website"},"primaryImageOfPage":{"@id":"https:\/\/hutfactory.com\/?product=sommerhut-trilby-raffia-strohschmuck#primaryimage"},"image":{"@id":"https:\/\/hutfactory.com\/?product=sommerhut-trilby-raffia-strohschmuck#primaryimage"},"thumbnailUrl":"https:\/\/hutfactory.com\/wp-content\/uploads\/2026\/03\/41302501.alle_.webp","datePublished":"2026-03-10T10:30:38+00:00","dateModified":"2026-03-10T10:31:07+00:00","description":"Handgefertigter Raffia-Trilby aus der Schweiz mit edler Garnitur. Leicht, stilvoll & perfekt der Sommerhut mit Strohschmuck f\u00fcr hei\u00dfe Tage!","breadcrumb":{"@id":"https:\/\/hutfactory.com\/?product=sommerhut-trilby-raffia-strohschmuck#breadcrumb"},"inLanguage":"de","potentialAction":[{"@type":"ReadAction","target":["https:\/\/hutfactory.com\/?product=sommerhut-trilby-raffia-strohschmuck"]}]},{"@type":"ImageObject","inLanguage":"de","@id":"https:\/\/hutfactory.com\/?product=sommerhut-trilby-raffia-strohschmuck#primaryimage","url":"https:\/\/hutfactory.com\/wp-content\/uploads\/2026\/03\/41302501.alle_.webp","contentUrl":"https:\/\/hutfactory.com\/wp-content\/uploads\/2026\/03\/41302501.alle_.webp","width":750,"height":750,"caption":"Sommerhut Trilby Raffia mit Strohschmuck|Sommerhut Trilby Raffia \"Strohschmuck\" Hutband in Nougat\/Natur|Sommerhut Trilby Raffia \"Strohschmuck\" Hutband in Hellblau\/Natur"},{"@type":"BreadcrumbList","@id":"https:\/\/hutfactory.com\/?product=sommerhut-trilby-raffia-strohschmuck#breadcrumb","itemListElement":[{"@type":"ListItem","position":1,"name":"Start","item":"https:\/\/hutfactory.com\/"},{"@type":"ListItem","position":2,"name":"Shop","item":"https:\/\/hutfactory.com\/?page_id=10"},{"@type":"ListItem","position":3,"name":"Sommerhut Trilby Raffia &#8220;Strohschmuck&#8221;"}]},{"@type":"WebSite","@id":"https:\/\/hutfactory.com\/#website","url":"https:\/\/hutfactory.com\/","name":"Hut Factory","description":"H\u00fcte, Kappen &amp; M\u00fctzen in Top Swiss\/EU Qualit\u00e4t","publisher":{"@id":"https:\/\/hutfactory.com\/#organization"},"alternateName":"Hut Shop","potentialAction":[{"@type":"SearchAction","target":{"@type":"EntryPoint","urlTemplate":"https:\/\/hutfactory.com\/?s={search_term_string}"},"query-input":{"@type":"PropertyValueSpecification","valueRequired":true,"valueName":"search_term_string"}}],"inLanguage":"de"},{"@type":"Organization","@id":"https:\/\/hutfactory.com\/#organization","name":"Hut Factory","url":"https:\/\/hutfactory.com\/","logo":{"@type":"ImageObject","inLanguage":"de","@id":"https:\/\/hutfactory.com\/#\/schema\/logo\/image\/","url":"https:\/\/hutfactory.com\/wp-content\/uploads\/2026\/01\/Logo-hut-factory-1.webp","contentUrl":"https:\/\/hutfactory.com\/wp-content\/uploads\/2026\/01\/Logo-hut-factory-1.webp","width":300,"height":262,"caption":"Hut Factory"},"image":{"@id":"https:\/\/hutfactory.com\/#\/schema\/logo\/image\/"}}]}},"_links":{"self":[{"href":"https:\/\/hutfactory.com\/index.php?rest_route=\/wp\/v2\/product\/18418","targetHints":{"allow":["GET"]}}],"collection":[{"href":"https:\/\/hutfactory.com\/index.php?rest_route=\/wp\/v2\/product"}],"about":[{"href":"https:\/\/hutfactory.com\/index.php?rest_route=\/wp\/v2\/types\/product"}],"wp:featuredmedia":[{"embeddable":true,"href":"https:\/\/hutfactory.com\/index.php?rest_route=\/wp\/v2\/media\/18419"}],"wp:attachment":[{"href":"https:\/\/hutfactory.com\/index.php?rest_route=%2Fwp%2Fv2%2Fmedia&parent=18418"}],"wp:term":[{"taxonomy":"product_brand","embeddable":true,"href":"https:\/\/hutfactory.com\/index.php?rest_route=%2Fwp%2Fv2%2Fproduct_brand&post=18418"},{"taxonomy":"product_cat","embeddable":true,"href":"https:\/\/hutfactory.com\/index.php?rest_route=%2Fwp%2Fv2%2Fproduct_cat&post=18418"},{"taxonomy":"product_tag","embeddable":true,"href":"https:\/\/hutfactory.com\/index.php?rest_route=%2Fwp%2Fv2%2Fproduct_tag&post=18418"}],"curies":[{"name":"wp","href":"https:\/\/api.w.org\/{rel}","templated":true}]}}