{"id":16681,"date":"2026-03-10T10:09:18","date_gmt":"2026-03-10T10:09:18","guid":{"rendered":"https:\/\/hutfactory.com\/?product=canotier-freiamt-im-herze"},"modified":"2026-03-10T10:30:01","modified_gmt":"2026-03-10T10:30:01","slug":"canotier-freiamt-im-herze","status":"publish","type":"product","link":"https:\/\/hutfactory.com\/?product=canotier-freiamt-im-herze","title":{"rendered":"Canotier &#8220;Freiamt im Herze&#8221;"},"content":{"rendered":"<h3 class=\"ai-optimize-12\" data-start=\"396\" data-end=\"439\">Modernes Design in historischer Form<\/h3>\n<p class=\"ai-optimize-13\" data-start=\"440\" data-end=\"830\">Die charakteristische, flach gehaltene Krone und der fein gearbeitete, gerade Rand von 5.5 cm machen den Canotier zur perfekten Symbiose aus Eleganz und Alltagstauglichkeit. Die tiefblaue Farbgebung mit nat\u00fcrlicher Strohstruktur wird durch das edle graue Rebsband mit fein gewebtem Poispoil akzentuiert \u0096 veredelt mit dem ikonischen <em data-start=\"773\" data-end=\"789\">Risa seit 1919<\/em>-Qualit\u00e4tsknopf auf klassischer Schlaufe.<\/p>\n<p class=\"ai-optimize-14\" data-start=\"832\" data-end=\"1259\"><strong data-start=\"832\" data-end=\"853\">Perfekt f\u00fcr\u0085.. ??<\/strong><br data-start=\"853\" data-end=\"856\" \/><strong data-start=\"856\" data-end=\"883\">?? Sommerliche Anl\u00e4sse:<\/strong> Der ideale Begleiter f\u00fcr Landpartien, Festivals oder Spazierg\u00e4nge entlang der Reuss \u0096 stilvoll und funktional.<br data-start=\"994\" data-end=\"997\" \/><strong data-start=\"997\" data-end=\"1018\">?? Urbane Events:<\/strong> Dieses Modell verleiht Caf\u00e9besuchen, Kunstausstellungen oder Gartenhochzeiten einen ausdrucksstarken Look.<br data-start=\"1125\" data-end=\"1128\" \/><strong data-start=\"1128\" data-end=\"1158\">?? Natur- und Modebewusst:<\/strong> F\u00fcr Menschen, die handwerkliche Qualit\u00e4t, regionale Produktion und nachhaltige Materialien sch\u00e4tzen.<\/p>\n<div class=\"hf-accordions\">\n<hr class=\"hf-accordion-separator\" \/>\n<details class=\"hf-accordion\">\n<summary><strong>\u25b6\ufe0f Gut zu wissen \u2013 mehr erfahren<\/strong><\/summary>\n<div class=\"hf-accordion-content\">\n<h3 class=\"\" data-start=\"1261\" data-end=\"1290\">Eigenschaften &#038; Details<\/h3>\n<p class=\"\" data-start=\"1291\" data-end=\"1777\"><strong data-start=\"1291\" data-end=\"1304\">Material:<\/strong> 33% Crinol \/ 33% Pedaline \/ 33% Stroh \u0096 leicht, langlebig, formstabil<br data-start=\"1374\" data-end=\"1377\" \/><strong data-start=\"1377\" data-end=\"1392\">Randbreite:<\/strong> 5.5 cm \u0096 dezenter Sonnenschutz mit eleganter Linienf\u00fchrung<br data-start=\"1451\" data-end=\"1454\" \/><strong data-start=\"1454\" data-end=\"1467\">Kopfh\u00f6he:<\/strong> 9.0 cm \u0096 markant flache Krone mit gleichm\u00e4\u00dfiger Proportion<br data-start=\"1526\" data-end=\"1529\" \/><strong data-start=\"1529\" data-end=\"1540\">Farben:<\/strong> Marine-Natur mit grauer Rebsband-Garnitur<br data-start=\"1582\" data-end=\"1585\" \/><strong data-start=\"1585\" data-end=\"1598\">Garnitur:<\/strong> Rebsband in Grau mit eingewebtem Poispoil und ikonischem <em data-start=\"1656\" data-end=\"1672\">Risa seit 1919<\/em>-Knopf auf Schlaufe<br data-start=\"1691\" data-end=\"1694\" \/><strong data-start=\"1694\" data-end=\"1711\">Schweissband:<\/strong> Angenehm weiches, eingen\u00e4htes Textilinnenband<br data-start=\"1757\" data-end=\"1760\" \/><strong data-start=\"1760\" data-end=\"1771\">Gr\u00f6\u00dfen:<\/strong> 54\u009662<\/p>\n<h3 class=\"\" data-start=\"1779\" data-end=\"1806\">Design &#038; Verarbeitung<\/h3>\n<p class=\"\" data-start=\"1807\" data-end=\"2099\">Die harmonische Linienf\u00fchrung und das Spiel aus Natur- und Marinefarben verleihen dem Hut Tiefe und Charakter. Die Kombination aus feiner Struktur und zur\u00fcckhaltender Garnitur l\u00e4sst das Modell gleichzeitig traditionell und modern erscheinen \u0096 ein echtes Stilstatement f\u00fcr Individualist:innen.<\/p>\n<h3 class=\"\" data-start=\"2101\" data-end=\"2135\">Handgefertigt in der Schweiz<\/h3>\n<p class=\"\" data-start=\"2136\" data-end=\"2431\">Jeder <em data-start=\"2142\" data-end=\"2160\">Freiamt im Herze<\/em>-Hut wird im Auftrag der Schweizer Hutmanufaktur Risa von Hand gefertigt. Die Fertigung erfolgt nach Bestellung, mit Hingabe und in bew\u00e4hrter Handwerkstradition \u0096 direkt im Herzen Europas. Kurze Lieferwege, lokale Produktion und nachhaltiges Denken stehen dabei im Fokus.<\/p>\n<h3 class=\"\" data-start=\"2433\" data-end=\"2464\">Nachhaltigkeit &#038; Qualit\u00e4t<\/h3>\n<p class=\"\" data-start=\"2465\" data-end=\"2737\"><strong data-start=\"2465\" data-end=\"2492\">Nat\u00fcrliche Materialien:<\/strong> Pedaline, Crinol und Stroh \u0096 langlebig, leicht und biologisch abbaubar<br data-start=\"2563\" data-end=\"2566\" \/><strong data-start=\"2566\" data-end=\"2596\">Sorgfalt in der Fertigung:<\/strong> Von Hand gefertigt f\u00fcr exklusive Qualit\u00e4t<br data-start=\"2638\" data-end=\"2641\" \/><strong data-start=\"2641\" data-end=\"2669\">Nachhaltige Philosophie:<\/strong> Produziert auf Bestellung \u0096 keine \u00dcberproduktion, keine Kompromisse<\/p>\n<h3 class=\"\" data-start=\"2739\" data-end=\"2766\">Herstellung &#038; Versand<\/h3>\n<p class=\"\" data-start=\"2767\" data-end=\"2957\"><strong data-start=\"2767\" data-end=\"2781\">Fertigung:<\/strong> Jeder Hut wird individuell angefertigt<br data-start=\"2820\" data-end=\"2823\" \/><strong data-start=\"2823\" data-end=\"2844\">Herstellungszeit:<\/strong> 10\u009615 Arbeitstage nach Zahlungseingang<br data-start=\"2883\" data-end=\"2886\" \/><strong data-start=\"2886\" data-end=\"2898\">Versand:<\/strong> Innerhalb weniger Tage aus der Schweiz nach Fertigstellung<\/p>\n<\/div>\n<\/details>\n<details class=\"hf-accordion\">\n<summary><strong>\u25b6\ufe0f FAQ \u2013 H\u00e4ufige Fragen<\/strong><\/summary>\n<div class=\"hf-accordion-content\">\n<h3 class=\"\" data-start=\"2959\" data-end=\"2994\">FAQ \u0096 H\u00e4ufig gestellte Fragen<\/h3>\n<p class=\"\" data-start=\"2996\" data-end=\"3138\"><strong data-start=\"2996\" data-end=\"3027\">Ist der Hut unisex tragbar?<\/strong><br data-start=\"3027\" data-end=\"3030\" \/>Ja \u0096 das Design ist geschlechtsneutral und ideal f\u00fcr alle, die klassische Formen mit modernem Twist m\u00f6gen.<\/p>\n<p class=\"\" data-start=\"3140\" data-end=\"3264\"><strong data-start=\"3140\" data-end=\"3172\">Wie pflege ich den Canotier?<\/strong><br data-start=\"3172\" data-end=\"3175\" \/>Vor Feuchtigkeit sch\u00fctzen, mit einer weichen B\u00fcrste oder einem trockenen Tuch reinigen.<\/p>\n<p class=\"\" data-start=\"3266\" data-end=\"3383\"><strong data-start=\"3266\" data-end=\"3294\">Wie stabil ist die Form?<\/strong><br data-start=\"3294\" data-end=\"3297\" \/>Dank der Materialkombination sehr formbest\u00e4ndig \u0096 bitte trotzdem stets flach lagern.<\/p>\n<p class=\"\" data-start=\"3385\" data-end=\"3470\"><strong data-start=\"3385\" data-end=\"3412\">Ist das Modell rollbar?<\/strong><br data-start=\"3412\" data-end=\"3415\" \/>Nein \u0096 der Canotier ist formstabil und nicht faltbar.<\/p>\n<p class=\"\" data-start=\"3472\" data-end=\"3589\"><strong data-start=\"3472\" data-end=\"3506\">Sch\u00fctzt der Hut vor der Sonne?<\/strong><br data-start=\"3506\" data-end=\"3509\" \/>Ja \u0096 der breite Rand bietet angenehmen Schatten im Gesicht und auf dem Oberkopf.<\/p>\n<\/div>\n<\/details>\n<\/div>\n","protected":false},"excerpt":{"rendered":"<h3 data-start=\"43\" data-end=\"113\">Stil trifft Heimatgef\u00fchl \u0096 ein Canotier f\u00fcr Individualist:innen<\/h3>\n<p class=\"\" data-start=\"114\" data-end=\"394\">Mit dem Modell <em data-start=\"129\" data-end=\"147\">Freiamt im Herze<\/em> vereint sich die klassische Canotier-Form mit einem modernen Texturspiel und traditionsreicher Handwerkskunst. Dieser markant gestreifte Sommerhut ist eine Hommage an Authentizit\u00e4t, Zeitgeist und das Besondere \u0096 getragen mit Stolz und Stilgef\u00fchl.<\/p>\n","protected":false},"featured_media":16160,"template":"","meta":{"_acf_changed":false,"rs_blank_template":"","rs_page_bg_color":"","slide_template_v7":""},"product_brand":[250],"product_cat":[630,275],"product_tag":[],"class_list":{"0":"post-16681","1":"product","2":"type-product","3":"status-publish","4":"has-post-thumbnail","6":"product_brand-risa-hutwerkstatt-schweiz","7":"product_cat-canotier-boater-kreissaege-sommerhuete","8":"product_cat-sommerhuete","9":"product_shipping_class-mittlere-pakete","10":"pa_color-natur-blau","11":"pa_groesse-206","12":"pa_groesse-196","13":"pa_groesse-207","14":"pa_groesse-197","15":"pa_groesse-208","16":"pa_groesse-198","17":"pa_groesse-209","18":"pa_groesse-199","19":"pa_groesse-210","20":"yith_product_brand-risa-hutwerkstatt-schweiz","23":"instock","24":"featured","25":"taxable","26":"shipping-taxable","27":"purchasable","28":"product-type-variable","29":"wvs-archive-product-wrapper","30":"add-to-wishlist-after_add_to_cart"},"acf":[],"yoast_head":"<!-- This site is optimized with the Yoast SEO Premium plugin v27.3 (Yoast SEO v27.3) - https:\/\/yoast.com\/product\/yoast-seo-premium-wordpress\/ -->\n<title>Sommerhut Canotier \u0096 handgefertigt aus Crinol\/Stroh\/Pedaline<\/title>\n<meta name=\"description\" content=\"Sommerhut Canotier \u0084Freiamt im Herze\u0093 \u0096 nachhaltige Eleganz mit ikonischer Risa-Garnitur.\" \/>\n<meta name=\"robots\" content=\"index, follow, max-snippet:-1, max-image-preview:large, max-video-preview:-1\" \/>\n<link rel=\"canonical\" href=\"https:\/\/hutfactory.com\/?product=canotier-freiamt-im-herze\" \/>\n<meta property=\"og:locale\" content=\"de_DE\" \/>\n<meta property=\"og:type\" content=\"article\" \/>\n<meta property=\"og:title\" content=\"Canotier &quot;Freiamt im Herze&quot;\" \/>\n<meta property=\"og:description\" content=\"Sommerhut Canotier \u0084Freiamt im Herze\u0093 \u0096 nachhaltige Eleganz mit ikonischer Risa-Garnitur.\" \/>\n<meta property=\"og:url\" content=\"https:\/\/hutfactory.com\/?product=canotier-freiamt-im-herze\" \/>\n<meta property=\"og:site_name\" content=\"Hut Factory\" \/>\n<meta property=\"article:modified_time\" content=\"2026-03-10T10:30:01+00:00\" \/>\n<meta property=\"og:image\" content=\"https:\/\/hutfactory.com\/wp-content\/uploads\/2026\/03\/10405790.1-scaled-e1645274020813.webp\" \/>\n\t<meta property=\"og:image:width\" content=\"750\" \/>\n\t<meta property=\"og:image:height\" content=\"750\" \/>\n\t<meta property=\"og:image:type\" content=\"image\/webp\" \/>\n<meta name=\"twitter:card\" content=\"summary_large_image\" \/>\n<meta name=\"twitter:label1\" content=\"Gesch\u00e4tzte Lesezeit\" \/>\n\t<meta name=\"twitter:data1\" content=\"2\u00a0Minuten\" \/>\n<script type=\"application\/ld+json\" class=\"yoast-schema-graph\">{\"@context\":\"https:\\\/\\\/schema.org\",\"@graph\":[{\"@type\":\"WebPage\",\"@id\":\"https:\\\/\\\/hutfactory.com\\\/?product=canotier-freiamt-im-herze\",\"url\":\"https:\\\/\\\/hutfactory.com\\\/?product=canotier-freiamt-im-herze\",\"name\":\"Sommerhut Canotier \u0096 handgefertigt aus Crinol\\\/Stroh\\\/Pedaline\",\"isPartOf\":{\"@id\":\"https:\\\/\\\/hutfactory.com\\\/#website\"},\"primaryImageOfPage\":{\"@id\":\"https:\\\/\\\/hutfactory.com\\\/?product=canotier-freiamt-im-herze#primaryimage\"},\"image\":{\"@id\":\"https:\\\/\\\/hutfactory.com\\\/?product=canotier-freiamt-im-herze#primaryimage\"},\"thumbnailUrl\":\"https:\\\/\\\/hutfactory.com\\\/wp-content\\\/uploads\\\/2026\\\/03\\\/10405790.1-scaled-e1645274020813.webp\",\"datePublished\":\"2026-03-10T10:09:18+00:00\",\"dateModified\":\"2026-03-10T10:30:01+00:00\",\"description\":\"Sommerhut Canotier \u0084Freiamt im Herze\u0093 \u0096 nachhaltige Eleganz mit ikonischer Risa-Garnitur.\",\"breadcrumb\":{\"@id\":\"https:\\\/\\\/hutfactory.com\\\/?product=canotier-freiamt-im-herze#breadcrumb\"},\"inLanguage\":\"de\",\"potentialAction\":[{\"@type\":\"ReadAction\",\"target\":[\"https:\\\/\\\/hutfactory.com\\\/?product=canotier-freiamt-im-herze\"]}]},{\"@type\":\"ImageObject\",\"inLanguage\":\"de\",\"@id\":\"https:\\\/\\\/hutfactory.com\\\/?product=canotier-freiamt-im-herze#primaryimage\",\"url\":\"https:\\\/\\\/hutfactory.com\\\/wp-content\\\/uploads\\\/2026\\\/03\\\/10405790.1-scaled-e1645274020813.webp\",\"contentUrl\":\"https:\\\/\\\/hutfactory.com\\\/wp-content\\\/uploads\\\/2026\\\/03\\\/10405790.1-scaled-e1645274020813.webp\",\"width\":750,\"height\":750,\"caption\":\"gefertigt aus Crinol\"},{\"@type\":\"BreadcrumbList\",\"@id\":\"https:\\\/\\\/hutfactory.com\\\/?product=canotier-freiamt-im-herze#breadcrumb\",\"itemListElement\":[{\"@type\":\"ListItem\",\"position\":1,\"name\":\"Start\",\"item\":\"https:\\\/\\\/hutfactory.com\\\/\"},{\"@type\":\"ListItem\",\"position\":2,\"name\":\"Shop\",\"item\":\"https:\\\/\\\/hutfactory.com\\\/?page_id=10\"},{\"@type\":\"ListItem\",\"position\":3,\"name\":\"Canotier &#8220;Freiamt im Herze&#8221;\"}]},{\"@type\":\"WebSite\",\"@id\":\"https:\\\/\\\/hutfactory.com\\\/#website\",\"url\":\"https:\\\/\\\/hutfactory.com\\\/\",\"name\":\"Hut Factory\",\"description\":\"H\u00fcte, Kappen &amp; M\u00fctzen in Top Swiss\\\/EU Qualit\u00e4t\",\"publisher\":{\"@id\":\"https:\\\/\\\/hutfactory.com\\\/#organization\"},\"alternateName\":\"Hut Shop\",\"potentialAction\":[{\"@type\":\"SearchAction\",\"target\":{\"@type\":\"EntryPoint\",\"urlTemplate\":\"https:\\\/\\\/hutfactory.com\\\/?s={search_term_string}\"},\"query-input\":{\"@type\":\"PropertyValueSpecification\",\"valueRequired\":true,\"valueName\":\"search_term_string\"}}],\"inLanguage\":\"de\"},{\"@type\":\"Organization\",\"@id\":\"https:\\\/\\\/hutfactory.com\\\/#organization\",\"name\":\"Hut Factory\",\"url\":\"https:\\\/\\\/hutfactory.com\\\/\",\"logo\":{\"@type\":\"ImageObject\",\"inLanguage\":\"de\",\"@id\":\"https:\\\/\\\/hutfactory.com\\\/#\\\/schema\\\/logo\\\/image\\\/\",\"url\":\"https:\\\/\\\/hutfactory.com\\\/wp-content\\\/uploads\\\/2026\\\/01\\\/Logo-hut-factory-1.webp\",\"contentUrl\":\"https:\\\/\\\/hutfactory.com\\\/wp-content\\\/uploads\\\/2026\\\/01\\\/Logo-hut-factory-1.webp\",\"width\":300,\"height\":262,\"caption\":\"Hut Factory\"},\"image\":{\"@id\":\"https:\\\/\\\/hutfactory.com\\\/#\\\/schema\\\/logo\\\/image\\\/\"}}]}<\/script>\n<!-- \/ Yoast SEO Premium plugin. -->","yoast_head_json":{"title":"Sommerhut Canotier \u0096 handgefertigt aus Crinol\/Stroh\/Pedaline","description":"Sommerhut Canotier \u0084Freiamt im Herze\u0093 \u0096 nachhaltige Eleganz mit ikonischer Risa-Garnitur.","robots":{"index":"index","follow":"follow","max-snippet":"max-snippet:-1","max-image-preview":"max-image-preview:large","max-video-preview":"max-video-preview:-1"},"canonical":"https:\/\/hutfactory.com\/?product=canotier-freiamt-im-herze","og_locale":"de_DE","og_type":"article","og_title":"Canotier \"Freiamt im Herze\"","og_description":"Sommerhut Canotier \u0084Freiamt im Herze\u0093 \u0096 nachhaltige Eleganz mit ikonischer Risa-Garnitur.","og_url":"https:\/\/hutfactory.com\/?product=canotier-freiamt-im-herze","og_site_name":"Hut Factory","article_modified_time":"2026-03-10T10:30:01+00:00","og_image":[{"width":750,"height":750,"url":"https:\/\/hutfactory.com\/wp-content\/uploads\/2026\/03\/10405790.1-scaled-e1645274020813.webp","type":"image\/webp"}],"twitter_card":"summary_large_image","twitter_misc":{"Gesch\u00e4tzte Lesezeit":"2\u00a0Minuten"},"schema":{"@context":"https:\/\/schema.org","@graph":[{"@type":"WebPage","@id":"https:\/\/hutfactory.com\/?product=canotier-freiamt-im-herze","url":"https:\/\/hutfactory.com\/?product=canotier-freiamt-im-herze","name":"Sommerhut Canotier \u0096 handgefertigt aus Crinol\/Stroh\/Pedaline","isPartOf":{"@id":"https:\/\/hutfactory.com\/#website"},"primaryImageOfPage":{"@id":"https:\/\/hutfactory.com\/?product=canotier-freiamt-im-herze#primaryimage"},"image":{"@id":"https:\/\/hutfactory.com\/?product=canotier-freiamt-im-herze#primaryimage"},"thumbnailUrl":"https:\/\/hutfactory.com\/wp-content\/uploads\/2026\/03\/10405790.1-scaled-e1645274020813.webp","datePublished":"2026-03-10T10:09:18+00:00","dateModified":"2026-03-10T10:30:01+00:00","description":"Sommerhut Canotier \u0084Freiamt im Herze\u0093 \u0096 nachhaltige Eleganz mit ikonischer Risa-Garnitur.","breadcrumb":{"@id":"https:\/\/hutfactory.com\/?product=canotier-freiamt-im-herze#breadcrumb"},"inLanguage":"de","potentialAction":[{"@type":"ReadAction","target":["https:\/\/hutfactory.com\/?product=canotier-freiamt-im-herze"]}]},{"@type":"ImageObject","inLanguage":"de","@id":"https:\/\/hutfactory.com\/?product=canotier-freiamt-im-herze#primaryimage","url":"https:\/\/hutfactory.com\/wp-content\/uploads\/2026\/03\/10405790.1-scaled-e1645274020813.webp","contentUrl":"https:\/\/hutfactory.com\/wp-content\/uploads\/2026\/03\/10405790.1-scaled-e1645274020813.webp","width":750,"height":750,"caption":"gefertigt aus Crinol"},{"@type":"BreadcrumbList","@id":"https:\/\/hutfactory.com\/?product=canotier-freiamt-im-herze#breadcrumb","itemListElement":[{"@type":"ListItem","position":1,"name":"Start","item":"https:\/\/hutfactory.com\/"},{"@type":"ListItem","position":2,"name":"Shop","item":"https:\/\/hutfactory.com\/?page_id=10"},{"@type":"ListItem","position":3,"name":"Canotier &#8220;Freiamt im Herze&#8221;"}]},{"@type":"WebSite","@id":"https:\/\/hutfactory.com\/#website","url":"https:\/\/hutfactory.com\/","name":"Hut Factory","description":"H\u00fcte, Kappen &amp; M\u00fctzen in Top Swiss\/EU Qualit\u00e4t","publisher":{"@id":"https:\/\/hutfactory.com\/#organization"},"alternateName":"Hut Shop","potentialAction":[{"@type":"SearchAction","target":{"@type":"EntryPoint","urlTemplate":"https:\/\/hutfactory.com\/?s={search_term_string}"},"query-input":{"@type":"PropertyValueSpecification","valueRequired":true,"valueName":"search_term_string"}}],"inLanguage":"de"},{"@type":"Organization","@id":"https:\/\/hutfactory.com\/#organization","name":"Hut Factory","url":"https:\/\/hutfactory.com\/","logo":{"@type":"ImageObject","inLanguage":"de","@id":"https:\/\/hutfactory.com\/#\/schema\/logo\/image\/","url":"https:\/\/hutfactory.com\/wp-content\/uploads\/2026\/01\/Logo-hut-factory-1.webp","contentUrl":"https:\/\/hutfactory.com\/wp-content\/uploads\/2026\/01\/Logo-hut-factory-1.webp","width":300,"height":262,"caption":"Hut Factory"},"image":{"@id":"https:\/\/hutfactory.com\/#\/schema\/logo\/image\/"}}]}},"_links":{"self":[{"href":"https:\/\/hutfactory.com\/index.php?rest_route=\/wp\/v2\/product\/16681","targetHints":{"allow":["GET"]}}],"collection":[{"href":"https:\/\/hutfactory.com\/index.php?rest_route=\/wp\/v2\/product"}],"about":[{"href":"https:\/\/hutfactory.com\/index.php?rest_route=\/wp\/v2\/types\/product"}],"wp:featuredmedia":[{"embeddable":true,"href":"https:\/\/hutfactory.com\/index.php?rest_route=\/wp\/v2\/media\/16160"}],"wp:attachment":[{"href":"https:\/\/hutfactory.com\/index.php?rest_route=%2Fwp%2Fv2%2Fmedia&parent=16681"}],"wp:term":[{"taxonomy":"product_brand","embeddable":true,"href":"https:\/\/hutfactory.com\/index.php?rest_route=%2Fwp%2Fv2%2Fproduct_brand&post=16681"},{"taxonomy":"product_cat","embeddable":true,"href":"https:\/\/hutfactory.com\/index.php?rest_route=%2Fwp%2Fv2%2Fproduct_cat&post=16681"},{"taxonomy":"product_tag","embeddable":true,"href":"https:\/\/hutfactory.com\/index.php?rest_route=%2Fwp%2Fv2%2Fproduct_tag&post=16681"}],"curies":[{"name":"wp","href":"https:\/\/api.w.org\/{rel}","templated":true}]}}