{"id":16659,"date":"2026-03-10T10:09:18","date_gmt":"2026-03-10T10:09:18","guid":{"rendered":"https:\/\/hutfactory.com\/?product=strohhut-bucket-breezy-straw-fabric"},"modified":"2026-03-10T10:10:54","modified_gmt":"2026-03-10T10:10:54","slug":"strohhut-bucket-breezy-straw-fabric","status":"publish","type":"product","link":"https:\/\/hutfactory.com\/?product=strohhut-bucket-breezy-straw-fabric","title":{"rendered":"Strohhut Bucket Breezy Straw Fabric"},"content":{"rendered":"<h3 data-start=\"471\" data-end=\"515\"><strong>L\u00e4ssig. Luftig. Limitlos kombinierbar.<\/strong><\/h3>\n<p data-start=\"516\" data-end=\"853\">Dieser Damen Bucket-Hut ist nicht nur ein modisches Statement, sondern \u00fcberzeugt auch funktional: Die runde Krone bietet angenehme Luftzirkulation, w\u00e4hrend der textilbezogene Rand f\u00fcr Schatten sorgt. Das schmale Jeans-Hutband mit dem ikonischen <em data-start=\"755\" data-end=\"771\">Risa seit 1919<\/em>-Knopf setzt einen dezenten Akzent und unterstreicht die hochwertige Verarbeitung.<\/p>\n<p data-start=\"855\" data-end=\"1265\"><strong data-start=\"855\" data-end=\"874\">Perfekt f\u00fcr\u0085 ??<\/strong><br data-start=\"874\" data-end=\"877\" \/><strong data-start=\"877\" data-end=\"904\">?? Sommerliche Anl\u00e4sse:<\/strong> Der ideale Begleiter f\u00fcr Festivals, Marktbesuche, Velotouren oder Picknicks im Park.<br data-start=\"989\" data-end=\"992\" \/><strong data-start=\"992\" data-end=\"1025\">?? Streetstyle &#038; Casual Wear:<\/strong> Harmoniert mit Jeans, Leinenkleid oder Oversized-Shirt \u0096 f\u00fcr einen frischen Sommerlook mit Pers\u00f6nlichkeit.<br data-start=\"1132\" data-end=\"1135\" \/><strong data-start=\"1135\" data-end=\"1165\">?? Natur- und Modebewusst:<\/strong> Gefertigt aus nat\u00fcrlichen und recycelbaren Materialien \u0096 stylisch mit klarem \u00f6kologischen Anspruch.<\/p>\n<div class=\"hf-accordions\">\n<hr class=\"hf-accordion-separator\" \/>\n<details class=\"hf-accordion\">\n<summary><strong>\u25b6\ufe0f Gut zu wissen \u2013 mehr erfahren<\/strong><\/summary>\n<div class=\"hf-accordion-content\">\n<h3 class=\"\" data-start=\"1267\" data-end=\"1296\">Eigenschaften &#038; Details<\/h3>\n<p class=\"\" data-start=\"1297\" data-end=\"1810\"><strong data-start=\"1297\" data-end=\"1310\">Material:<\/strong> 50 % Straw \/ 25 % Schurwolle (WV) \/ 15 % Baumwolle (CO) \/ 10 % Polyester (PL) \u0096 leicht, atmungsaktiv und formbest\u00e4ndig<br data-start=\"1429\" data-end=\"1432\" \/><strong data-start=\"1432\" data-end=\"1447\">Randbreite:<\/strong> 4.0 cm \u0096 dekorativ und funktional zugleich<br data-start=\"1490\" data-end=\"1493\" \/><strong data-start=\"1493\" data-end=\"1506\">Kopfh\u00f6he:<\/strong> 9.0 cm \u0096 kompakte Bucketform f\u00fcr urbanen Komfort<br data-start=\"1555\" data-end=\"1558\" \/><strong data-start=\"1558\" data-end=\"1569\">Farben:<\/strong> Naturfarbener Hutkopf mit rotem Stoffrand in Multicolor<br data-start=\"1625\" data-end=\"1628\" \/><strong data-start=\"1628\" data-end=\"1639\">Gr\u00f6\u00dfen:<\/strong> 54\u009661<br data-start=\"1645\" data-end=\"1648\" \/><strong data-start=\"1648\" data-end=\"1661\">Garnitur:<\/strong> Schmaler Jeansstreifen mit schwarzem Risa Qualit\u00e4tsknopf \u0096 modern &#038; unaufdringlich<br data-start=\"1744\" data-end=\"1747\" \/><strong data-start=\"1747\" data-end=\"1764\">Schweissband:<\/strong> Textilinnenband f\u00fcr angenehmen Tragekomfort<\/p>\n<h3 class=\"\" data-start=\"1812\" data-end=\"1839\">Design &#038; Verarbeitung<\/h3>\n<p class=\"\" data-start=\"1840\" data-end=\"2124\">Die charakteristische Kombination aus Naturstroh und farblich strukturierter Stoffkrempe verleiht dem Modell seinen frischen, fast k\u00fcnstlerischen Look. Der rund geformte Hutkopf in klassischer Bucket-Silhouette sorgt f\u00fcr eine jugendliche Note \u0096 ideal f\u00fcr modebewusste Individualisten.<\/p>\n<h3 class=\"\" data-start=\"2126\" data-end=\"2160\">Handgefertigt in der Schweiz<\/h3>\n<p class=\"\" data-start=\"2161\" data-end=\"2401\">Jedes Exemplar entsteht auf Bestellung in der Risa Hutmanufaktur \u0096 in Handarbeit und mit viel Liebe zum Detail. Die Verbindung aus regionaler Herstellung und hochwertigen europ\u00e4ischen Materialien sorgt f\u00fcr Qualit\u00e4t, die man sp\u00fcrt und sieht.<\/p>\n<h3 class=\"\" data-start=\"2403\" data-end=\"2434\">Nachhaltigkeit &#038; Qualit\u00e4t<\/h3>\n<p class=\"\" data-start=\"2435\" data-end=\"2764\"><strong data-start=\"2435\" data-end=\"2456\">Nat\u00fcrliche Basis:<\/strong> Stroh, Baumwolle und Schurwolle sind umweltschonend, atmungsaktiv und langlebig.<br data-start=\"2537\" data-end=\"2540\" \/><strong data-start=\"2540\" data-end=\"2563\">Traditionshandwerk:<\/strong> \u00dcber 100 Jahre Hutmacherkunst treffen auf modernes Designverst\u00e4ndnis.<br data-start=\"2633\" data-end=\"2636\" \/><strong data-start=\"2636\" data-end=\"2657\">Zukunft mit Stil:<\/strong> Durch die Verarbeitung in kleinen Serien vermeiden wir \u00dcberproduktion und setzen auf Qualit\u00e4t statt Masse.<\/p>\n<h3 class=\"\" data-start=\"2766\" data-end=\"2793\">Herstellung &#038; Versand<\/h3>\n<p class=\"\" data-start=\"2794\" data-end=\"3030\"><strong data-start=\"2794\" data-end=\"2823\">Fertigung auf Bestellung:<\/strong> Keine Lagerware \u0096 jedes Modell wird individuell f\u00fcr Sie gefertigt.<br data-start=\"2890\" data-end=\"2893\" \/><strong data-start=\"2893\" data-end=\"2914\">Herstellungszeit:<\/strong> 10\u009615 Arbeitstage nach Zahlungseingang<br data-start=\"2953\" data-end=\"2956\" \/><strong data-start=\"2956\" data-end=\"2968\">Versand:<\/strong> Innerhalb weniger Tage ab Manufakturstandort in der Schweiz<\/p>\n<\/div>\n<\/details>\n<details class=\"hf-accordion\">\n<summary><strong>\u25b6\ufe0f FAQ \u2013 H\u00e4ufige Fragen<\/strong><\/summary>\n<div class=\"hf-accordion-content\">\n<h3 class=\"\" data-start=\"3032\" data-end=\"3067\">FAQ \u0096 H\u00e4ufig gestellte Fragen<\/h3>\n<p class=\"\" data-start=\"3068\" data-end=\"3211\"><strong data-start=\"3068\" data-end=\"3112\">Ist der Hut robust genug f\u00fcr den Alltag?<\/strong><br data-start=\"3112\" data-end=\"3115\" \/>Ja, durch die Materialkombination aus Stroh und Stoff ist er gleichzeitig stabil und flexibel.<\/p>\n<p class=\"\" data-start=\"3213\" data-end=\"3328\"><strong data-start=\"3213\" data-end=\"3235\">Wie sitzt der Hut?<\/strong><br data-start=\"3235\" data-end=\"3238\" \/>Die Passform ist klassisch bequem mit weichem Textilband \u0096 weder zu fest noch zu locker.<\/p>\n<p class=\"\" data-start=\"3330\" data-end=\"3440\"><strong data-start=\"3330\" data-end=\"3357\">Ist der Hut wasserfest?<\/strong><br data-start=\"3357\" data-end=\"3360\" \/>Nicht f\u00fcr Regen geeignet \u0096 bitte trocken lagern und vor Feuchtigkeit sch\u00fctzen.<\/p>\n<p class=\"\" data-start=\"3442\" data-end=\"3576\"><strong data-start=\"3442\" data-end=\"3475\">Kann ich den Hut zur\u00fcckgeben?<\/strong><br data-start=\"3475\" data-end=\"3478\" \/>Nein, da es sich um eine individuelle Anfertigung handelt \u0096 Umtausch nur bei Produktionsfehlern.<\/p>\n<\/div>\n<\/details>\n<\/div>\n","protected":false},"excerpt":{"rendered":"<h3 class=\"\" data-start=\"75\" data-end=\"127\">Ein stylischer Allrounder f\u00fcr urbane Entdeckerinnen<\/h3>\n<p class=\"\" data-start=\"128\" data-end=\"469\">Mit dem Damenhut <em data-start=\"136\" data-end=\"166\">Bucket Breezy Straw &#038; Fabric<\/em> holen Sie sich die perfekte Symbiose aus traditionellem Strohhut und modernem Stoffdesign. Der naturbelassene, luftig geflochtene Hutkopf trifft auf einen textil\u00fcberzogenen, bunt gemusterten Krempenrand in Rot-Mix \u0096 ein au\u00dfergew\u00f6hnlicher Look f\u00fcr alle, die Individualit\u00e4t und Sommerleichtigkeit lieben.<\/p>\n","protected":false},"featured_media":16660,"template":"","meta":{"_acf_changed":false,"rs_blank_template":"","rs_page_bg_color":"","slide_template_v7":""},"product_brand":[250],"product_cat":[399,446,275],"product_tag":[],"class_list":{"0":"post-16659","1":"product","2":"type-product","3":"status-publish","4":"has-post-thumbnail","6":"product_brand-risa-hutwerkstatt-schweiz","7":"product_cat-bucket-sommerhuete","8":"product_cat-cloche-sommerhuete","9":"product_cat-sommerhuete","10":"product_shipping_class-mittlere-pakete","11":"pa_color-natur-bordeaux","12":"pa_groesse-206","13":"pa_groesse-196","14":"pa_groesse-207","15":"pa_groesse-197","16":"pa_groesse-208","17":"pa_groesse-198","18":"pa_groesse-209","19":"pa_groesse-199","20":"pa_groesse-210","21":"yith_product_brand-risa-hutwerkstatt-schweiz","24":"instock","25":"taxable","26":"shipping-taxable","27":"purchasable","28":"product-type-variable","29":"wvs-archive-product-wrapper","30":"add-to-wishlist-after_add_to_cart"},"acf":[],"yoast_head":"<!-- This site is optimized with the Yoast SEO Premium plugin v27.3 (Yoast SEO v27.3) - https:\/\/yoast.com\/product\/yoast-seo-premium-wordpress\/ -->\n<title>Der Bucket Damenhut vereint Stil, Funktionalit\u00e4t &amp; Vielseitigkeit<\/title>\n<meta name=\"description\" content=\"Bestellen Sie Ihren Damenhut Bucket Breezy Straw &amp; Fabric in Natur\/Rot noch heute und verleihen Sie Ihrem Look das gewisse Etwas!\" \/>\n<meta name=\"robots\" content=\"index, follow, max-snippet:-1, max-image-preview:large, max-video-preview:-1\" \/>\n<link rel=\"canonical\" href=\"https:\/\/hutfactory.com\/?product=strohhut-bucket-breezy-straw-fabric\" \/>\n<meta property=\"og:locale\" content=\"de_DE\" \/>\n<meta property=\"og:type\" content=\"article\" \/>\n<meta property=\"og:title\" content=\"Strohhut Bucket Breezy Straw Fabric\" \/>\n<meta property=\"og:description\" content=\"Bestellen Sie Ihren Damenhut Bucket Breezy Straw &amp; Fabric in Natur\/Rot noch heute und verleihen Sie Ihrem Look das gewisse Etwas!\" \/>\n<meta property=\"og:url\" content=\"https:\/\/hutfactory.com\/?product=strohhut-bucket-breezy-straw-fabric\" \/>\n<meta property=\"og:site_name\" content=\"Hut Factory\" \/>\n<meta property=\"article:modified_time\" content=\"2026-03-10T10:10:54+00:00\" \/>\n<meta property=\"og:image\" content=\"https:\/\/hutfactory.com\/wp-content\/uploads\/2026\/03\/42205970.1-1-scaled-e1683620217766.webp\" \/>\n\t<meta property=\"og:image:width\" content=\"750\" \/>\n\t<meta property=\"og:image:height\" content=\"750\" \/>\n\t<meta property=\"og:image:type\" content=\"image\/webp\" \/>\n<meta name=\"twitter:card\" content=\"summary_large_image\" \/>\n<meta name=\"twitter:label1\" content=\"Gesch\u00e4tzte Lesezeit\" \/>\n\t<meta name=\"twitter:data1\" content=\"2\u00a0Minuten\" \/>\n<script type=\"application\/ld+json\" class=\"yoast-schema-graph\">{\"@context\":\"https:\\\/\\\/schema.org\",\"@graph\":[{\"@type\":\"WebPage\",\"@id\":\"https:\\\/\\\/hutfactory.com\\\/?product=strohhut-bucket-breezy-straw-fabric\",\"url\":\"https:\\\/\\\/hutfactory.com\\\/?product=strohhut-bucket-breezy-straw-fabric\",\"name\":\"Der Bucket Damenhut vereint Stil, Funktionalit\u00e4t & Vielseitigkeit\",\"isPartOf\":{\"@id\":\"https:\\\/\\\/hutfactory.com\\\/#website\"},\"primaryImageOfPage\":{\"@id\":\"https:\\\/\\\/hutfactory.com\\\/?product=strohhut-bucket-breezy-straw-fabric#primaryimage\"},\"image\":{\"@id\":\"https:\\\/\\\/hutfactory.com\\\/?product=strohhut-bucket-breezy-straw-fabric#primaryimage\"},\"thumbnailUrl\":\"https:\\\/\\\/hutfactory.com\\\/wp-content\\\/uploads\\\/2026\\\/03\\\/42205970.1-1-scaled-e1683620217766.webp\",\"datePublished\":\"2026-03-10T10:09:18+00:00\",\"dateModified\":\"2026-03-10T10:10:54+00:00\",\"description\":\"Bestellen Sie Ihren Damenhut Bucket Breezy Straw & Fabric in Natur\\\/Rot noch heute und verleihen Sie Ihrem Look das gewisse Etwas!\",\"breadcrumb\":{\"@id\":\"https:\\\/\\\/hutfactory.com\\\/?product=strohhut-bucket-breezy-straw-fabric#breadcrumb\"},\"inLanguage\":\"de\",\"potentialAction\":[{\"@type\":\"ReadAction\",\"target\":[\"https:\\\/\\\/hutfactory.com\\\/?product=strohhut-bucket-breezy-straw-fabric\"]}]},{\"@type\":\"ImageObject\",\"inLanguage\":\"de\",\"@id\":\"https:\\\/\\\/hutfactory.com\\\/?product=strohhut-bucket-breezy-straw-fabric#primaryimage\",\"url\":\"https:\\\/\\\/hutfactory.com\\\/wp-content\\\/uploads\\\/2026\\\/03\\\/42205970.1-1-scaled-e1683620217766.webp\",\"contentUrl\":\"https:\\\/\\\/hutfactory.com\\\/wp-content\\\/uploads\\\/2026\\\/03\\\/42205970.1-1-scaled-e1683620217766.webp\",\"width\":750,\"height\":750,\"caption\":\"Handgefertigter Sommerhut im Bucket-Stil aus Naturstroh und Textil \u0096 gefertigt in der Schweizer Hutmanufaktur Risa|\"},{\"@type\":\"BreadcrumbList\",\"@id\":\"https:\\\/\\\/hutfactory.com\\\/?product=strohhut-bucket-breezy-straw-fabric#breadcrumb\",\"itemListElement\":[{\"@type\":\"ListItem\",\"position\":1,\"name\":\"Start\",\"item\":\"https:\\\/\\\/hutfactory.com\\\/\"},{\"@type\":\"ListItem\",\"position\":2,\"name\":\"Shop\",\"item\":\"https:\\\/\\\/hutfactory.com\\\/?page_id=10\"},{\"@type\":\"ListItem\",\"position\":3,\"name\":\"Strohhut Bucket Breezy Straw Fabric\"}]},{\"@type\":\"WebSite\",\"@id\":\"https:\\\/\\\/hutfactory.com\\\/#website\",\"url\":\"https:\\\/\\\/hutfactory.com\\\/\",\"name\":\"Hut Factory\",\"description\":\"H\u00fcte, Kappen &amp; M\u00fctzen in Top Swiss\\\/EU Qualit\u00e4t\",\"publisher\":{\"@id\":\"https:\\\/\\\/hutfactory.com\\\/#organization\"},\"alternateName\":\"Hut Shop\",\"potentialAction\":[{\"@type\":\"SearchAction\",\"target\":{\"@type\":\"EntryPoint\",\"urlTemplate\":\"https:\\\/\\\/hutfactory.com\\\/?s={search_term_string}\"},\"query-input\":{\"@type\":\"PropertyValueSpecification\",\"valueRequired\":true,\"valueName\":\"search_term_string\"}}],\"inLanguage\":\"de\"},{\"@type\":\"Organization\",\"@id\":\"https:\\\/\\\/hutfactory.com\\\/#organization\",\"name\":\"Hut Factory\",\"url\":\"https:\\\/\\\/hutfactory.com\\\/\",\"logo\":{\"@type\":\"ImageObject\",\"inLanguage\":\"de\",\"@id\":\"https:\\\/\\\/hutfactory.com\\\/#\\\/schema\\\/logo\\\/image\\\/\",\"url\":\"https:\\\/\\\/hutfactory.com\\\/wp-content\\\/uploads\\\/2026\\\/01\\\/Logo-hut-factory-1.webp\",\"contentUrl\":\"https:\\\/\\\/hutfactory.com\\\/wp-content\\\/uploads\\\/2026\\\/01\\\/Logo-hut-factory-1.webp\",\"width\":300,\"height\":262,\"caption\":\"Hut Factory\"},\"image\":{\"@id\":\"https:\\\/\\\/hutfactory.com\\\/#\\\/schema\\\/logo\\\/image\\\/\"}}]}<\/script>\n<!-- \/ Yoast SEO Premium plugin. -->","yoast_head_json":{"title":"Der Bucket Damenhut vereint Stil, Funktionalit\u00e4t & Vielseitigkeit","description":"Bestellen Sie Ihren Damenhut Bucket Breezy Straw & Fabric in Natur\/Rot noch heute und verleihen Sie Ihrem Look das gewisse Etwas!","robots":{"index":"index","follow":"follow","max-snippet":"max-snippet:-1","max-image-preview":"max-image-preview:large","max-video-preview":"max-video-preview:-1"},"canonical":"https:\/\/hutfactory.com\/?product=strohhut-bucket-breezy-straw-fabric","og_locale":"de_DE","og_type":"article","og_title":"Strohhut Bucket Breezy Straw Fabric","og_description":"Bestellen Sie Ihren Damenhut Bucket Breezy Straw & Fabric in Natur\/Rot noch heute und verleihen Sie Ihrem Look das gewisse Etwas!","og_url":"https:\/\/hutfactory.com\/?product=strohhut-bucket-breezy-straw-fabric","og_site_name":"Hut Factory","article_modified_time":"2026-03-10T10:10:54+00:00","og_image":[{"width":750,"height":750,"url":"https:\/\/hutfactory.com\/wp-content\/uploads\/2026\/03\/42205970.1-1-scaled-e1683620217766.webp","type":"image\/webp"}],"twitter_card":"summary_large_image","twitter_misc":{"Gesch\u00e4tzte Lesezeit":"2\u00a0Minuten"},"schema":{"@context":"https:\/\/schema.org","@graph":[{"@type":"WebPage","@id":"https:\/\/hutfactory.com\/?product=strohhut-bucket-breezy-straw-fabric","url":"https:\/\/hutfactory.com\/?product=strohhut-bucket-breezy-straw-fabric","name":"Der Bucket Damenhut vereint Stil, Funktionalit\u00e4t & Vielseitigkeit","isPartOf":{"@id":"https:\/\/hutfactory.com\/#website"},"primaryImageOfPage":{"@id":"https:\/\/hutfactory.com\/?product=strohhut-bucket-breezy-straw-fabric#primaryimage"},"image":{"@id":"https:\/\/hutfactory.com\/?product=strohhut-bucket-breezy-straw-fabric#primaryimage"},"thumbnailUrl":"https:\/\/hutfactory.com\/wp-content\/uploads\/2026\/03\/42205970.1-1-scaled-e1683620217766.webp","datePublished":"2026-03-10T10:09:18+00:00","dateModified":"2026-03-10T10:10:54+00:00","description":"Bestellen Sie Ihren Damenhut Bucket Breezy Straw & Fabric in Natur\/Rot noch heute und verleihen Sie Ihrem Look das gewisse Etwas!","breadcrumb":{"@id":"https:\/\/hutfactory.com\/?product=strohhut-bucket-breezy-straw-fabric#breadcrumb"},"inLanguage":"de","potentialAction":[{"@type":"ReadAction","target":["https:\/\/hutfactory.com\/?product=strohhut-bucket-breezy-straw-fabric"]}]},{"@type":"ImageObject","inLanguage":"de","@id":"https:\/\/hutfactory.com\/?product=strohhut-bucket-breezy-straw-fabric#primaryimage","url":"https:\/\/hutfactory.com\/wp-content\/uploads\/2026\/03\/42205970.1-1-scaled-e1683620217766.webp","contentUrl":"https:\/\/hutfactory.com\/wp-content\/uploads\/2026\/03\/42205970.1-1-scaled-e1683620217766.webp","width":750,"height":750,"caption":"Handgefertigter Sommerhut im Bucket-Stil aus Naturstroh und Textil \u0096 gefertigt in der Schweizer Hutmanufaktur Risa|"},{"@type":"BreadcrumbList","@id":"https:\/\/hutfactory.com\/?product=strohhut-bucket-breezy-straw-fabric#breadcrumb","itemListElement":[{"@type":"ListItem","position":1,"name":"Start","item":"https:\/\/hutfactory.com\/"},{"@type":"ListItem","position":2,"name":"Shop","item":"https:\/\/hutfactory.com\/?page_id=10"},{"@type":"ListItem","position":3,"name":"Strohhut Bucket Breezy Straw Fabric"}]},{"@type":"WebSite","@id":"https:\/\/hutfactory.com\/#website","url":"https:\/\/hutfactory.com\/","name":"Hut Factory","description":"H\u00fcte, Kappen &amp; M\u00fctzen in Top Swiss\/EU Qualit\u00e4t","publisher":{"@id":"https:\/\/hutfactory.com\/#organization"},"alternateName":"Hut Shop","potentialAction":[{"@type":"SearchAction","target":{"@type":"EntryPoint","urlTemplate":"https:\/\/hutfactory.com\/?s={search_term_string}"},"query-input":{"@type":"PropertyValueSpecification","valueRequired":true,"valueName":"search_term_string"}}],"inLanguage":"de"},{"@type":"Organization","@id":"https:\/\/hutfactory.com\/#organization","name":"Hut Factory","url":"https:\/\/hutfactory.com\/","logo":{"@type":"ImageObject","inLanguage":"de","@id":"https:\/\/hutfactory.com\/#\/schema\/logo\/image\/","url":"https:\/\/hutfactory.com\/wp-content\/uploads\/2026\/01\/Logo-hut-factory-1.webp","contentUrl":"https:\/\/hutfactory.com\/wp-content\/uploads\/2026\/01\/Logo-hut-factory-1.webp","width":300,"height":262,"caption":"Hut Factory"},"image":{"@id":"https:\/\/hutfactory.com\/#\/schema\/logo\/image\/"}}]}},"_links":{"self":[{"href":"https:\/\/hutfactory.com\/index.php?rest_route=\/wp\/v2\/product\/16659","targetHints":{"allow":["GET"]}}],"collection":[{"href":"https:\/\/hutfactory.com\/index.php?rest_route=\/wp\/v2\/product"}],"about":[{"href":"https:\/\/hutfactory.com\/index.php?rest_route=\/wp\/v2\/types\/product"}],"wp:featuredmedia":[{"embeddable":true,"href":"https:\/\/hutfactory.com\/index.php?rest_route=\/wp\/v2\/media\/16660"}],"wp:attachment":[{"href":"https:\/\/hutfactory.com\/index.php?rest_route=%2Fwp%2Fv2%2Fmedia&parent=16659"}],"wp:term":[{"taxonomy":"product_brand","embeddable":true,"href":"https:\/\/hutfactory.com\/index.php?rest_route=%2Fwp%2Fv2%2Fproduct_brand&post=16659"},{"taxonomy":"product_cat","embeddable":true,"href":"https:\/\/hutfactory.com\/index.php?rest_route=%2Fwp%2Fv2%2Fproduct_cat&post=16659"},{"taxonomy":"product_tag","embeddable":true,"href":"https:\/\/hutfactory.com\/index.php?rest_route=%2Fwp%2Fv2%2Fproduct_tag&post=16659"}],"curies":[{"name":"wp","href":"https:\/\/api.w.org\/{rel}","templated":true}]}}