{"id":16548,"date":"2026-03-10T10:08:20","date_gmt":"2026-03-10T10:08:20","guid":{"rendered":"https:\/\/hutfactory.com\/?product=cloche-breit-raffia-mit-hanfschnur"},"modified":"2026-03-10T10:10:33","modified_gmt":"2026-03-10T10:10:33","slug":"cloche-breit-raffia-mit-hanfschnur","status":"publish","type":"product","link":"https:\/\/hutfactory.com\/?product=cloche-breit-raffia-mit-hanfschnur","title":{"rendered":"Cloche breit Raffia mit Hanfschnur"},"content":{"rendered":"<h3 class=\"\" data-start=\"0\" data-end=\"76\">F\u00fcr stilvolle Tage in der Sonne<\/h3>\n<p class=\"\" data-start=\"78\" data-end=\"768\">Ein Hauch von Nostalgie trifft auf sommerliche Raffinesse: Der <em data-start=\"141\" data-end=\"186\">Damenhut Cloche breit Raffia mit Hanfschnur<\/em> vereint die Nat\u00fcrlichkeit von handgeflochtenem Raffia mit liebevollen Details, die an die Eleganz traditioneller Kopfbedeckungen erinnern. Der gro\u00dfz\u00fcgige Rand bietet angenehmen Schatten an warmen Tagen, w\u00e4hrend die formsch\u00f6ne Cloche-Krone dem Gesicht schmeichelhaft Kontur verleiht. Das Besondere: Die zweifach erh\u00e4ltliche Garnitur \u0096 wahlweise mit grafischem Romboid- oder floralem Stoffband \u0096 wird durch eine filigrane Hanfschnur erg\u00e4nzt und mit dem ikonischen \u0084Risa seit 1919\u0093-Qualit\u00e4tsknopf veredelt. Ein Must-have f\u00fcr alle, die Stilbewusstsein mit Naturverbundenheit verbinden.<\/p>\n<p class=\"\" data-start=\"770\" data-end=\"788\"><strong data-start=\"770\" data-end=\"788\">Perfekt f\u00fcr\u0085??<\/strong><\/p>\n<p class=\"\" data-start=\"790\" data-end=\"985\"><strong data-start=\"790\" data-end=\"817\">?? Sommerliche Anl\u00e4sse:<\/strong> Egal ob beim Wochenmarkt, im Garten-Caf\u00e9 oder auf dem Weg zur Sommerausstellung \u0096 dieser Hut sorgt stets f\u00fcr einen stilvollen Auftritt mit UV-Schutz und Nat\u00fcrlichkeit.<\/p>\n<p class=\"\" data-start=\"987\" data-end=\"1151\"><strong data-start=\"987\" data-end=\"1010\">?? Elegante Events:<\/strong> Das traditionelle Design mit modernem Twist macht ihn zum Begleiter f\u00fcr sommerliche Matin\u00e9es, Outdoor-Hochzeiten oder exklusive Gartenfeste.<\/p>\n<p class=\"\" data-start=\"1153\" data-end=\"1337\"><strong data-start=\"1153\" data-end=\"1183\">?? Natur- und Modebewusst:<\/strong> Ideal f\u00fcr Menschen, die nachhaltige Materialien lieben und auf liebevolle Handwerkskunst setzen \u0096 dieser Hut verk\u00f6rpert Slow Fashion auf h\u00f6chstem Niveau.<\/p>\n<div class=\"hf-accordions\">\n<hr class=\"hf-accordion-separator\" \/>\n<details class=\"hf-accordion\">\n<summary><strong>\u25b6\ufe0f Gut zu wissen \u2013 mehr erfahren<\/strong><\/summary>\n<div class=\"hf-accordion-content\">\n<h3 class=\"\" data-start=\"1614\" data-end=\"1642\">Produktbild Beschreibung<\/h3>\n<ul data-start=\"1644\" data-end=\"2058\">\n<li class=\"\" data-start=\"1644\" data-end=\"1723\">\n<p class=\"\" data-start=\"1646\" data-end=\"1723\"><strong data-start=\"1646\" data-end=\"1665\">Alternativtext:<\/strong> Damenhut Cloche aus Raffia mit breitem Rand und Stoffband<\/p>\n<\/li>\n<li class=\"\" data-start=\"1724\" data-end=\"1789\">\n<p class=\"\" data-start=\"1726\" data-end=\"1789\"><strong data-start=\"1726\" data-end=\"1736\">Titel:<\/strong> Sommerhut Cloche Raffia mit Stoffband und Hanfschnur<\/p>\n<\/li>\n<li class=\"\" data-start=\"1790\" data-end=\"1883\">\n<p class=\"\" data-start=\"1792\" data-end=\"1883\"><strong data-start=\"1792\" data-end=\"1809\">Beschriftung:<\/strong> Raffia Cloche mit Romboid- oder Blumenband \u0096 handgefertigt in der Schweiz<\/p>\n<\/li>\n<li class=\"\" data-start=\"1884\" data-end=\"2058\">\n<p class=\"\" data-start=\"1886\" data-end=\"2058\"><strong data-start=\"1886\" data-end=\"1903\">Beschreibung:<\/strong> Naturfarbener Strohhut mit 9 cm breiter Krempe und dekorativem Stoffband, wahlweise Romboid- oder Blumenmotiv, verziert mit Hanfschnur und Qualit\u00e4tsknopf.<\/p>\n<\/li>\n<\/ul>\n<h3 class=\"\" data-start=\"2060\" data-end=\"2076\">Produkt-Tags<\/h3>\n<p class=\"\" data-start=\"2077\" data-end=\"2190\">Sommerhut, Strohhut, Damenhut Cloche, Raffiahut, nachhaltige H\u00fcte, breiter Rand, UV-Schutz, handgefertigt Schweiz<\/p>\n<h3 class=\"\" data-start=\"2192\" data-end=\"2219\">Eigenschaften &#038; Details<\/h3>\n<ul data-start=\"2221\" data-end=\"2750\">\n<li class=\"\" data-start=\"2221\" data-end=\"2294\">\n<p class=\"\" data-start=\"2223\" data-end=\"2294\"><strong data-start=\"2223\" data-end=\"2236\">Material:<\/strong> 100% Raffia \u0096 naturbelassen, atmungsaktiv und federleicht<\/p>\n<\/li>\n<li class=\"\" data-start=\"2295\" data-end=\"2368\">\n<p class=\"\" data-start=\"2297\" data-end=\"2368\"><strong data-start=\"2297\" data-end=\"2312\">Randbreite:<\/strong> 9.0 cm \u0096 gro\u00dfz\u00fcgiger Sonnenschutz mit eleganter Wirkung<\/p>\n<\/li>\n<li class=\"\" data-start=\"2369\" data-end=\"2447\">\n<p class=\"\" data-start=\"2371\" data-end=\"2447\"><strong data-start=\"2371\" data-end=\"2384\">Kopfh\u00f6he:<\/strong> 9.5 cm \u0096 feminine, weiche Clocheform f\u00fcr stilvolle Silhouetten<\/p>\n<\/li>\n<li class=\"\" data-start=\"2448\" data-end=\"2568\">\n<p class=\"\" data-start=\"2450\" data-end=\"2568\"><strong data-start=\"2450\" data-end=\"2461\">Farben:<\/strong> Natur mit Stoffband in zwei Varianten \u0096 1. Romboid schwarz-beige, 2. florales Jacquardband in Blau-Schwarz<\/p>\n<\/li>\n<li class=\"\" data-start=\"2569\" data-end=\"2655\">\n<p class=\"\" data-start=\"2571\" data-end=\"2655\"><strong data-start=\"2571\" data-end=\"2584\">Garnitur:<\/strong> Stoffhutband mit ikonischem \u0084Risa seit 1919\u0093-Knopf &#038; feiner Hanfschnur<\/p>\n<\/li>\n<li class=\"\" data-start=\"2656\" data-end=\"2730\">\n<p class=\"\" data-start=\"2658\" data-end=\"2730\"><strong data-start=\"2658\" data-end=\"2674\">Schwei\u00dfband:<\/strong> Eingen\u00e4htes Textilinnenband f\u00fcr angenehmen Tragekomfort<\/p>\n<\/li>\n<li class=\"\" data-start=\"2731\" data-end=\"2750\">\n<p class=\"\" data-start=\"2733\" data-end=\"2750\"><strong data-start=\"2733\" data-end=\"2744\">Gr\u00f6\u00dfen:<\/strong> 54\u009662<\/p>\n<\/li>\n<\/ul>\n<h3 class=\"\" data-start=\"2752\" data-end=\"2777\">Design &#038; Verarbeitung<\/h3>\n<p class=\"\" data-start=\"2779\" data-end=\"3114\">Der Cloche-Hut \u00fcberzeugt durch sein harmonisches Zusammenspiel von rustikalem Raffia und einer weich geformten Krone. Die stoffbezogene Garnitur bringt Farbe und Struktur ins Spiel, w\u00e4hrend die dezente Hanfschnur dem Modell eine charmante Nat\u00fcrlichkeit verleiht. Ein echtes Meisterst\u00fcck in Sachen Form, Funktion und Detailverliebtheit.<\/p>\n<h3 class=\"\" data-start=\"3116\" data-end=\"3148\">Handgefertigt in der Schweiz<\/h3>\n<p class=\"\" data-start=\"3150\" data-end=\"3490\">Die Schweizer Hutmanufaktur Risa vereint Generationenwissen mit handwerklicher Pr\u00e4zision. Dieses Modell wird nach traditionellem Vorbild auf Bestellung gefertigt \u0096 jeder Handgriff sitzt, jedes Detail erz\u00e4hlt von Erfahrung und Leidenschaft f\u00fcr das Hutmacherhandwerk. Die Fertigung in Europa garantiert faire Bedingungen und kurze Lieferwege.<\/p>\n<h3 class=\"\" data-start=\"3492\" data-end=\"3521\">Nachhaltigkeit &#038; Qualit\u00e4t<\/h3>\n<ul data-start=\"3523\" data-end=\"3847\">\n<li class=\"\" data-start=\"3523\" data-end=\"3638\">\n<p class=\"\" data-start=\"3525\" data-end=\"3638\"><strong data-start=\"3525\" data-end=\"3552\">Nat\u00fcrliche Materialien:<\/strong> Raffia, ein schnell nachwachsendes Palmblattmaterial, wird umweltschonend verarbeitet<\/p>\n<\/li>\n<li class=\"\" data-start=\"3639\" data-end=\"3733\">\n<p class=\"\" data-start=\"3641\" data-end=\"3733\"><strong data-start=\"3641\" data-end=\"3668\">Tradition &#038; Handarbeit:<\/strong> Jedes Exemplar ist ein Unikat \u0096 hergestellt mit Liebe zum Detail<\/p>\n<\/li>\n<li class=\"\" data-start=\"3734\" data-end=\"3847\">\n<p class=\"\" data-start=\"3736\" data-end=\"3847\"><strong data-start=\"3736\" data-end=\"3750\">Langlebig:<\/strong> Sorgf\u00e4ltige Verarbeitung garantiert lange Freude \u0096 bei richtiger Pflege \u00fcber viele Sommer hinweg<\/p>\n<\/li>\n<\/ul>\n<h3 class=\"\" data-start=\"3849\" data-end=\"3874\">Herstellung &#038; Versand<\/h3>\n<ul data-start=\"3876\" data-end=\"4062\">\n<li class=\"\" data-start=\"3876\" data-end=\"3960\">\n<p class=\"\" data-start=\"3878\" data-end=\"3960\"><strong data-start=\"3878\" data-end=\"3907\">Fertigung auf Bestellung:<\/strong> Exklusiv nach Zahlungseingang individuell produziert<\/p>\n<\/li>\n<li class=\"\" data-start=\"3961\" data-end=\"4002\">\n<p class=\"\" data-start=\"3963\" data-end=\"4002\"><strong data-start=\"3963\" data-end=\"3984\">Herstellungszeit:<\/strong> 10\u009615 Arbeitstage<\/p>\n<\/li>\n<li class=\"\" data-start=\"4003\" data-end=\"4062\">\n<p class=\"\" data-start=\"4005\" data-end=\"4062\"><strong data-start=\"4005\" data-end=\"4017\">Versand:<\/strong> Innerhalb weniger Tage ab Schweizer Standort<\/p>\n<\/li>\n<\/ul>\n<\/div>\n<\/details>\n<details class=\"hf-accordion\">\n<summary><strong>\u25b6\ufe0f FAQ \u2013 H\u00e4ufige Fragen<\/strong><\/summary>\n<div class=\"hf-accordion-content\">\n<h3 class=\"\" data-start=\"4064\" data-end=\"4097\">FAQ \u0096 H\u00e4ufig gestellte Fragen<\/h3>\n<p class=\"\" data-start=\"4099\" data-end=\"4225\"><strong data-start=\"4099\" data-end=\"4145\">Ist der Hut f\u00fcr hei\u00dfe Sommertage geeignet?<\/strong><br data-start=\"4145\" data-end=\"4148\" \/>Ja \u0096 das luftige Raffia-Material sorgt f\u00fcr ein angenehmes Klima auf dem Kopf.<\/p>\n<p class=\"\" data-start=\"4227\" data-end=\"4362\"><strong data-start=\"4227\" data-end=\"4256\">Bietet der Hut UV-Schutz?<\/strong><br data-start=\"4256\" data-end=\"4259\" \/>Durch die breite Krempe sch\u00fctzt der Hut Gesicht und Nacken zuverl\u00e4ssig vor direkter Sonneneinstrahlung.<\/p>\n<p class=\"\" data-start=\"4364\" data-end=\"4539\"><strong data-start=\"4364\" data-end=\"4396\">Kann ich den Hut umtauschen?<\/strong><br data-start=\"4396\" data-end=\"4399\" \/>Ein Umtausch ist nur bei Material- oder Herstellungsfehlern m\u00f6glich, da es sich um eine auf Bestellung gefertigte Sonderanfertigung handelt.<\/p>\n<p class=\"\" data-start=\"4541\" data-end=\"4677\"><strong data-start=\"4541\" data-end=\"4583\">Wie bewahre ich den Hut am besten auf?<\/strong><br data-start=\"4583\" data-end=\"4586\" \/>Am besten gesch\u00fctzt in einer Hutschachtel lagern und vor Feuchtigkeit sowie Druck sch\u00fctzen.<\/p>\n<p class=\"\" data-start=\"4679\" data-end=\"4811\"><strong data-start=\"4679\" data-end=\"4723\">Wird der Hut in der Schweiz hergestellt?<\/strong><br data-start=\"4723\" data-end=\"4726\" \/>Ja \u0096 dieses Modell wird exklusiv von der Risa Hutmanufaktur in der Schweiz gefertigt.<\/p>\n<\/div>\n<\/details>\n<\/div>\n","protected":false},"excerpt":{"rendered":"<h3 class=\"\" data-start=\"0\" data-end=\"76\"><strong>Sommerlicher Charme mit nat\u00fcrliche Eleganz<\/strong><\/h3>\n<p class=\"\" data-start=\"1436\" data-end=\"1612\">Ein handgeflochtener Raffia-Hut mit femininer Cloche-Krone, breiter Krempe und dekorativer Hanfschnur \u0096 erh\u00e4ltlich mit einem Hutband aus Romboid- oder Blumenmotiv. Sch\u00fctzt stilvoll vor der Sonne.<\/p>\n<p>\u00a0<\/p>\n","protected":false},"featured_media":16549,"template":"","meta":{"_acf_changed":false,"rs_blank_template":"","rs_page_bg_color":"","slide_template_v7":""},"product_brand":[250],"product_cat":[446,620,275],"product_tag":[],"class_list":{"0":"post-16548","1":"product","2":"type-product","3":"status-publish","4":"has-post-thumbnail","6":"product_brand-risa-hutwerkstatt-schweiz","7":"product_cat-cloche-sommerhuete","8":"product_cat-florentiner-sommerhuete","9":"product_cat-sommerhuete","10":"product_shipping_class-mittlere-pakete","11":"pa_color-natur-romboid","12":"pa_color-natur-blume","13":"pa_groesse-206","14":"pa_groesse-196","15":"pa_groesse-207","16":"pa_groesse-197","17":"pa_groesse-208","18":"pa_groesse-198","19":"pa_groesse-209","20":"pa_groesse-199","21":"pa_groesse-210","22":"yith_product_brand-risa-hutwerkstatt-schweiz","25":"instock","26":"featured","27":"taxable","28":"shipping-taxable","29":"purchasable","30":"product-type-variable","31":"wvs-archive-product-wrapper","32":"add-to-wishlist-after_add_to_cart"},"acf":[],"yoast_head":"<!-- This site is optimized with the Yoast SEO Premium plugin v27.3 (Yoast SEO v27.3) - https:\/\/yoast.com\/product\/yoast-seo-premium-wordpress\/ -->\n<title>Sommerhut Damen Cloche Raffia mit Hanfschnur &amp; Stoffband<\/title>\n<meta name=\"description\" content=\"Sommerlicher Damenhut aus Raffia mit Stoffband und Hanfschnur \u0096 handgefertigt in der Schweiz. Perfekt f\u00fcr stilvollen Sonnenschutz mit nachhaltigem Flair.\" \/>\n<meta name=\"robots\" content=\"index, follow, max-snippet:-1, max-image-preview:large, max-video-preview:-1\" \/>\n<link rel=\"canonical\" href=\"https:\/\/hutfactory.com\/?product=cloche-breit-raffia-mit-hanfschnur\" \/>\n<meta property=\"og:locale\" content=\"de_DE\" \/>\n<meta property=\"og:type\" content=\"article\" \/>\n<meta property=\"og:title\" content=\"Cloche breit Raffia mit Hanfschnur\" \/>\n<meta property=\"og:description\" content=\"Sommerlicher Damenhut aus Raffia mit Stoffband und Hanfschnur \u0096 handgefertigt in der Schweiz. Perfekt f\u00fcr stilvollen Sonnenschutz mit nachhaltigem Flair.\" \/>\n<meta property=\"og:url\" content=\"https:\/\/hutfactory.com\/?product=cloche-breit-raffia-mit-hanfschnur\" \/>\n<meta property=\"og:site_name\" content=\"Hut Factory\" \/>\n<meta property=\"article:modified_time\" content=\"2026-03-10T10:10:33+00:00\" \/>\n<meta property=\"og:image\" content=\"https:\/\/hutfactory.com\/wp-content\/uploads\/2026\/03\/41306080.webp\" \/>\n\t<meta property=\"og:image:width\" content=\"750\" \/>\n\t<meta property=\"og:image:height\" content=\"750\" \/>\n\t<meta property=\"og:image:type\" content=\"image\/webp\" \/>\n<meta name=\"twitter:card\" content=\"summary_large_image\" \/>\n<meta name=\"twitter:label1\" content=\"Gesch\u00e4tzte Lesezeit\" \/>\n\t<meta name=\"twitter:data1\" content=\"3\u00a0Minuten\" \/>\n<script type=\"application\/ld+json\" class=\"yoast-schema-graph\">{\"@context\":\"https:\\\/\\\/schema.org\",\"@graph\":[{\"@type\":\"WebPage\",\"@id\":\"https:\\\/\\\/hutfactory.com\\\/?product=cloche-breit-raffia-mit-hanfschnur\",\"url\":\"https:\\\/\\\/hutfactory.com\\\/?product=cloche-breit-raffia-mit-hanfschnur\",\"name\":\"Sommerhut Damen Cloche Raffia mit Hanfschnur & Stoffband\",\"isPartOf\":{\"@id\":\"https:\\\/\\\/hutfactory.com\\\/#website\"},\"primaryImageOfPage\":{\"@id\":\"https:\\\/\\\/hutfactory.com\\\/?product=cloche-breit-raffia-mit-hanfschnur#primaryimage\"},\"image\":{\"@id\":\"https:\\\/\\\/hutfactory.com\\\/?product=cloche-breit-raffia-mit-hanfschnur#primaryimage\"},\"thumbnailUrl\":\"https:\\\/\\\/hutfactory.com\\\/wp-content\\\/uploads\\\/2026\\\/03\\\/41306080.webp\",\"datePublished\":\"2026-03-10T10:08:20+00:00\",\"dateModified\":\"2026-03-10T10:10:33+00:00\",\"description\":\"Sommerlicher Damenhut aus Raffia mit Stoffband und Hanfschnur \u0096 handgefertigt in der Schweiz. Perfekt f\u00fcr stilvollen Sonnenschutz mit nachhaltigem Flair.\",\"breadcrumb\":{\"@id\":\"https:\\\/\\\/hutfactory.com\\\/?product=cloche-breit-raffia-mit-hanfschnur#breadcrumb\"},\"inLanguage\":\"de\",\"potentialAction\":[{\"@type\":\"ReadAction\",\"target\":[\"https:\\\/\\\/hutfactory.com\\\/?product=cloche-breit-raffia-mit-hanfschnur\"]}]},{\"@type\":\"ImageObject\",\"inLanguage\":\"de\",\"@id\":\"https:\\\/\\\/hutfactory.com\\\/?product=cloche-breit-raffia-mit-hanfschnur#primaryimage\",\"url\":\"https:\\\/\\\/hutfactory.com\\\/wp-content\\\/uploads\\\/2026\\\/03\\\/41306080.webp\",\"contentUrl\":\"https:\\\/\\\/hutfactory.com\\\/wp-content\\\/uploads\\\/2026\\\/03\\\/41306080.webp\",\"width\":750,\"height\":750,\"caption\":\"wahlweise Romboid- oder Blumenmotiv\"},{\"@type\":\"BreadcrumbList\",\"@id\":\"https:\\\/\\\/hutfactory.com\\\/?product=cloche-breit-raffia-mit-hanfschnur#breadcrumb\",\"itemListElement\":[{\"@type\":\"ListItem\",\"position\":1,\"name\":\"Start\",\"item\":\"https:\\\/\\\/hutfactory.com\\\/\"},{\"@type\":\"ListItem\",\"position\":2,\"name\":\"Shop\",\"item\":\"https:\\\/\\\/hutfactory.com\\\/?page_id=10\"},{\"@type\":\"ListItem\",\"position\":3,\"name\":\"Cloche breit Raffia mit Hanfschnur\"}]},{\"@type\":\"WebSite\",\"@id\":\"https:\\\/\\\/hutfactory.com\\\/#website\",\"url\":\"https:\\\/\\\/hutfactory.com\\\/\",\"name\":\"Hut Factory\",\"description\":\"H\u00fcte, Kappen &amp; M\u00fctzen in Top Swiss\\\/EU Qualit\u00e4t\",\"publisher\":{\"@id\":\"https:\\\/\\\/hutfactory.com\\\/#organization\"},\"alternateName\":\"Hut Shop\",\"potentialAction\":[{\"@type\":\"SearchAction\",\"target\":{\"@type\":\"EntryPoint\",\"urlTemplate\":\"https:\\\/\\\/hutfactory.com\\\/?s={search_term_string}\"},\"query-input\":{\"@type\":\"PropertyValueSpecification\",\"valueRequired\":true,\"valueName\":\"search_term_string\"}}],\"inLanguage\":\"de\"},{\"@type\":\"Organization\",\"@id\":\"https:\\\/\\\/hutfactory.com\\\/#organization\",\"name\":\"Hut Factory\",\"url\":\"https:\\\/\\\/hutfactory.com\\\/\",\"logo\":{\"@type\":\"ImageObject\",\"inLanguage\":\"de\",\"@id\":\"https:\\\/\\\/hutfactory.com\\\/#\\\/schema\\\/logo\\\/image\\\/\",\"url\":\"https:\\\/\\\/hutfactory.com\\\/wp-content\\\/uploads\\\/2026\\\/01\\\/Logo-hut-factory-1.webp\",\"contentUrl\":\"https:\\\/\\\/hutfactory.com\\\/wp-content\\\/uploads\\\/2026\\\/01\\\/Logo-hut-factory-1.webp\",\"width\":300,\"height\":262,\"caption\":\"Hut Factory\"},\"image\":{\"@id\":\"https:\\\/\\\/hutfactory.com\\\/#\\\/schema\\\/logo\\\/image\\\/\"}}]}<\/script>\n<!-- \/ Yoast SEO Premium plugin. -->","yoast_head_json":{"title":"Sommerhut Damen Cloche Raffia mit Hanfschnur & Stoffband","description":"Sommerlicher Damenhut aus Raffia mit Stoffband und Hanfschnur \u0096 handgefertigt in der Schweiz. Perfekt f\u00fcr stilvollen Sonnenschutz mit nachhaltigem Flair.","robots":{"index":"index","follow":"follow","max-snippet":"max-snippet:-1","max-image-preview":"max-image-preview:large","max-video-preview":"max-video-preview:-1"},"canonical":"https:\/\/hutfactory.com\/?product=cloche-breit-raffia-mit-hanfschnur","og_locale":"de_DE","og_type":"article","og_title":"Cloche breit Raffia mit Hanfschnur","og_description":"Sommerlicher Damenhut aus Raffia mit Stoffband und Hanfschnur \u0096 handgefertigt in der Schweiz. Perfekt f\u00fcr stilvollen Sonnenschutz mit nachhaltigem Flair.","og_url":"https:\/\/hutfactory.com\/?product=cloche-breit-raffia-mit-hanfschnur","og_site_name":"Hut Factory","article_modified_time":"2026-03-10T10:10:33+00:00","og_image":[{"width":750,"height":750,"url":"https:\/\/hutfactory.com\/wp-content\/uploads\/2026\/03\/41306080.webp","type":"image\/webp"}],"twitter_card":"summary_large_image","twitter_misc":{"Gesch\u00e4tzte Lesezeit":"3\u00a0Minuten"},"schema":{"@context":"https:\/\/schema.org","@graph":[{"@type":"WebPage","@id":"https:\/\/hutfactory.com\/?product=cloche-breit-raffia-mit-hanfschnur","url":"https:\/\/hutfactory.com\/?product=cloche-breit-raffia-mit-hanfschnur","name":"Sommerhut Damen Cloche Raffia mit Hanfschnur & Stoffband","isPartOf":{"@id":"https:\/\/hutfactory.com\/#website"},"primaryImageOfPage":{"@id":"https:\/\/hutfactory.com\/?product=cloche-breit-raffia-mit-hanfschnur#primaryimage"},"image":{"@id":"https:\/\/hutfactory.com\/?product=cloche-breit-raffia-mit-hanfschnur#primaryimage"},"thumbnailUrl":"https:\/\/hutfactory.com\/wp-content\/uploads\/2026\/03\/41306080.webp","datePublished":"2026-03-10T10:08:20+00:00","dateModified":"2026-03-10T10:10:33+00:00","description":"Sommerlicher Damenhut aus Raffia mit Stoffband und Hanfschnur \u0096 handgefertigt in der Schweiz. Perfekt f\u00fcr stilvollen Sonnenschutz mit nachhaltigem Flair.","breadcrumb":{"@id":"https:\/\/hutfactory.com\/?product=cloche-breit-raffia-mit-hanfschnur#breadcrumb"},"inLanguage":"de","potentialAction":[{"@type":"ReadAction","target":["https:\/\/hutfactory.com\/?product=cloche-breit-raffia-mit-hanfschnur"]}]},{"@type":"ImageObject","inLanguage":"de","@id":"https:\/\/hutfactory.com\/?product=cloche-breit-raffia-mit-hanfschnur#primaryimage","url":"https:\/\/hutfactory.com\/wp-content\/uploads\/2026\/03\/41306080.webp","contentUrl":"https:\/\/hutfactory.com\/wp-content\/uploads\/2026\/03\/41306080.webp","width":750,"height":750,"caption":"wahlweise Romboid- oder Blumenmotiv"},{"@type":"BreadcrumbList","@id":"https:\/\/hutfactory.com\/?product=cloche-breit-raffia-mit-hanfschnur#breadcrumb","itemListElement":[{"@type":"ListItem","position":1,"name":"Start","item":"https:\/\/hutfactory.com\/"},{"@type":"ListItem","position":2,"name":"Shop","item":"https:\/\/hutfactory.com\/?page_id=10"},{"@type":"ListItem","position":3,"name":"Cloche breit Raffia mit Hanfschnur"}]},{"@type":"WebSite","@id":"https:\/\/hutfactory.com\/#website","url":"https:\/\/hutfactory.com\/","name":"Hut Factory","description":"H\u00fcte, Kappen &amp; M\u00fctzen in Top Swiss\/EU Qualit\u00e4t","publisher":{"@id":"https:\/\/hutfactory.com\/#organization"},"alternateName":"Hut Shop","potentialAction":[{"@type":"SearchAction","target":{"@type":"EntryPoint","urlTemplate":"https:\/\/hutfactory.com\/?s={search_term_string}"},"query-input":{"@type":"PropertyValueSpecification","valueRequired":true,"valueName":"search_term_string"}}],"inLanguage":"de"},{"@type":"Organization","@id":"https:\/\/hutfactory.com\/#organization","name":"Hut Factory","url":"https:\/\/hutfactory.com\/","logo":{"@type":"ImageObject","inLanguage":"de","@id":"https:\/\/hutfactory.com\/#\/schema\/logo\/image\/","url":"https:\/\/hutfactory.com\/wp-content\/uploads\/2026\/01\/Logo-hut-factory-1.webp","contentUrl":"https:\/\/hutfactory.com\/wp-content\/uploads\/2026\/01\/Logo-hut-factory-1.webp","width":300,"height":262,"caption":"Hut Factory"},"image":{"@id":"https:\/\/hutfactory.com\/#\/schema\/logo\/image\/"}}]}},"_links":{"self":[{"href":"https:\/\/hutfactory.com\/index.php?rest_route=\/wp\/v2\/product\/16548","targetHints":{"allow":["GET"]}}],"collection":[{"href":"https:\/\/hutfactory.com\/index.php?rest_route=\/wp\/v2\/product"}],"about":[{"href":"https:\/\/hutfactory.com\/index.php?rest_route=\/wp\/v2\/types\/product"}],"wp:featuredmedia":[{"embeddable":true,"href":"https:\/\/hutfactory.com\/index.php?rest_route=\/wp\/v2\/media\/16549"}],"wp:attachment":[{"href":"https:\/\/hutfactory.com\/index.php?rest_route=%2Fwp%2Fv2%2Fmedia&parent=16548"}],"wp:term":[{"taxonomy":"product_brand","embeddable":true,"href":"https:\/\/hutfactory.com\/index.php?rest_route=%2Fwp%2Fv2%2Fproduct_brand&post=16548"},{"taxonomy":"product_cat","embeddable":true,"href":"https:\/\/hutfactory.com\/index.php?rest_route=%2Fwp%2Fv2%2Fproduct_cat&post=16548"},{"taxonomy":"product_tag","embeddable":true,"href":"https:\/\/hutfactory.com\/index.php?rest_route=%2Fwp%2Fv2%2Fproduct_tag&post=16548"}],"curies":[{"name":"wp","href":"https:\/\/api.w.org\/{rel}","templated":true}]}}