{"id":16304,"date":"2026-03-10T10:05:14","date_gmt":"2026-03-10T10:05:14","guid":{"rendered":"https:\/\/hutfactory.com\/?product=panamahut-fedora-city-brisa-6"},"modified":"2026-04-13T13:46:52","modified_gmt":"2026-04-13T13:46:52","slug":"panamahut-fedora-city-brisa-6","status":"publish","type":"product","link":"https:\/\/hutfactory.com\/?product=panamahut-fedora-city-brisa-6","title":{"rendered":"Panamahut Fedora City Brisa #6"},"content":{"rendered":"<div class=\"wpb-content-wrapper\"><p>[vc_row][vc_column][vc_column_text css=&#8221;&#8221;]<\/p>\n<h3 data-start=\"497\" data-end=\"533\"><strong data-start=\"501\" data-end=\"533\">Wei\u00df &#8211; die Farbe des Sommers<\/strong><\/h3>\n<p data-start=\"534\" data-end=\"865\">Hergestellt aus 100 % echtem Panamastroh in hochwertigem Flechtgrad 6, bietet dieser Fedora nicht nur ein leichtes Tragegef\u00fchl, sondern auch ein edles Erscheinungsbild. Die Kombination aus klarer Form, 7 cm breiter Krempe und der klassischen Fedora-Krone mit 10.5 cm H\u00f6he sorgt f\u00fcr einen souver\u00e4nen Look mit optimalem Sonnenschutz.<\/p>\n<p data-start=\"867\" data-end=\"888\"><strong data-start=\"867\" data-end=\"888\">Perfekt f\u00fcr.. ??<\/strong><\/p>\n<p data-start=\"890\" data-end=\"1061\"><strong data-start=\"890\" data-end=\"917\">?? Sommerliche Anl\u00e4sse:<\/strong><br data-start=\"917\" data-end=\"920\" \/>Ob bei einer Yachtfahrt, im Gartenrestaurant oder beim Stadtspaziergang \u0096 dieser Hut ist ein stilvoller Schattenspender f\u00fcr jede Gelegenheit.<\/p>\n<p data-start=\"1063\" data-end=\"1200\"><strong data-start=\"1063\" data-end=\"1086\">?? Elegante Events:<\/strong><br data-start=\"1086\" data-end=\"1089\" \/>Seine dezente Noblesse macht ihn zum idealen Begleiter f\u00fcr feierliche Sommeranl\u00e4sse, Empf\u00e4nge oder Vernissagen.<\/p>\n<p data-start=\"1202\" data-end=\"1385\"><strong data-start=\"1202\" data-end=\"1232\">?? Natur- und Modebewusst:<\/strong><br data-start=\"1232\" data-end=\"1235\" \/>Ein nat\u00fcrliches, biologisch abbaubares Material, das mit traditioneller Handwerkskunst in Europa verarbeitet wird \u0096 f\u00fcr Menschen mit Stil und Haltung.<\/p>\n<div class=\"hf-accordions\">\n<hr class=\"hf-accordion-separator\" \/>\n<details class=\"hf-accordion\">\n<summary><strong>\u25b6\ufe0f Gut zu wissen \u2013 mehr erfahren<\/strong><\/summary>\n<div class=\"hf-accordion-content\">\n<h3 data-start=\"1387\" data-end=\"1419\"><strong data-start=\"1391\" data-end=\"1419\">Eigenschaften &amp; Details:<\/strong><\/h3>\n<ul data-start=\"1420\" data-end=\"1850\">\n<li data-start=\"1420\" data-end=\"1505\">\n<p data-start=\"1422\" data-end=\"1505\"><strong data-start=\"1422\" data-end=\"1435\">Material:<\/strong> 100 % Toquilla-Stroh (Panama), Flechtgrad 6 \u0096 fein, leicht &amp; robust<\/p>\n<\/li>\n<li data-start=\"1506\" data-end=\"1584\">\n<p data-start=\"1508\" data-end=\"1584\"><strong data-start=\"1508\" data-end=\"1523\">Randbreite:<\/strong> 7 cm \u0096 f\u00fcr optimalen UV-Schutz mit eleganter Linienf\u00fchrung<\/p>\n<\/li>\n<li data-start=\"1585\" data-end=\"1663\">\n<p data-start=\"1587\" data-end=\"1663\"><strong data-start=\"1587\" data-end=\"1600\">Kopfh\u00f6he:<\/strong> 10.5 cm \u0096 klassische Fedora-Krone mit zeitloser Ausstrahlung<\/p>\n<\/li>\n<li data-start=\"1664\" data-end=\"1684\">\n<p data-start=\"1666\" data-end=\"1684\"><strong data-start=\"1666\" data-end=\"1677\">Farben:<\/strong> Wei\u00df (Ecru)<\/p>\n<\/li>\n<li data-start=\"1685\" data-end=\"1706\">\n<p data-start=\"1687\" data-end=\"1706\"><strong data-start=\"1687\" data-end=\"1698\">Gr\u00f6\u00dfen:<\/strong> 54\u009663<\/p>\n<\/li>\n<li data-start=\"1707\" data-end=\"1770\">\n<p data-start=\"1709\" data-end=\"1770\"><strong data-start=\"1709\" data-end=\"1722\">Garnitur:<\/strong> 32 mm breites Rebsband mit klassischer Masche<\/p>\n<\/li>\n<li data-start=\"1771\" data-end=\"1850\">\n<p data-start=\"1773\" data-end=\"1850\"><strong data-start=\"1773\" data-end=\"1789\">Schwei\u00dfband:<\/strong> Weiches Textilinnenband, sauber und unsichtbar verarbeitet<\/p>\n<\/li>\n<\/ul>\n<h3 data-start=\"1852\" data-end=\"1882\"><strong data-start=\"1856\" data-end=\"1882\">Design &amp; Verarbeitung:<\/strong><\/h3>\n<p data-start=\"1883\" data-end=\"2119\">Die Brisa-Flechtung verleiht dem Hut eine geschlossene, glatte Struktur \u0096 ideal f\u00fcr jene, die Wert auf eine elegante Optik und ein angenehmes Tragegef\u00fchl legen. Die handgearbeitete Garnitur in Schwarz sorgt f\u00fcr einen eleganten Kontrast.<\/p>\n<h3 data-start=\"2121\" data-end=\"2158\"><strong data-start=\"2125\" data-end=\"2158\">Handgefertigt in der Schweiz:<\/strong><\/h3>\n<p data-start=\"2159\" data-end=\"2361\">Dieser Fedora wird exklusiv bei der renommierten Risa Hutwerkstatt auf Bestellung gefertigt. Mit viel Sorgfalt, Pr\u00e4zision und Liebe zum Detail entsteht so ein einzigartiges St\u00fcck europ\u00e4ischer Hutkultur.<\/p>\n<h3 data-start=\"2363\" data-end=\"2397\"><strong data-start=\"2367\" data-end=\"2397\">Nachhaltigkeit &amp; Qualit\u00e4t:<\/strong><\/h3>\n<ul data-start=\"2398\" data-end=\"2629\">\n<li data-start=\"2398\" data-end=\"2494\">\n<p data-start=\"2400\" data-end=\"2494\"><strong data-start=\"2400\" data-end=\"2421\">Naturmaterialien:<\/strong> Toquilla-Stroh aus Ecuador \u0096 leicht, atmungsaktiv, biologisch abbaubar<\/p>\n<\/li>\n<li data-start=\"2495\" data-end=\"2555\">\n<p data-start=\"2497\" data-end=\"2555\"><strong data-start=\"2497\" data-end=\"2526\">Traditionelle Handarbeit:<\/strong> Jedes St\u00fcck ist ein Unikat<\/p>\n<\/li>\n<li data-start=\"2556\" data-end=\"2629\">\n<p data-start=\"2558\" data-end=\"2629\"><strong data-start=\"2558\" data-end=\"2572\">Langlebig:<\/strong> Robuste Verarbeitung garantiert viele stilvolle Sommer<\/p>\n<\/li>\n<\/ul>\n<h3 data-start=\"2631\" data-end=\"2661\"><strong data-start=\"2635\" data-end=\"2661\">Herstellung &amp; Versand:<\/strong><\/h3>\n<ul data-start=\"2662\" data-end=\"2883\">\n<li data-start=\"2662\" data-end=\"2734\">\n<p data-start=\"2664\" data-end=\"2734\"><strong data-start=\"2664\" data-end=\"2692\">Auf Bestellung gefertigt<\/strong> \u0096 jedes Exemplar individuell produziert<\/p>\n<\/li>\n<li data-start=\"2735\" data-end=\"2799\">\n<p data-start=\"2737\" data-end=\"2799\"><strong data-start=\"2737\" data-end=\"2758\">Herstellungszeit:<\/strong> 10\u009615 Arbeitstage nach Zahlungseingang<\/p>\n<\/li>\n<li data-start=\"2800\" data-end=\"2883\">\n<p data-start=\"2802\" data-end=\"2883\"><strong data-start=\"2802\" data-end=\"2814\">Versand:<\/strong> Direkt aus der Schweiz, innerhalb weniger Tage nach Fertigstellung<\/p>\n<\/li>\n<\/ul>\n<\/div>\n<\/details>\n<details class=\"hf-accordion\">\n<summary><strong>\u25b6\ufe0f FAQ \u2013 H\u00e4ufige Fragen<\/strong><\/summary>\n<div class=\"hf-accordion-content\"><\/div>\n<\/details>\n<\/div>\n<p>[\/vc_column_text][\/vc_column][\/vc_row]<\/p>\n<\/div>","protected":false},"excerpt":{"rendered":"<h3 class=\"\" data-start=\"73\" data-end=\"123\"><strong data-start=\"77\" data-end=\"123\">Sommerliche Noblesse f\u00fcr Stadt und Riviera<\/strong><\/h3>\n<p class=\"\" data-start=\"124\" data-end=\"495\">Dieser Fedora verk\u00f6rpert pure Eleganz: Mit seiner makellos wei\u00dfen Farbe, der pr\u00e4zisen Brisa-Flechtung und der stilvollen Silhouette ist der Fedora City Panama Brisa #6 ein Paradebeispiel f\u00fcr kultivierten Sommerstil. Das mittelbreite Rebsband unterstreicht seine schlichte, aber kraftvolle Ausstrahlung \u0096 ein Must-have f\u00fcr moderne Gentleman und stilbewusste Damen gleicherma\u00dfen.<\/p>\n","protected":false},"featured_media":16305,"template":"","meta":{"_acf_changed":false,"rs_blank_template":"","rs_page_bg_color":"","slide_template_v7":""},"product_brand":[250],"product_cat":[610,507,275,612],"product_tag":[],"class_list":{"0":"post-16304","1":"product","2":"type-product","3":"status-publish","4":"has-post-thumbnail","6":"product_brand-risa-hutwerkstatt-schweiz","7":"product_cat-city-sommerhuete","8":"product_cat-panama-sommerhuete","9":"product_cat-sommerhuete","10":"product_cat-traveler-sommerhuete","11":"product_shipping_class-mittlere-pakete","12":"pa_color-ecru","13":"pa_groesse-206","14":"pa_groesse-196","15":"pa_groesse-207","16":"pa_groesse-197","17":"pa_groesse-208","18":"pa_groesse-198","19":"pa_groesse-209","20":"pa_groesse-199","21":"pa_groesse-210","22":"pa_groesse-213","23":"pa_groesse-401","24":"yith_product_brand-risa-hutwerkstatt-schweiz","27":"instock","28":"taxable","29":"shipping-taxable","30":"purchasable","31":"product-type-variable","32":"wvs-archive-product-wrapper","33":"add-to-wishlist-after_add_to_cart"},"acf":[],"yoast_head":"<!-- This site is optimized with the Yoast SEO Premium plugin v27.3 (Yoast SEO v27.3) - https:\/\/yoast.com\/product\/yoast-seo-premium-wordpress\/ -->\n<title>Panamahut im City Stil: Klassische Eleganz mit modischem Akzent<\/title>\n<meta name=\"description\" content=\"Entdecke den Panama in Wei\u00df mit Flechtgrad 6 im City Stil. Ein Klassiker mit modischem Akzent, ausgezeichnet verarbeitet und ideal f\u00fcr formelle Anl\u00e4sse.\" \/>\n<meta name=\"robots\" content=\"index, follow, max-snippet:-1, max-image-preview:large, max-video-preview:-1\" \/>\n<link rel=\"canonical\" href=\"https:\/\/hutfactory.com\/?product=panamahut-fedora-city-brisa-6\" \/>\n<meta property=\"og:locale\" content=\"de_DE\" \/>\n<meta property=\"og:type\" content=\"article\" \/>\n<meta property=\"og:title\" content=\"Panamahut Fedora City Brisa #6\" \/>\n<meta property=\"og:description\" content=\"Entdecke den Panama in Wei\u00df mit Flechtgrad 6 im City Stil. Ein Klassiker mit modischem Akzent, ausgezeichnet verarbeitet und ideal f\u00fcr formelle Anl\u00e4sse.\" \/>\n<meta property=\"og:url\" content=\"https:\/\/hutfactory.com\/?product=panamahut-fedora-city-brisa-6\" \/>\n<meta property=\"og:site_name\" content=\"Hut Factory\" \/>\n<meta property=\"article:modified_time\" content=\"2026-04-13T13:46:52+00:00\" \/>\n<meta property=\"og:image\" content=\"https:\/\/hutfactory.com\/wp-content\/uploads\/2026\/03\/32504480-e1519378008437-scaled-2.webp\" \/>\n\t<meta property=\"og:image:width\" content=\"750\" \/>\n\t<meta property=\"og:image:height\" content=\"750\" \/>\n\t<meta property=\"og:image:type\" content=\"image\/webp\" \/>\n<meta name=\"twitter:card\" content=\"summary_large_image\" \/>\n<meta name=\"twitter:label1\" content=\"Gesch\u00e4tzte Lesezeit\" \/>\n\t<meta name=\"twitter:data1\" content=\"2\u00a0Minuten\" \/>\n<script type=\"application\/ld+json\" class=\"yoast-schema-graph\">{\"@context\":\"https:\\\/\\\/schema.org\",\"@graph\":[{\"@type\":\"WebPage\",\"@id\":\"https:\\\/\\\/hutfactory.com\\\/?product=panamahut-fedora-city-brisa-6\",\"url\":\"https:\\\/\\\/hutfactory.com\\\/?product=panamahut-fedora-city-brisa-6\",\"name\":\"Panamahut im City Stil: Klassische Eleganz mit modischem Akzent\",\"isPartOf\":{\"@id\":\"https:\\\/\\\/hutfactory.com\\\/#website\"},\"primaryImageOfPage\":{\"@id\":\"https:\\\/\\\/hutfactory.com\\\/?product=panamahut-fedora-city-brisa-6#primaryimage\"},\"image\":{\"@id\":\"https:\\\/\\\/hutfactory.com\\\/?product=panamahut-fedora-city-brisa-6#primaryimage\"},\"thumbnailUrl\":\"https:\\\/\\\/hutfactory.com\\\/wp-content\\\/uploads\\\/2026\\\/03\\\/32504480-e1519378008437-scaled-2.webp\",\"datePublished\":\"2026-03-10T10:05:14+00:00\",\"dateModified\":\"2026-04-13T13:46:52+00:00\",\"description\":\"Entdecke den Panama in Wei\u00df mit Flechtgrad 6 im City Stil. Ein Klassiker mit modischem Akzent, ausgezeichnet verarbeitet und ideal f\u00fcr formelle Anl\u00e4sse.\",\"breadcrumb\":{\"@id\":\"https:\\\/\\\/hutfactory.com\\\/?product=panamahut-fedora-city-brisa-6#breadcrumb\"},\"inLanguage\":\"de\",\"potentialAction\":[{\"@type\":\"ReadAction\",\"target\":[\"https:\\\/\\\/hutfactory.com\\\/?product=panamahut-fedora-city-brisa-6\"]}]},{\"@type\":\"ImageObject\",\"inLanguage\":\"de\",\"@id\":\"https:\\\/\\\/hutfactory.com\\\/?product=panamahut-fedora-city-brisa-6#primaryimage\",\"url\":\"https:\\\/\\\/hutfactory.com\\\/wp-content\\\/uploads\\\/2026\\\/03\\\/32504480-e1519378008437-scaled-2.webp\",\"contentUrl\":\"https:\\\/\\\/hutfactory.com\\\/wp-content\\\/uploads\\\/2026\\\/03\\\/32504480-e1519378008437-scaled-2.webp\",\"width\":750,\"height\":750,\"caption\":\"gefertigt auf Bestellung.|\"},{\"@type\":\"BreadcrumbList\",\"@id\":\"https:\\\/\\\/hutfactory.com\\\/?product=panamahut-fedora-city-brisa-6#breadcrumb\",\"itemListElement\":[{\"@type\":\"ListItem\",\"position\":1,\"name\":\"Start\",\"item\":\"https:\\\/\\\/hutfactory.com\\\/\"},{\"@type\":\"ListItem\",\"position\":2,\"name\":\"Shop\",\"item\":\"https:\\\/\\\/hutfactory.com\\\/?page_id=10\"},{\"@type\":\"ListItem\",\"position\":3,\"name\":\"Panamahut Fedora City Brisa #6\"}]},{\"@type\":\"WebSite\",\"@id\":\"https:\\\/\\\/hutfactory.com\\\/#website\",\"url\":\"https:\\\/\\\/hutfactory.com\\\/\",\"name\":\"Hut Factory\",\"description\":\"H\u00fcte, Kappen &amp; M\u00fctzen in Top Swiss\\\/EU Qualit\u00e4t\",\"publisher\":{\"@id\":\"https:\\\/\\\/hutfactory.com\\\/#organization\"},\"alternateName\":\"Hut Shop\",\"potentialAction\":[{\"@type\":\"SearchAction\",\"target\":{\"@type\":\"EntryPoint\",\"urlTemplate\":\"https:\\\/\\\/hutfactory.com\\\/?s={search_term_string}\"},\"query-input\":{\"@type\":\"PropertyValueSpecification\",\"valueRequired\":true,\"valueName\":\"search_term_string\"}}],\"inLanguage\":\"de\"},{\"@type\":\"Organization\",\"@id\":\"https:\\\/\\\/hutfactory.com\\\/#organization\",\"name\":\"Hut Factory\",\"url\":\"https:\\\/\\\/hutfactory.com\\\/\",\"logo\":{\"@type\":\"ImageObject\",\"inLanguage\":\"de\",\"@id\":\"https:\\\/\\\/hutfactory.com\\\/#\\\/schema\\\/logo\\\/image\\\/\",\"url\":\"https:\\\/\\\/hutfactory.com\\\/wp-content\\\/uploads\\\/2026\\\/01\\\/Logo-hut-factory-1.webp\",\"contentUrl\":\"https:\\\/\\\/hutfactory.com\\\/wp-content\\\/uploads\\\/2026\\\/01\\\/Logo-hut-factory-1.webp\",\"width\":300,\"height\":262,\"caption\":\"Hut Factory\"},\"image\":{\"@id\":\"https:\\\/\\\/hutfactory.com\\\/#\\\/schema\\\/logo\\\/image\\\/\"}}]}<\/script>\n<!-- \/ Yoast SEO Premium plugin. -->","yoast_head_json":{"title":"Panamahut im City Stil: Klassische Eleganz mit modischem Akzent","description":"Entdecke den Panama in Wei\u00df mit Flechtgrad 6 im City Stil. Ein Klassiker mit modischem Akzent, ausgezeichnet verarbeitet und ideal f\u00fcr formelle Anl\u00e4sse.","robots":{"index":"index","follow":"follow","max-snippet":"max-snippet:-1","max-image-preview":"max-image-preview:large","max-video-preview":"max-video-preview:-1"},"canonical":"https:\/\/hutfactory.com\/?product=panamahut-fedora-city-brisa-6","og_locale":"de_DE","og_type":"article","og_title":"Panamahut Fedora City Brisa #6","og_description":"Entdecke den Panama in Wei\u00df mit Flechtgrad 6 im City Stil. Ein Klassiker mit modischem Akzent, ausgezeichnet verarbeitet und ideal f\u00fcr formelle Anl\u00e4sse.","og_url":"https:\/\/hutfactory.com\/?product=panamahut-fedora-city-brisa-6","og_site_name":"Hut Factory","article_modified_time":"2026-04-13T13:46:52+00:00","og_image":[{"width":750,"height":750,"url":"https:\/\/hutfactory.com\/wp-content\/uploads\/2026\/03\/32504480-e1519378008437-scaled-2.webp","type":"image\/webp"}],"twitter_card":"summary_large_image","twitter_misc":{"Gesch\u00e4tzte Lesezeit":"2\u00a0Minuten"},"schema":{"@context":"https:\/\/schema.org","@graph":[{"@type":"WebPage","@id":"https:\/\/hutfactory.com\/?product=panamahut-fedora-city-brisa-6","url":"https:\/\/hutfactory.com\/?product=panamahut-fedora-city-brisa-6","name":"Panamahut im City Stil: Klassische Eleganz mit modischem Akzent","isPartOf":{"@id":"https:\/\/hutfactory.com\/#website"},"primaryImageOfPage":{"@id":"https:\/\/hutfactory.com\/?product=panamahut-fedora-city-brisa-6#primaryimage"},"image":{"@id":"https:\/\/hutfactory.com\/?product=panamahut-fedora-city-brisa-6#primaryimage"},"thumbnailUrl":"https:\/\/hutfactory.com\/wp-content\/uploads\/2026\/03\/32504480-e1519378008437-scaled-2.webp","datePublished":"2026-03-10T10:05:14+00:00","dateModified":"2026-04-13T13:46:52+00:00","description":"Entdecke den Panama in Wei\u00df mit Flechtgrad 6 im City Stil. Ein Klassiker mit modischem Akzent, ausgezeichnet verarbeitet und ideal f\u00fcr formelle Anl\u00e4sse.","breadcrumb":{"@id":"https:\/\/hutfactory.com\/?product=panamahut-fedora-city-brisa-6#breadcrumb"},"inLanguage":"de","potentialAction":[{"@type":"ReadAction","target":["https:\/\/hutfactory.com\/?product=panamahut-fedora-city-brisa-6"]}]},{"@type":"ImageObject","inLanguage":"de","@id":"https:\/\/hutfactory.com\/?product=panamahut-fedora-city-brisa-6#primaryimage","url":"https:\/\/hutfactory.com\/wp-content\/uploads\/2026\/03\/32504480-e1519378008437-scaled-2.webp","contentUrl":"https:\/\/hutfactory.com\/wp-content\/uploads\/2026\/03\/32504480-e1519378008437-scaled-2.webp","width":750,"height":750,"caption":"gefertigt auf Bestellung.|"},{"@type":"BreadcrumbList","@id":"https:\/\/hutfactory.com\/?product=panamahut-fedora-city-brisa-6#breadcrumb","itemListElement":[{"@type":"ListItem","position":1,"name":"Start","item":"https:\/\/hutfactory.com\/"},{"@type":"ListItem","position":2,"name":"Shop","item":"https:\/\/hutfactory.com\/?page_id=10"},{"@type":"ListItem","position":3,"name":"Panamahut Fedora City Brisa #6"}]},{"@type":"WebSite","@id":"https:\/\/hutfactory.com\/#website","url":"https:\/\/hutfactory.com\/","name":"Hut Factory","description":"H\u00fcte, Kappen &amp; M\u00fctzen in Top Swiss\/EU Qualit\u00e4t","publisher":{"@id":"https:\/\/hutfactory.com\/#organization"},"alternateName":"Hut Shop","potentialAction":[{"@type":"SearchAction","target":{"@type":"EntryPoint","urlTemplate":"https:\/\/hutfactory.com\/?s={search_term_string}"},"query-input":{"@type":"PropertyValueSpecification","valueRequired":true,"valueName":"search_term_string"}}],"inLanguage":"de"},{"@type":"Organization","@id":"https:\/\/hutfactory.com\/#organization","name":"Hut Factory","url":"https:\/\/hutfactory.com\/","logo":{"@type":"ImageObject","inLanguage":"de","@id":"https:\/\/hutfactory.com\/#\/schema\/logo\/image\/","url":"https:\/\/hutfactory.com\/wp-content\/uploads\/2026\/01\/Logo-hut-factory-1.webp","contentUrl":"https:\/\/hutfactory.com\/wp-content\/uploads\/2026\/01\/Logo-hut-factory-1.webp","width":300,"height":262,"caption":"Hut Factory"},"image":{"@id":"https:\/\/hutfactory.com\/#\/schema\/logo\/image\/"}}]}},"_links":{"self":[{"href":"https:\/\/hutfactory.com\/index.php?rest_route=\/wp\/v2\/product\/16304","targetHints":{"allow":["GET"]}}],"collection":[{"href":"https:\/\/hutfactory.com\/index.php?rest_route=\/wp\/v2\/product"}],"about":[{"href":"https:\/\/hutfactory.com\/index.php?rest_route=\/wp\/v2\/types\/product"}],"wp:featuredmedia":[{"embeddable":true,"href":"https:\/\/hutfactory.com\/index.php?rest_route=\/wp\/v2\/media\/16305"}],"wp:attachment":[{"href":"https:\/\/hutfactory.com\/index.php?rest_route=%2Fwp%2Fv2%2Fmedia&parent=16304"}],"wp:term":[{"taxonomy":"product_brand","embeddable":true,"href":"https:\/\/hutfactory.com\/index.php?rest_route=%2Fwp%2Fv2%2Fproduct_brand&post=16304"},{"taxonomy":"product_cat","embeddable":true,"href":"https:\/\/hutfactory.com\/index.php?rest_route=%2Fwp%2Fv2%2Fproduct_cat&post=16304"},{"taxonomy":"product_tag","embeddable":true,"href":"https:\/\/hutfactory.com\/index.php?rest_route=%2Fwp%2Fv2%2Fproduct_tag&post=16304"}],"curies":[{"name":"wp","href":"https:\/\/api.w.org\/{rel}","templated":true}]}}