{"id":16049,"date":"2026-03-10T10:02:42","date_gmt":"2026-03-10T10:02:42","guid":{"rendered":"https:\/\/hutfactory.com\/?product=damen-strohhut-%c2%93freiamt-im-herze%c2%84"},"modified":"2026-03-10T10:28:56","modified_gmt":"2026-03-10T10:28:56","slug":"damen-strohhut-%c2%93freiamt-im-herze%c2%84","status":"publish","type":"product","link":"https:\/\/hutfactory.com\/?product=damen-strohhut-%c2%93freiamt-im-herze%c2%84","title":{"rendered":"Damen Strohhut \u0093FREIAMT IM HERZE\u0084"},"content":{"rendered":"<h4 class=\"\" data-start=\"447\" data-end=\"481\">Charakter trifft Handarbeit<\/h4>\n<p class=\"\" data-start=\"482\" data-end=\"748\">Gefertigt aus einer ausgekl\u00fcgelten Materialmischung aus Crinol, Pedaline und Stroh, zeigt dieser Hut eine strukturierte Oberfl\u00e4che mit maritimem Flair. Das dezente, graue Rebsband mit kleiner Masche und dem ikonischen <em data-start=\"700\" data-end=\"716\">Risa seit 1919<\/em>-Knopf setzt einen edlen Akzent.<\/p>\n<p class=\"\" data-start=\"750\" data-end=\"771\"><strong data-start=\"750\" data-end=\"771\">Perfekt f\u00fcr\u0085.. ??<\/strong><\/p>\n<p class=\"\" data-start=\"773\" data-end=\"1185\"><strong data-start=\"773\" data-end=\"800\">?? Sommerliche Anl\u00e4sse:<\/strong> Ob beim Marktbesuch, einem Caf\u00e9-Date oder beim Flanieren am See \u0096 dieser Hut verleiht jedem Outfit einen Hauch von Raffinesse.<br data-start=\"927\" data-end=\"930\" \/><strong data-start=\"930\" data-end=\"953\">?? Elegante Events:<\/strong> Durch die klassische Form und das stilvolle Streifenmuster auch ideal f\u00fcr Gartenpartys oder kulturelle Anl\u00e4sse.<br data-start=\"1065\" data-end=\"1068\" \/><strong data-start=\"1068\" data-end=\"1098\">?? Natur- und Modebewusst:<\/strong> Regional gefertigt, nachhaltig produziert \u0096 ein echtes Statement f\u00fcr bewussten Konsum.<\/p>\n<div class=\"hf-accordions\">\n<hr class=\"hf-accordion-separator\" \/>\n<details class=\"hf-accordion\">\n<summary><strong>\u25b6\ufe0f Gut zu wissen \u2013 mehr erfahren<\/strong><\/summary>\n<div class=\"hf-accordion-content\">\n<h3 class=\"\" data-start=\"1187\" data-end=\"1216\">Eigenschaften &#038; Details<\/h3>\n<p class=\"\" data-start=\"1217\" data-end=\"1696\"><strong data-start=\"1217\" data-end=\"1230\">Material:<\/strong> 33% Crinol \/ 33% Pedaline \/ 33% Stroh \u0096 leicht, atmungsaktiv und formstabil<br data-start=\"1306\" data-end=\"1309\" \/><strong data-start=\"1309\" data-end=\"1324\">Randbreite:<\/strong> 8.0 cm \u0096 angenehmer Sonnenschutz mit stilvollem Schwung<br data-start=\"1380\" data-end=\"1383\" \/><strong data-start=\"1383\" data-end=\"1396\">Kopfh\u00f6he:<\/strong> 10.0 cm \u0096 klassische Clocheform mit zeitgem\u00e4\u00dfer Eleganz<br data-start=\"1452\" data-end=\"1455\" \/><strong data-start=\"1455\" data-end=\"1466\">Farben:<\/strong> Marine\/Natur \u0096 maritim, modern und vielseitig kombinierbar<br data-start=\"1525\" data-end=\"1528\" \/><strong data-start=\"1528\" data-end=\"1541\">Garnitur:<\/strong> Graues Rebsband mit feiner Masche und Qualit\u00e4tsknopf von Risa<br data-start=\"1603\" data-end=\"1606\" \/><strong data-start=\"1606\" data-end=\"1623\">Schweissband:<\/strong> Eingen\u00e4htes Textilband f\u00fcr angenehmen Tragekomfort<br data-start=\"1674\" data-end=\"1677\" \/><strong data-start=\"1677\" data-end=\"1688\">Gr\u00f6\u00dfen:<\/strong> 54\u009661<\/p>\n<h3 class=\"\" data-start=\"1698\" data-end=\"1725\">Design &#038; Verarbeitung<\/h3>\n<p class=\"\" data-start=\"1726\" data-end=\"1983\">Die ringf\u00f6rmigen Streifen in wechselnder Textur und Farbigkeit verleihen diesem Hut eine frische Optik, ohne dabei an klassischer Wirkung zu verlieren. Die harmonisch abgerundete Cloche-Form sorgt f\u00fcr feminine Ausstrahlung mit geschmackvoller Zur\u00fcckhaltung.<\/p>\n<h3 class=\"\" data-start=\"1985\" data-end=\"2019\">Handgefertigt in der Schweiz<\/h3>\n<p class=\"\" data-start=\"2020\" data-end=\"2251\">Mit Sorgfalt und Leidenschaft entsteht dieses Modell in der Risa Hutmanufaktur \u0096 dort, wo jahrzehntelange Tradition auf moderne Pr\u00e4zision trifft. Jeder Hut ist ein Einzelst\u00fcck, gefertigt in liebevoller Handarbeit im Herzen Europas.<\/p>\n<h3 class=\"\" data-start=\"2253\" data-end=\"2284\">Nachhaltigkeit &#038; Qualit\u00e4t<\/h3>\n<p class=\"\" data-start=\"2285\" data-end=\"2475\">Die Verwendung hochwertiger Naturmaterialien, die sorgf\u00e4ltige Fertigung in Europa und der bewusste Verzicht auf \u00dcberproduktion machen diesen Cloche-Hut zu einem Vorbild an nachhaltiger Mode.<\/p>\n<h3 class=\"\" data-start=\"2477\" data-end=\"2504\">Herstellung &#038; Versand<\/h3>\n<p class=\"\" data-start=\"2505\" data-end=\"2722\"><strong data-start=\"2505\" data-end=\"2534\">Fertigung auf Bestellung:<\/strong> Jeder Hut wird individuell f\u00fcr Sie gefertigt<br data-start=\"2579\" data-end=\"2582\" \/><strong data-start=\"2582\" data-end=\"2603\">Herstellungszeit:<\/strong> 10\u009615 Arbeitstage nach Zahlungseingang<br data-start=\"2642\" data-end=\"2645\" \/><strong data-start=\"2645\" data-end=\"2657\">Versand:<\/strong> Innerhalb weniger Tage nach Fertigstellung ab Standort Schweiz<\/p>\n<\/div>\n<\/details>\n<details class=\"hf-accordion\">\n<summary><strong>\u25b6\ufe0f FAQ \u2013 H\u00e4ufige Fragen<\/strong><\/summary>\n<div class=\"hf-accordion-content\">\n<h3 class=\"\" data-start=\"2724\" data-end=\"2759\">FAQ \u0096 H\u00e4ufig gestellte Fragen<\/h3>\n<p class=\"\" data-start=\"2761\" data-end=\"2896\"><strong data-start=\"2761\" data-end=\"2801\">Bietet der Hut Schutz vor der Sonne?<\/strong><br data-start=\"2801\" data-end=\"2804\" \/>Ja, mit seiner 8?cm breiten Krempe sch\u00fctzt er Gesicht und Nacken stilvoll vor UV-Strahlen.<\/p>\n<p class=\"\" data-start=\"2898\" data-end=\"3032\"><strong data-start=\"2898\" data-end=\"2925\">Wie pflege ich den Hut?<\/strong><br data-start=\"2925\" data-end=\"2928\" \/>Trocken und k\u00fchl lagern, bei Bedarf mit einer weichen B\u00fcrste reinigen \u0096 Details im Pflegehinweis-Link.<\/p>\n<p class=\"\" data-start=\"3034\" data-end=\"3164\"><strong data-start=\"3034\" data-end=\"3065\">Ist das Modell sehr leicht?<\/strong><br data-start=\"3065\" data-end=\"3068\" \/>Ja, durch die Materialkombination tr\u00e4gt sich der Hut besonders angenehm, auch an warmen Tagen.<\/p>\n<p class=\"\" data-start=\"3166\" data-end=\"3290\"><strong data-start=\"3166\" data-end=\"3200\">Kann ich den Hut retournieren?<\/strong><br data-start=\"3200\" data-end=\"3203\" \/>Nur bei Material- oder Fertigungsfehlern \u0096 da es sich um eine Ma\u00dfanfertigung handelt.<\/p>\n<p class=\"\" data-start=\"3292\" data-end=\"3410\"><strong data-start=\"3292\" data-end=\"3321\">Ist das Modell limitiert?<\/strong><br data-start=\"3321\" data-end=\"3324\" \/>Ja, solange der Vorrat des Rohmaterials reicht \u0096 eine fr\u00fche Bestellung wird empfohlen.<\/p>\n<\/div>\n<\/details>\n<\/div>\n","protected":false},"excerpt":{"rendered":"<h4 class=\"\" data-start=\"80\" data-end=\"108\">Streifenweise Eleganz<\/h4>\n<p class=\"\" data-start=\"109\" data-end=\"445\">Ein klassischer Cloche-Hut mit moderner Note: Der <em data-start=\"159\" data-end=\"195\">Damenhut Cloche \u0084Freiamt im Herze\u0093<\/em> besticht durch seine fein gearbeiteten Streifen in Marineblau und Natur. Die Kombination aus nostalgischer Silhouette und zeitgem\u00e4\u00dfer Farbkomposition macht diesen Hut zu einem Lieblingsst\u00fcck f\u00fcr stilbewusste Tr\u00e4gerinnen mit Liebe zur Handwerkskunst.<\/p>\n","protected":false},"featured_media":16050,"template":"","meta":{"_acf_changed":false,"rs_blank_template":"","rs_page_bg_color":"","slide_template_v7":""},"product_brand":[250],"product_cat":[446,275],"product_tag":[],"class_list":{"0":"post-16049","1":"product","2":"type-product","3":"status-publish","4":"has-post-thumbnail","6":"product_brand-risa-hutwerkstatt-schweiz","7":"product_cat-cloche-sommerhuete","8":"product_cat-sommerhuete","9":"product_shipping_class-mittlere-pakete","10":"pa_color-natur-blau","11":"pa_groesse-206","12":"pa_groesse-196","13":"pa_groesse-207","14":"pa_groesse-197","15":"pa_groesse-208","16":"pa_groesse-198","17":"pa_groesse-209","18":"pa_groesse-199","19":"pa_groesse-210","20":"yith_product_brand-risa-hutwerkstatt-schweiz","23":"instock","24":"featured","25":"taxable","26":"shipping-taxable","27":"purchasable","28":"product-type-variable","29":"wvs-archive-product-wrapper","30":"add-to-wishlist-after_add_to_cart"},"acf":[],"yoast_head":"<!-- This site is optimized with the Yoast SEO Premium plugin v27.3 (Yoast SEO v27.3) - https:\/\/yoast.com\/product\/yoast-seo-premium-wordpress\/ -->\n<title>Damen Strohhut Cloche - Zeitlose Eleganz &amp; Schutz vor der Sonne<\/title>\n<meta name=\"description\" content=\"Jeder Strohhut wird in akribischer Handarbeit gefertigt und der Cloche ist ein Symbol f\u00fcr h\u00f6chste Standards in Qualit\u00e4t, Design und Sch\u00f6nheit.\" \/>\n<meta name=\"robots\" content=\"index, follow, max-snippet:-1, max-image-preview:large, max-video-preview:-1\" \/>\n<link rel=\"canonical\" href=\"https:\/\/hutfactory.com\/?product=damen-strohhut-\u0093freiamt-im-herze\u0084\" \/>\n<meta property=\"og:locale\" content=\"de_DE\" \/>\n<meta property=\"og:type\" content=\"article\" \/>\n<meta property=\"og:title\" content=\"Damen Strohhut \u0093FREIAMT IM HERZE\u0084\" \/>\n<meta property=\"og:description\" content=\"Jeder Strohhut wird in akribischer Handarbeit gefertigt und der Cloche ist ein Symbol f\u00fcr h\u00f6chste Standards in Qualit\u00e4t, Design und Sch\u00f6nheit.\" \/>\n<meta property=\"og:url\" content=\"https:\/\/hutfactory.com\/?product=damen-strohhut-\u0093freiamt-im-herze\u0084\" \/>\n<meta property=\"og:site_name\" content=\"Hut Factory\" \/>\n<meta property=\"article:modified_time\" content=\"2026-03-10T10:28:56+00:00\" \/>\n<meta property=\"og:image\" content=\"https:\/\/hutfactory.com\/wp-content\/uploads\/2026\/03\/10405780.1-scaled-e1645461209634-1.webp\" \/>\n\t<meta property=\"og:image:width\" content=\"750\" \/>\n\t<meta property=\"og:image:height\" content=\"750\" \/>\n\t<meta property=\"og:image:type\" content=\"image\/webp\" \/>\n<meta name=\"twitter:card\" content=\"summary_large_image\" \/>\n<meta name=\"twitter:label1\" content=\"Gesch\u00e4tzte Lesezeit\" \/>\n\t<meta name=\"twitter:data1\" content=\"2\u00a0Minuten\" \/>\n<script type=\"application\/ld+json\" class=\"yoast-schema-graph\">{\"@context\":\"https:\\\/\\\/schema.org\",\"@graph\":[{\"@type\":\"WebPage\",\"@id\":\"https:\\\/\\\/hutfactory.com\\\/?product=damen-strohhut-%c2%93freiamt-im-herze%c2%84\",\"url\":\"https:\\\/\\\/hutfactory.com\\\/?product=damen-strohhut-%c2%93freiamt-im-herze%c2%84\",\"name\":\"Damen Strohhut Cloche - Zeitlose Eleganz & Schutz vor der Sonne\",\"isPartOf\":{\"@id\":\"https:\\\/\\\/hutfactory.com\\\/#website\"},\"primaryImageOfPage\":{\"@id\":\"https:\\\/\\\/hutfactory.com\\\/?product=damen-strohhut-%c2%93freiamt-im-herze%c2%84#primaryimage\"},\"image\":{\"@id\":\"https:\\\/\\\/hutfactory.com\\\/?product=damen-strohhut-%c2%93freiamt-im-herze%c2%84#primaryimage\"},\"thumbnailUrl\":\"https:\\\/\\\/hutfactory.com\\\/wp-content\\\/uploads\\\/2026\\\/03\\\/10405780.1-scaled-e1645461209634-1.webp\",\"datePublished\":\"2026-03-10T10:02:42+00:00\",\"dateModified\":\"2026-03-10T10:28:56+00:00\",\"description\":\"Jeder Strohhut wird in akribischer Handarbeit gefertigt und der Cloche ist ein Symbol f\u00fcr h\u00f6chste Standards in Qualit\u00e4t, Design und Sch\u00f6nheit.\",\"breadcrumb\":{\"@id\":\"https:\\\/\\\/hutfactory.com\\\/?product=damen-strohhut-%c2%93freiamt-im-herze%c2%84#breadcrumb\"},\"inLanguage\":\"de\",\"potentialAction\":[{\"@type\":\"ReadAction\",\"target\":[\"https:\\\/\\\/hutfactory.com\\\/?product=damen-strohhut-%c2%93freiamt-im-herze%c2%84\"]}]},{\"@type\":\"ImageObject\",\"inLanguage\":\"de\",\"@id\":\"https:\\\/\\\/hutfactory.com\\\/?product=damen-strohhut-%c2%93freiamt-im-herze%c2%84#primaryimage\",\"url\":\"https:\\\/\\\/hutfactory.com\\\/wp-content\\\/uploads\\\/2026\\\/03\\\/10405780.1-scaled-e1645461209634-1.webp\",\"contentUrl\":\"https:\\\/\\\/hutfactory.com\\\/wp-content\\\/uploads\\\/2026\\\/03\\\/10405780.1-scaled-e1645461209634-1.webp\",\"width\":750,\"height\":750,\"caption\":\"Pedaline und Stroh \u0096 mit klassischem Rebsband und edlem Design|\"},{\"@type\":\"BreadcrumbList\",\"@id\":\"https:\\\/\\\/hutfactory.com\\\/?product=damen-strohhut-%c2%93freiamt-im-herze%c2%84#breadcrumb\",\"itemListElement\":[{\"@type\":\"ListItem\",\"position\":1,\"name\":\"Start\",\"item\":\"https:\\\/\\\/hutfactory.com\\\/\"},{\"@type\":\"ListItem\",\"position\":2,\"name\":\"Shop\",\"item\":\"https:\\\/\\\/hutfactory.com\\\/?page_id=10\"},{\"@type\":\"ListItem\",\"position\":3,\"name\":\"Damen Strohhut \u0093FREIAMT IM HERZE\u0084\"}]},{\"@type\":\"WebSite\",\"@id\":\"https:\\\/\\\/hutfactory.com\\\/#website\",\"url\":\"https:\\\/\\\/hutfactory.com\\\/\",\"name\":\"Hut Factory\",\"description\":\"H\u00fcte, Kappen &amp; M\u00fctzen in Top Swiss\\\/EU Qualit\u00e4t\",\"publisher\":{\"@id\":\"https:\\\/\\\/hutfactory.com\\\/#organization\"},\"alternateName\":\"Hut Shop\",\"potentialAction\":[{\"@type\":\"SearchAction\",\"target\":{\"@type\":\"EntryPoint\",\"urlTemplate\":\"https:\\\/\\\/hutfactory.com\\\/?s={search_term_string}\"},\"query-input\":{\"@type\":\"PropertyValueSpecification\",\"valueRequired\":true,\"valueName\":\"search_term_string\"}}],\"inLanguage\":\"de\"},{\"@type\":\"Organization\",\"@id\":\"https:\\\/\\\/hutfactory.com\\\/#organization\",\"name\":\"Hut Factory\",\"url\":\"https:\\\/\\\/hutfactory.com\\\/\",\"logo\":{\"@type\":\"ImageObject\",\"inLanguage\":\"de\",\"@id\":\"https:\\\/\\\/hutfactory.com\\\/#\\\/schema\\\/logo\\\/image\\\/\",\"url\":\"https:\\\/\\\/hutfactory.com\\\/wp-content\\\/uploads\\\/2026\\\/01\\\/Logo-hut-factory-1.webp\",\"contentUrl\":\"https:\\\/\\\/hutfactory.com\\\/wp-content\\\/uploads\\\/2026\\\/01\\\/Logo-hut-factory-1.webp\",\"width\":300,\"height\":262,\"caption\":\"Hut Factory\"},\"image\":{\"@id\":\"https:\\\/\\\/hutfactory.com\\\/#\\\/schema\\\/logo\\\/image\\\/\"}}]}<\/script>\n<!-- \/ Yoast SEO Premium plugin. -->","yoast_head_json":{"title":"Damen Strohhut Cloche - Zeitlose Eleganz & Schutz vor der Sonne","description":"Jeder Strohhut wird in akribischer Handarbeit gefertigt und der Cloche ist ein Symbol f\u00fcr h\u00f6chste Standards in Qualit\u00e4t, Design und Sch\u00f6nheit.","robots":{"index":"index","follow":"follow","max-snippet":"max-snippet:-1","max-image-preview":"max-image-preview:large","max-video-preview":"max-video-preview:-1"},"canonical":"https:\/\/hutfactory.com\/?product=damen-strohhut-\u0093freiamt-im-herze\u0084","og_locale":"de_DE","og_type":"article","og_title":"Damen Strohhut \u0093FREIAMT IM HERZE\u0084","og_description":"Jeder Strohhut wird in akribischer Handarbeit gefertigt und der Cloche ist ein Symbol f\u00fcr h\u00f6chste Standards in Qualit\u00e4t, Design und Sch\u00f6nheit.","og_url":"https:\/\/hutfactory.com\/?product=damen-strohhut-\u0093freiamt-im-herze\u0084","og_site_name":"Hut Factory","article_modified_time":"2026-03-10T10:28:56+00:00","og_image":[{"width":750,"height":750,"url":"https:\/\/hutfactory.com\/wp-content\/uploads\/2026\/03\/10405780.1-scaled-e1645461209634-1.webp","type":"image\/webp"}],"twitter_card":"summary_large_image","twitter_misc":{"Gesch\u00e4tzte Lesezeit":"2\u00a0Minuten"},"schema":{"@context":"https:\/\/schema.org","@graph":[{"@type":"WebPage","@id":"https:\/\/hutfactory.com\/?product=damen-strohhut-%c2%93freiamt-im-herze%c2%84","url":"https:\/\/hutfactory.com\/?product=damen-strohhut-%c2%93freiamt-im-herze%c2%84","name":"Damen Strohhut Cloche - Zeitlose Eleganz & Schutz vor der Sonne","isPartOf":{"@id":"https:\/\/hutfactory.com\/#website"},"primaryImageOfPage":{"@id":"https:\/\/hutfactory.com\/?product=damen-strohhut-%c2%93freiamt-im-herze%c2%84#primaryimage"},"image":{"@id":"https:\/\/hutfactory.com\/?product=damen-strohhut-%c2%93freiamt-im-herze%c2%84#primaryimage"},"thumbnailUrl":"https:\/\/hutfactory.com\/wp-content\/uploads\/2026\/03\/10405780.1-scaled-e1645461209634-1.webp","datePublished":"2026-03-10T10:02:42+00:00","dateModified":"2026-03-10T10:28:56+00:00","description":"Jeder Strohhut wird in akribischer Handarbeit gefertigt und der Cloche ist ein Symbol f\u00fcr h\u00f6chste Standards in Qualit\u00e4t, Design und Sch\u00f6nheit.","breadcrumb":{"@id":"https:\/\/hutfactory.com\/?product=damen-strohhut-%c2%93freiamt-im-herze%c2%84#breadcrumb"},"inLanguage":"de","potentialAction":[{"@type":"ReadAction","target":["https:\/\/hutfactory.com\/?product=damen-strohhut-%c2%93freiamt-im-herze%c2%84"]}]},{"@type":"ImageObject","inLanguage":"de","@id":"https:\/\/hutfactory.com\/?product=damen-strohhut-%c2%93freiamt-im-herze%c2%84#primaryimage","url":"https:\/\/hutfactory.com\/wp-content\/uploads\/2026\/03\/10405780.1-scaled-e1645461209634-1.webp","contentUrl":"https:\/\/hutfactory.com\/wp-content\/uploads\/2026\/03\/10405780.1-scaled-e1645461209634-1.webp","width":750,"height":750,"caption":"Pedaline und Stroh \u0096 mit klassischem Rebsband und edlem Design|"},{"@type":"BreadcrumbList","@id":"https:\/\/hutfactory.com\/?product=damen-strohhut-%c2%93freiamt-im-herze%c2%84#breadcrumb","itemListElement":[{"@type":"ListItem","position":1,"name":"Start","item":"https:\/\/hutfactory.com\/"},{"@type":"ListItem","position":2,"name":"Shop","item":"https:\/\/hutfactory.com\/?page_id=10"},{"@type":"ListItem","position":3,"name":"Damen Strohhut \u0093FREIAMT IM HERZE\u0084"}]},{"@type":"WebSite","@id":"https:\/\/hutfactory.com\/#website","url":"https:\/\/hutfactory.com\/","name":"Hut Factory","description":"H\u00fcte, Kappen &amp; M\u00fctzen in Top Swiss\/EU Qualit\u00e4t","publisher":{"@id":"https:\/\/hutfactory.com\/#organization"},"alternateName":"Hut Shop","potentialAction":[{"@type":"SearchAction","target":{"@type":"EntryPoint","urlTemplate":"https:\/\/hutfactory.com\/?s={search_term_string}"},"query-input":{"@type":"PropertyValueSpecification","valueRequired":true,"valueName":"search_term_string"}}],"inLanguage":"de"},{"@type":"Organization","@id":"https:\/\/hutfactory.com\/#organization","name":"Hut Factory","url":"https:\/\/hutfactory.com\/","logo":{"@type":"ImageObject","inLanguage":"de","@id":"https:\/\/hutfactory.com\/#\/schema\/logo\/image\/","url":"https:\/\/hutfactory.com\/wp-content\/uploads\/2026\/01\/Logo-hut-factory-1.webp","contentUrl":"https:\/\/hutfactory.com\/wp-content\/uploads\/2026\/01\/Logo-hut-factory-1.webp","width":300,"height":262,"caption":"Hut Factory"},"image":{"@id":"https:\/\/hutfactory.com\/#\/schema\/logo\/image\/"}}]}},"_links":{"self":[{"href":"https:\/\/hutfactory.com\/index.php?rest_route=\/wp\/v2\/product\/16049","targetHints":{"allow":["GET"]}}],"collection":[{"href":"https:\/\/hutfactory.com\/index.php?rest_route=\/wp\/v2\/product"}],"about":[{"href":"https:\/\/hutfactory.com\/index.php?rest_route=\/wp\/v2\/types\/product"}],"wp:featuredmedia":[{"embeddable":true,"href":"https:\/\/hutfactory.com\/index.php?rest_route=\/wp\/v2\/media\/16050"}],"wp:attachment":[{"href":"https:\/\/hutfactory.com\/index.php?rest_route=%2Fwp%2Fv2%2Fmedia&parent=16049"}],"wp:term":[{"taxonomy":"product_brand","embeddable":true,"href":"https:\/\/hutfactory.com\/index.php?rest_route=%2Fwp%2Fv2%2Fproduct_brand&post=16049"},{"taxonomy":"product_cat","embeddable":true,"href":"https:\/\/hutfactory.com\/index.php?rest_route=%2Fwp%2Fv2%2Fproduct_cat&post=16049"},{"taxonomy":"product_tag","embeddable":true,"href":"https:\/\/hutfactory.com\/index.php?rest_route=%2Fwp%2Fv2%2Fproduct_tag&post=16049"}],"curies":[{"name":"wp","href":"https:\/\/api.w.org\/{rel}","templated":true}]}}