{"id":15988,"date":"2026-03-10T10:01:44","date_gmt":"2026-03-10T10:01:44","guid":{"rendered":"https:\/\/hutfactory.com\/?product=strohhut-city-freiamt-ruestenschwilerin"},"modified":"2026-03-10T10:28:55","modified_gmt":"2026-03-10T10:28:55","slug":"strohhut-city-freiamt-ruestenschwilerin","status":"publish","type":"product","link":"https:\/\/hutfactory.com\/?product=strohhut-city-freiamt-ruestenschwilerin","title":{"rendered":"Strohhut City &#8211; Freiamt R\u00fcstenschwilerIn"},"content":{"rendered":"<h3 class=\"ai-optimize-24\" data-start=\"0\" data-end=\"72\">Zeitlose Klasse f\u00fcr urbane Sommermomente: Der City-Hut mit Charakter<\/h3>\n<p class=\"ai-optimize-25 ai-optimize-introduction\" data-start=\"74\" data-end=\"410\">Ob Flanieren in mediterranen Altst\u00e4dten oder stilvoller Schutz an sonnigen Tagen \u0096 der <strong data-start=\"161\" data-end=\"189\">Freiamt R\u00fcstenschwilerIn<\/strong> ist ein Statement f\u00fcr alle, die klassische Form mit moderner Eleganz verbinden m\u00f6chten. Ein City-Strohhut, der mit seiner ausgepr\u00e4gten Silhouette, dem ikonischen Hutband und feinster Handarbeit aus der Schweiz \u00fcberzeugt.<\/p>\n<p class=\"ai-optimize-26\" data-start=\"416\" data-end=\"847\">Der Hut wird aus 100% nat\u00fcrlichem Stroh gefertigt und zeichnet sich durch eine markant geformte Trilby-Krone (11 cm) sowie eine gro\u00dfz\u00fcgige, gerade Krempe mit 7 cm Randbreite aus \u0096 ideal f\u00fcr stilvollen Sonnenschutz. Das braune Rebsband mit einem feinen wei\u00dfen Streifen setzt einen eleganten Kontrast zum naturfarbenen Flechtwerk und wird von einem \u0084Risa seit 1919\u0093 Knopf gekr\u00f6nt \u0096 ein sichtbares Siegel Schweizer Hutmachertradition.<\/p>\n<p class=\"ai-optimize-27\" data-start=\"853\" data-end=\"1156\"><strong data-start=\"853\" data-end=\"871\">Perfekt f\u00fcr\u0085??<\/strong><br data-start=\"871\" data-end=\"874\" \/>?? Hitzetage in der Stadt, auf Reisen oder im Garten: Schattenspender mit Stil<br data-start=\"952\" data-end=\"955\" \/>?? Klassische Sommerfeste, Ap\u00e9ros oder Vernissagen: Eleganz mit handwerklichem Understatement<br data-start=\"1048\" data-end=\"1051\" \/>?? Liebhaber authentischer Handarbeit: F\u00fcr Menschen, die Wert auf Qualit\u00e4t, Herkunft und Geschichte legen<\/p>\n<div class=\"hf-accordions\">\n<hr class=\"hf-accordion-separator\" \/>\n<details class=\"hf-accordion\">\n<summary><strong>\u25b6\ufe0f Gut zu wissen \u2013 mehr erfahren<\/strong><\/summary>\n<div class=\"hf-accordion-content\">\n<div class=\"wpb_text_column wpb_content_element\">\n<div class=\"wpb_wrapper\">\n<h3>Ausstattungsmerkmale<\/h3>\n<\/div>\n<\/div>\n<div class=\"wpb_text_column wpb_content_element\">\n<div class=\"wpb_wrapper\">\n<ul>\n<li><strong>Material:<\/strong>\u00a0100% Weizenstroh<\/li>\n<li><strong>Randbreite:\u00a0<\/strong>7.0 cm<\/li>\n<li><strong>Kopfh\u00f6he:\u00a0<\/strong>11.0 cm<\/li>\n<li><strong>Farboptionen:<\/strong>\u00a01. Nature mit Garnitur Braun mit weissen Streifen oben<\/li>\n<li><strong>Garnitur:<\/strong>\u00a0Doppeltes Rebsband mit Traverse gerade<\/li>\n<li><strong>Gr\u00f6\u00dfen:<\/strong>\u00a054-62<\/li>\n<li><strong>Schweissband:<\/strong>\u00a0Sauber eingen\u00e4htes Textilinnenband als Schweissband<\/li>\n<li><strong>Made:<\/strong>\u00a0Dieses Modell wird im Herzen Europas bei der Schweizer Hutmanufaktur Risa auf Bestellung hergestellt<\/li>\n<li><strong>Herstellung:<\/strong>\u00a0Innert 10 bis 15 Arbeitstage nach Zahlungseingang<\/li>\n<li><strong>Abverkauf:\u00a0<\/strong>des Rohmaterials vorbehalten<\/li>\n<\/ul>\n<\/div>\n<\/div>\n<\/div>\n<\/details>\n<details class=\"hf-accordion\">\n<summary><strong>\u25b6\ufe0f FAQ \u2013 H\u00e4ufige Fragen<\/strong><\/summary>\n<div class=\"hf-accordion-content\">\n<h2>FAQs<\/h2>\n<div class=\"group w-full text-gray-800 dark:text-gray-100 border-b border-black\/10 dark:border-gray-900\/50 bg-gray-50 dark:bg-[#444654] sm:AIPRM__conversation__response\">\n<div class=\"text-base gap-4 md:gap-6 md:max-w-2xl lg:max-w-xl xl:max-w-3xl p-4 md:py-6 flex lg:px-0 m-auto\">\n<div class=\"relative flex w-[calc(100%-50px)] flex-col gap-1 md:gap-3 lg:w-[calc(100%-115px)]\">\n<div class=\"flex flex-grow flex-col gap-3\">\n<div class=\"min-h-[20px] flex flex-col items-start gap-4 whitespace-pre-wrap\">\n<div class=\"markdown prose w-full break-words dark:prose-invert light AIPRM__conversation__response\">\n<h3>Aus welchem Material ist der \u0093R\u00fcstenschwiler\u0094 City Hut gefertigt?<\/h3>\n<p>A: Der \u0093R\u00fcstenschwiler\u0094 City Hut aus der Freiamt Strohhut Kollektion wird aus naturfarbenem Weizenstroh gefertigt.<\/p>\n<h3>Wie wird der \u0093R\u00fcstenschwiler\u0094 City Hut hergestellt?<\/h3>\n<p>A: Jeder Hut wird in exakter und intensiver Handarbeit gefertigt und veredelt. Dabei wird viel Zeit und Hingabe investiert, um ein feines Gesp\u00fcr f\u00fcr Qualit\u00e4t, Design und Sch\u00f6nheit zu vermitteln.<\/p>\n<h3>Wie pflege ich den \u0093R\u00fcstenschwiler\u0094 City Hut?<\/h3>\n<p>A: Der Hut sollte vor Feuchtigkeit gesch\u00fctzt und nicht in der Sonne gelagert werden. Bei Bedarf kann er mit einem weichen Tuch und lauwarmem Wasser gereinigt werden. Nach dem Trocknen kann er mit einer speziellen Hutb\u00fcrste vorsichtig geb\u00fcrstet werden, um Staub und Schmutz zu entfernen. Um die Form des Hutes zu bewahren, sollte er auf einem Hutblock oder einer Hutablage gelagert werden.<\/p>\n<h3>Ist der \u0093R\u00fcstenschwiler\u0094 City Hut nur f\u00fcr Damen oder auch f\u00fcr Herren geeignet?<\/h3>\n<p>A: Der \u0093R\u00fcstenschwiler\u0094 City Hut aus der Freiamt Strohhut Kollektion begeistert sowohl anspruchsvolle Damen als auch praktisch veranlagte Herren mit seinem gelungenen Look.<\/p>\n<\/div>\n<\/div>\n<\/div>\n<\/div>\n<\/div>\n<\/div>\n<div class=\"group w-full text-gray-800 dark:text-gray-100 border-b border-black\/10 dark:border-gray-900\/50 bg-gray-50 dark:bg-[#444654] sm:AIPRM__conversation__response\">\n<div class=\"text-base gap-4 md:gap-6 md:max-w-2xl lg:max-w-xl xl:max-w-3xl p-4 md:py-6 flex lg:px-0 m-auto\">\n<div class=\"relative flex w-[calc(100%-50px)] flex-col gap-1 md:gap-3 lg:w-[calc(100%-115px)]\">\n<div class=\"flex flex-grow flex-col gap-3\">\n<div class=\"min-h-[20px] flex flex-col items-start gap-4 whitespace-pre-wrap\">\n<div class=\"markdown prose w-full break-words dark:prose-invert light AIPRM__conversation__response\">\n<h3>Woher stammt die Freiamt Strohhut Kollektion?<\/h3>\n<p>A: Die Freiamt Strohhut Kollektion entstand aus der Leidenschaft f\u00fcr H\u00fcte und dem besonderen Interesse an traditioneller Handarbeitskunst. Sie wird in der Schweiz produziert.<\/p>\n<h3>Wie lange h\u00e4lt der \u0093R\u00fcstenschwiler\u0094 City Hut?<\/h3>\n<p>A: Der \u0093R\u00fcstenschwiler\u0094 City Hut aus der Freiamt Strohhut Kollektion zeichnet sich durch seine hochwertige Verarbeitung und ausgew\u00e4hlten Materialien aus. Bei richtiger Pflege und Lagerung wird er Ihnen lange Freude bereiten.<\/p>\n<h3>Kann der \u0093R\u00fcstenschwiler\u0094 City Hut als Geschenk dienen?<\/h3>\n<p>A: Ja, der \u0093R\u00fcstenschwiler\u0094 City Hut aus der Freiamt Strohhut Kollektion eignet sich nicht nur als pers\u00f6nliches Accessoire, sondern auch als besonderes Geschenk f\u00fcr Freunde und Familie. Er steht f\u00fcr traditionelle Handarbeit und zeitlose Eleganz und wird sicherlich bei jedem Anlass f\u00fcr Begeisterung sorgen.<\/p>\n<\/div>\n<\/div>\n<\/div>\n<\/div>\n<\/div>\n<\/div>\n<\/div>\n<\/details>\n<\/div>\n","protected":false},"excerpt":{"rendered":"<p class=\"ai-optimize-28\"><strong data-start=\"1292\" data-end=\"1322\">Stilvoll durch den Sommer.<\/strong><\/p>\n<p class=\"ai-optimize-29\">Der Freiamt R\u00fcstenschwilerIn ist mehr als ein Strohhut \u0096 er ist ein St\u00fcck gelebte Schweizer Handwerkskunst. Mit klarer Linienf\u00fchrung, edlem Rebsband und einer markanten Krone bringt dieser City-Hut Understatement und Eleganz in Einklang.<\/p>\n","protected":false},"featured_media":15989,"template":"","meta":{"_acf_changed":false,"rs_blank_template":"","rs_page_bg_color":"","slide_template_v7":""},"product_brand":[250],"product_cat":[610,275],"product_tag":[],"class_list":{"0":"post-15988","1":"product","2":"type-product","3":"status-publish","4":"has-post-thumbnail","6":"product_brand-risa-hutwerkstatt-schweiz","7":"product_cat-city-sommerhuete","8":"product_cat-sommerhuete","9":"product_shipping_class-mittlere-pakete","10":"pa_color-natur","11":"pa_groesse-206","12":"pa_groesse-196","13":"pa_groesse-207","14":"pa_groesse-197","15":"pa_groesse-208","16":"pa_groesse-198","17":"pa_groesse-209","18":"pa_groesse-199","19":"pa_groesse-210","20":"yith_product_brand-risa-hutwerkstatt-schweiz","23":"instock","24":"featured","25":"taxable","26":"shipping-taxable","27":"purchasable","28":"product-type-variable","29":"wvs-archive-product-wrapper","30":"add-to-wishlist-after_add_to_cart"},"acf":[],"yoast_head":"<!-- This site is optimized with the Yoast SEO Premium plugin v27.3 (Yoast SEO v27.3) - https:\/\/yoast.com\/product\/yoast-seo-premium-wordpress\/ -->\n<title>City-Strohhut R\u00fcstenschwiler \u0096 Handmade mit braunem Rebsband<\/title>\n<meta name=\"description\" content=\"Der &quot;R\u00fcstenschwiler&quot; City Hut aus der Freiamt Strohhut Kollektion vereint traditionelle Handarbeit, hochwertige Materialien und zeitlose Eleganz.\" \/>\n<meta name=\"robots\" content=\"index, follow, max-snippet:-1, max-image-preview:large, max-video-preview:-1\" \/>\n<link rel=\"canonical\" href=\"https:\/\/hutfactory.com\/?product=strohhut-city-freiamt-ruestenschwilerin\" \/>\n<meta property=\"og:locale\" content=\"de_DE\" \/>\n<meta property=\"og:type\" content=\"article\" \/>\n<meta property=\"og:title\" content=\"Strohhut City - Freiamt R\u00fcstenschwilerIn\" \/>\n<meta property=\"og:description\" content=\"Der &quot;R\u00fcstenschwiler&quot; City Hut aus der Freiamt Strohhut Kollektion vereint traditionelle Handarbeit, hochwertige Materialien und zeitlose Eleganz.\" \/>\n<meta property=\"og:url\" content=\"https:\/\/hutfactory.com\/?product=strohhut-city-freiamt-ruestenschwilerin\" \/>\n<meta property=\"og:site_name\" content=\"Hut Factory\" \/>\n<meta property=\"article:modified_time\" content=\"2026-03-10T10:28:55+00:00\" \/>\n<meta property=\"og:image\" content=\"https:\/\/hutfactory.com\/wp-content\/uploads\/2026\/03\/11797.1.webp\" \/>\n\t<meta property=\"og:image:width\" content=\"750\" \/>\n\t<meta property=\"og:image:height\" content=\"750\" \/>\n\t<meta property=\"og:image:type\" content=\"image\/webp\" \/>\n<meta name=\"twitter:card\" content=\"summary_large_image\" \/>\n<meta name=\"twitter:label1\" content=\"Gesch\u00e4tzte Lesezeit\" \/>\n\t<meta name=\"twitter:data1\" content=\"3\u00a0Minuten\" \/>\n<script type=\"application\/ld+json\" class=\"yoast-schema-graph\">{\"@context\":\"https:\\\/\\\/schema.org\",\"@graph\":[{\"@type\":\"WebPage\",\"@id\":\"https:\\\/\\\/hutfactory.com\\\/?product=strohhut-city-freiamt-ruestenschwilerin\",\"url\":\"https:\\\/\\\/hutfactory.com\\\/?product=strohhut-city-freiamt-ruestenschwilerin\",\"name\":\"City-Strohhut R\u00fcstenschwiler \u0096 Handmade mit braunem Rebsband\",\"isPartOf\":{\"@id\":\"https:\\\/\\\/hutfactory.com\\\/#website\"},\"primaryImageOfPage\":{\"@id\":\"https:\\\/\\\/hutfactory.com\\\/?product=strohhut-city-freiamt-ruestenschwilerin#primaryimage\"},\"image\":{\"@id\":\"https:\\\/\\\/hutfactory.com\\\/?product=strohhut-city-freiamt-ruestenschwilerin#primaryimage\"},\"thumbnailUrl\":\"https:\\\/\\\/hutfactory.com\\\/wp-content\\\/uploads\\\/2026\\\/03\\\/11797.1.webp\",\"datePublished\":\"2026-03-10T10:01:44+00:00\",\"dateModified\":\"2026-03-10T10:28:55+00:00\",\"description\":\"Der \\\"R\u00fcstenschwiler\\\" City Hut aus der Freiamt Strohhut Kollektion vereint traditionelle Handarbeit, hochwertige Materialien und zeitlose Eleganz.\",\"breadcrumb\":{\"@id\":\"https:\\\/\\\/hutfactory.com\\\/?product=strohhut-city-freiamt-ruestenschwilerin#breadcrumb\"},\"inLanguage\":\"de\",\"potentialAction\":[{\"@type\":\"ReadAction\",\"target\":[\"https:\\\/\\\/hutfactory.com\\\/?product=strohhut-city-freiamt-ruestenschwilerin\"]}]},{\"@type\":\"ImageObject\",\"inLanguage\":\"de\",\"@id\":\"https:\\\/\\\/hutfactory.com\\\/?product=strohhut-city-freiamt-ruestenschwilerin#primaryimage\",\"url\":\"https:\\\/\\\/hutfactory.com\\\/wp-content\\\/uploads\\\/2026\\\/03\\\/11797.1.webp\",\"contentUrl\":\"https:\\\/\\\/hutfactory.com\\\/wp-content\\\/uploads\\\/2026\\\/03\\\/11797.1.webp\",\"width\":750,\"height\":750,\"caption\":\"klassische Form\"},{\"@type\":\"BreadcrumbList\",\"@id\":\"https:\\\/\\\/hutfactory.com\\\/?product=strohhut-city-freiamt-ruestenschwilerin#breadcrumb\",\"itemListElement\":[{\"@type\":\"ListItem\",\"position\":1,\"name\":\"Start\",\"item\":\"https:\\\/\\\/hutfactory.com\\\/\"},{\"@type\":\"ListItem\",\"position\":2,\"name\":\"Shop\",\"item\":\"https:\\\/\\\/hutfactory.com\\\/?page_id=10\"},{\"@type\":\"ListItem\",\"position\":3,\"name\":\"Strohhut City &#8211; Freiamt R\u00fcstenschwilerIn\"}]},{\"@type\":\"WebSite\",\"@id\":\"https:\\\/\\\/hutfactory.com\\\/#website\",\"url\":\"https:\\\/\\\/hutfactory.com\\\/\",\"name\":\"Hut Factory\",\"description\":\"H\u00fcte, Kappen &amp; M\u00fctzen in Top Swiss\\\/EU Qualit\u00e4t\",\"publisher\":{\"@id\":\"https:\\\/\\\/hutfactory.com\\\/#organization\"},\"alternateName\":\"Hut Shop\",\"potentialAction\":[{\"@type\":\"SearchAction\",\"target\":{\"@type\":\"EntryPoint\",\"urlTemplate\":\"https:\\\/\\\/hutfactory.com\\\/?s={search_term_string}\"},\"query-input\":{\"@type\":\"PropertyValueSpecification\",\"valueRequired\":true,\"valueName\":\"search_term_string\"}}],\"inLanguage\":\"de\"},{\"@type\":\"Organization\",\"@id\":\"https:\\\/\\\/hutfactory.com\\\/#organization\",\"name\":\"Hut Factory\",\"url\":\"https:\\\/\\\/hutfactory.com\\\/\",\"logo\":{\"@type\":\"ImageObject\",\"inLanguage\":\"de\",\"@id\":\"https:\\\/\\\/hutfactory.com\\\/#\\\/schema\\\/logo\\\/image\\\/\",\"url\":\"https:\\\/\\\/hutfactory.com\\\/wp-content\\\/uploads\\\/2026\\\/01\\\/Logo-hut-factory-1.webp\",\"contentUrl\":\"https:\\\/\\\/hutfactory.com\\\/wp-content\\\/uploads\\\/2026\\\/01\\\/Logo-hut-factory-1.webp\",\"width\":300,\"height\":262,\"caption\":\"Hut Factory\"},\"image\":{\"@id\":\"https:\\\/\\\/hutfactory.com\\\/#\\\/schema\\\/logo\\\/image\\\/\"}}]}<\/script>\n<!-- \/ Yoast SEO Premium plugin. -->","yoast_head_json":{"title":"City-Strohhut R\u00fcstenschwiler \u0096 Handmade mit braunem Rebsband","description":"Der \"R\u00fcstenschwiler\" City Hut aus der Freiamt Strohhut Kollektion vereint traditionelle Handarbeit, hochwertige Materialien und zeitlose Eleganz.","robots":{"index":"index","follow":"follow","max-snippet":"max-snippet:-1","max-image-preview":"max-image-preview:large","max-video-preview":"max-video-preview:-1"},"canonical":"https:\/\/hutfactory.com\/?product=strohhut-city-freiamt-ruestenschwilerin","og_locale":"de_DE","og_type":"article","og_title":"Strohhut City - Freiamt R\u00fcstenschwilerIn","og_description":"Der \"R\u00fcstenschwiler\" City Hut aus der Freiamt Strohhut Kollektion vereint traditionelle Handarbeit, hochwertige Materialien und zeitlose Eleganz.","og_url":"https:\/\/hutfactory.com\/?product=strohhut-city-freiamt-ruestenschwilerin","og_site_name":"Hut Factory","article_modified_time":"2026-03-10T10:28:55+00:00","og_image":[{"width":750,"height":750,"url":"https:\/\/hutfactory.com\/wp-content\/uploads\/2026\/03\/11797.1.webp","type":"image\/webp"}],"twitter_card":"summary_large_image","twitter_misc":{"Gesch\u00e4tzte Lesezeit":"3\u00a0Minuten"},"schema":{"@context":"https:\/\/schema.org","@graph":[{"@type":"WebPage","@id":"https:\/\/hutfactory.com\/?product=strohhut-city-freiamt-ruestenschwilerin","url":"https:\/\/hutfactory.com\/?product=strohhut-city-freiamt-ruestenschwilerin","name":"City-Strohhut R\u00fcstenschwiler \u0096 Handmade mit braunem Rebsband","isPartOf":{"@id":"https:\/\/hutfactory.com\/#website"},"primaryImageOfPage":{"@id":"https:\/\/hutfactory.com\/?product=strohhut-city-freiamt-ruestenschwilerin#primaryimage"},"image":{"@id":"https:\/\/hutfactory.com\/?product=strohhut-city-freiamt-ruestenschwilerin#primaryimage"},"thumbnailUrl":"https:\/\/hutfactory.com\/wp-content\/uploads\/2026\/03\/11797.1.webp","datePublished":"2026-03-10T10:01:44+00:00","dateModified":"2026-03-10T10:28:55+00:00","description":"Der \"R\u00fcstenschwiler\" City Hut aus der Freiamt Strohhut Kollektion vereint traditionelle Handarbeit, hochwertige Materialien und zeitlose Eleganz.","breadcrumb":{"@id":"https:\/\/hutfactory.com\/?product=strohhut-city-freiamt-ruestenschwilerin#breadcrumb"},"inLanguage":"de","potentialAction":[{"@type":"ReadAction","target":["https:\/\/hutfactory.com\/?product=strohhut-city-freiamt-ruestenschwilerin"]}]},{"@type":"ImageObject","inLanguage":"de","@id":"https:\/\/hutfactory.com\/?product=strohhut-city-freiamt-ruestenschwilerin#primaryimage","url":"https:\/\/hutfactory.com\/wp-content\/uploads\/2026\/03\/11797.1.webp","contentUrl":"https:\/\/hutfactory.com\/wp-content\/uploads\/2026\/03\/11797.1.webp","width":750,"height":750,"caption":"klassische Form"},{"@type":"BreadcrumbList","@id":"https:\/\/hutfactory.com\/?product=strohhut-city-freiamt-ruestenschwilerin#breadcrumb","itemListElement":[{"@type":"ListItem","position":1,"name":"Start","item":"https:\/\/hutfactory.com\/"},{"@type":"ListItem","position":2,"name":"Shop","item":"https:\/\/hutfactory.com\/?page_id=10"},{"@type":"ListItem","position":3,"name":"Strohhut City &#8211; Freiamt R\u00fcstenschwilerIn"}]},{"@type":"WebSite","@id":"https:\/\/hutfactory.com\/#website","url":"https:\/\/hutfactory.com\/","name":"Hut Factory","description":"H\u00fcte, Kappen &amp; M\u00fctzen in Top Swiss\/EU Qualit\u00e4t","publisher":{"@id":"https:\/\/hutfactory.com\/#organization"},"alternateName":"Hut Shop","potentialAction":[{"@type":"SearchAction","target":{"@type":"EntryPoint","urlTemplate":"https:\/\/hutfactory.com\/?s={search_term_string}"},"query-input":{"@type":"PropertyValueSpecification","valueRequired":true,"valueName":"search_term_string"}}],"inLanguage":"de"},{"@type":"Organization","@id":"https:\/\/hutfactory.com\/#organization","name":"Hut Factory","url":"https:\/\/hutfactory.com\/","logo":{"@type":"ImageObject","inLanguage":"de","@id":"https:\/\/hutfactory.com\/#\/schema\/logo\/image\/","url":"https:\/\/hutfactory.com\/wp-content\/uploads\/2026\/01\/Logo-hut-factory-1.webp","contentUrl":"https:\/\/hutfactory.com\/wp-content\/uploads\/2026\/01\/Logo-hut-factory-1.webp","width":300,"height":262,"caption":"Hut Factory"},"image":{"@id":"https:\/\/hutfactory.com\/#\/schema\/logo\/image\/"}}]}},"_links":{"self":[{"href":"https:\/\/hutfactory.com\/index.php?rest_route=\/wp\/v2\/product\/15988","targetHints":{"allow":["GET"]}}],"collection":[{"href":"https:\/\/hutfactory.com\/index.php?rest_route=\/wp\/v2\/product"}],"about":[{"href":"https:\/\/hutfactory.com\/index.php?rest_route=\/wp\/v2\/types\/product"}],"wp:featuredmedia":[{"embeddable":true,"href":"https:\/\/hutfactory.com\/index.php?rest_route=\/wp\/v2\/media\/15989"}],"wp:attachment":[{"href":"https:\/\/hutfactory.com\/index.php?rest_route=%2Fwp%2Fv2%2Fmedia&parent=15988"}],"wp:term":[{"taxonomy":"product_brand","embeddable":true,"href":"https:\/\/hutfactory.com\/index.php?rest_route=%2Fwp%2Fv2%2Fproduct_brand&post=15988"},{"taxonomy":"product_cat","embeddable":true,"href":"https:\/\/hutfactory.com\/index.php?rest_route=%2Fwp%2Fv2%2Fproduct_cat&post=15988"},{"taxonomy":"product_tag","embeddable":true,"href":"https:\/\/hutfactory.com\/index.php?rest_route=%2Fwp%2Fv2%2Fproduct_tag&post=15988"}],"curies":[{"name":"wp","href":"https:\/\/api.w.org\/{rel}","templated":true}]}}