{"id":15965,"date":"2026-03-10T10:01:44","date_gmt":"2026-03-10T10:01:44","guid":{"rendered":"https:\/\/hutfactory.com\/?product=panama-strohhut-trilby-%c2%93freiamt-kallerer-in"},"modified":"2026-03-10T10:02:43","modified_gmt":"2026-03-10T10:02:43","slug":"panama-strohhut-trilby-%c2%93freiamt-kallerer-in","status":"publish","type":"product","link":"https:\/\/hutfactory.com\/?product=panama-strohhut-trilby-%c2%93freiamt-kallerer-in","title":{"rendered":"Panama\/Strohhut Trilby \u0093Freiamt Kallerer\/in&#8221;"},"content":{"rendered":"<div class=\"wpb-content-wrapper\"><p>[vc_row][vc_column][vc_column_text]<\/p>\n<h2>Der TRILBY \u0093KALLERER\/IN mit Hutkopf aus Weizenstroh und Hutkrempe aus Panamageflecht<\/h2>\n<p>Der Panama\/Strohhut \u0093Kallerer\/in&#8221; ist ein meisterhaft gefertigter Sommerhut aus der Freiamt Strohhut Kollektion. Jeder Hut wird in Handarbeit gefertigt und ist somit ein Unikat. Mit seinem Hutkopf aus Weizenstroh und der Hutkrempe aus Panamageflecht verk\u00f6rpert er die Tradition und das Handwerk der Strohflechterei. Die Freiamt Strohhut Kollektion steht f\u00fcr Qualit\u00e4t, Eleganz und Zeitlosigkeit. Hier wird das Erbe der Strohflechterei mit einem neuen, modernen Ausdruck versehen. Der Trilby ist ein Meisterst\u00fcck des Handwerks und ein Symbol f\u00fcr die Liebe zur Tradition.<\/p>\n<p>Nicht nur bei einem festlichen Anlass, auch bei einem entspannten Spaziergang durch die Natur oder beim Stadtbummel ist der Trilby ein stilvolles Accessoire. Er sch\u00fctzt vor der Sonne und verleiht jedem Outfit eine besondere Eleganz. Mit einem Freiamt Strohhut setzt man ein Statement und unterstreicht die eigene Pers\u00f6nlichkeit.<\/p>\n<h3>Traditionelle Handwerkskunst<\/h3>\n<p>Die Freiamt Strohhut Kollektion ist das Ergebnis einer Leidenschaft f\u00fcr traditionelle Handarbeitskunst und H\u00fcte. Die Kunstfertigkeit der Handwerkerinnen und Handwerker aus dem Freiamt ist unvergleichlich und wird in dieser Kollektion fortgef\u00fchrt.\u00a0Jeder Hut in dieser Kollektion wird mit viel Hingabe und Freude am Handwerk gefertigt. Nur die besten Materialien werden sorgf\u00e4ltig ausgew\u00e4hlt und in exakter, intensiver Handarbeit verarbeitet, um einzigartige und kostbare Handmade-H\u00fcte zu schaffen.<\/p>\n<h3>Zeitlose Eleganz<\/h3>\n<p>Die Freiamt Strohhut Kollektion steht f\u00fcr Zeitlosigkeit und Eleganz. Die H\u00fcte werden aus hochwertigen Materialien gefertigt und sind langlebig. Ein Freiamt Strohhut ist ein Accessoire, das viele Sommer \u00fcberdauern wird und auch in Zukunft immer stilvoll und elegant sein wird.<\/p>\n<h3>Fazit<\/h3>\n<p>Der Trilby ist ein einzigartiger Sommerhut, der die Handwerkskunst aus dem Freiamt auf stilvolle Weise repr\u00e4sentiert. Mit seiner Kombination aus Hutkopf aus Weizenstroh und Hutkrempe aus Panamageflecht verleiht er jedem Outfit eine besondere Eleganz. Wer einen Freiamt Strohhut tr\u00e4gt, tr\u00e4gt nicht nur ein Accessoire, sondern auch eine Geschichte und eine Tradition.[\/vc_column_text][\/vc_column][\/vc_row]<\/p>\n<div class=\"hf-accordions\">\n<hr class=\"hf-accordion-separator\" \/>\n<details class=\"hf-accordion\">\n<summary><strong>\u25b6\ufe0f Gut zu wissen \u2013 mehr erfahren<\/strong><\/summary>\n<div class=\"hf-accordion-content\">\n<h3><strong>Wichtige Produktdetails<\/strong><\/h3>\n<h4><strong>Material &#038; Design<\/strong><\/h4>\n<ul>\n<li><strong>Material:\u00a0<\/strong>50% Weizenstroh \/ 50% Panama<\/li>\n<li><strong>Randbreite:\u00a0<\/strong>4.5 cm<\/li>\n<li><strong>Kopfh\u00f6he:\u00a0<\/strong>11.5 cm<\/li>\n<li><strong>Farboptionen:<\/strong>\u00a01. Natur\/Faden Marine Hutband Marine\/Passepoil Sand<\/li>\n<li><strong>Garnitur:<\/strong>\u00a0Hutband aus Rebs mit Passepoil und Traverse<\/li>\n<li><strong>Gr\u00f6\u00dfen:<\/strong>\u00a054-62<\/li>\n<li><strong>Schwei\u00dfband:<\/strong> Hochwertiges, sauber eingen\u00e4htes Textilinnenband f\u00fcr optimalen Tragekomfort<\/li>\n<\/ul>\n<h4><strong>Handwerkskunst &#038; Exklusivit\u00e4t<\/strong><\/h4>\n<ul>\n<li><strong>Handgefertigt:<\/strong> Jeder Hut wird von erfahrenen Hutmacher:innen in pr\u00e4ziser Handarbeit hergestellt<\/li>\n<li><strong>Tradition &#038; Qualit\u00e4t:<\/strong> Gefertigt in der Risa Hutwerkstatt, bekannt f\u00fcr erstklassige Schweizer Hutmacherkunst<\/li>\n<li><strong>Limitierte Auflage:<\/strong> Jeder Hut wird auf Bestellung gefertigt, um h\u00f6chste Exklusivit\u00e4t zu gew\u00e4hrleisten<\/li>\n<\/ul>\n<h4><strong>Herstellung<\/strong><\/h4>\n<ul>\n<li><strong>Produktionsort:<\/strong> Schweiz, in der renommierten Risa Hutwerkstatt<\/li>\n<li><strong>Herstellungszeit:<\/strong> 10-15 Arbeitstage nach Zahlungseingang<\/li>\n<\/ul>\n<h4><strong>Lieferbedingungen<\/strong><\/h4>\n<ul>\n<li><strong>Versand:<\/strong> Innerhalb weniger Tage nach Fertigstellung ab Standort Schweiz<\/li>\n<li><strong>Garantie:<\/strong> Umtausch nur bei Material- oder Herstellungsfehlern<\/li>\n<li><strong>Verf\u00fcgbarkeit:<\/strong> Abverkauf des Rohmaterials vorbehalten<\/li>\n<\/ul>\n<\/div>\n<\/details>\n<details class=\"hf-accordion\">\n<summary><strong>\u25b6\ufe0f FAQ \u2013 H\u00e4ufige Fragen<\/strong><\/summary>\n<div class=\"hf-accordion-content\">\n<h2>FAQs<\/h2>\n<div class=\"group w-full text-gray-800 dark:text-gray-100 border-b border-black\/10 dark:border-gray-900\/50 bg-gray-50 dark:bg-[#444654] sm:AIPRM__conversation__response\">\n<div class=\"text-base gap-4 md:gap-6 md:max-w-2xl lg:max-w-xl xl:max-w-3xl p-4 md:py-6 flex lg:px-0 m-auto\">\n<div class=\"relative flex w-[calc(100%-50px)] flex-col gap-1 md:gap-3 lg:w-[calc(100%-115px)]\">\n<div class=\"flex flex-grow flex-col gap-3\">\n<div class=\"min-h-[20px] flex flex-col items-start gap-4 whitespace-pre-wrap\">\n<div class=\"markdown prose w-full break-words dark:prose-invert light AIPRM__conversation__response\">\n<h3>1. Wie wird der TRILBY \u0093KALLERER\/IN gefertigt?<\/h3>\n<p>Der TRILBY \u0093KALLERER\/IN wird in Handarbeit gefertigt. Sein Hutkopf besteht aus Weizenstroh und die Hutkrempe aus Panamageflecht. Jeder Hut ist ein Unikat, das mit viel Liebe zum Handwerk gefertigt wird.<\/p>\n<\/div>\n<\/div>\n<\/div>\n<\/div>\n<\/div>\n<\/div>\n<div class=\"group w-full text-gray-800 dark:text-gray-100 border-b border-black\/10 dark:border-gray-900\/50 bg-gray-50 dark:bg-[#444654] sm:AIPRM__conversation__response\">\n<div class=\"text-base gap-4 md:gap-6 md:max-w-2xl lg:max-w-xl xl:max-w-3xl p-4 md:py-6 flex lg:px-0 m-auto\">\n<div class=\"relative flex w-[calc(100%-50px)] flex-col gap-1 md:gap-3 lg:w-[calc(100%-115px)]\">\n<div class=\"flex flex-grow flex-col gap-3\">\n<div class=\"min-h-[20px] flex flex-col items-start gap-4 whitespace-pre-wrap\">\n<div class=\"markdown prose w-full break-words dark:prose-invert light AIPRM__conversation__response\">\n<h3>2. Was ist die Freiamt Strohhut Kollektion?<\/h3>\n<p>Die Freiamt Strohhut Kollektion ist eine Kollektion von Handmade-H\u00fcten, die von Handwerkerinnen und Handwerkern aus dem Freiamt gefertigt werden. Hier wird das Erbe der Strohflechterei mit einem neuen, modernen Ausdruck versehen.<\/p>\n<h3>3. Wof\u00fcr steht die Freiamt Strohhut Kollektion?<\/h3>\n<p>Die Freiamt Strohhut Kollektion steht f\u00fcr Qualit\u00e4t, Eleganz und Zeitlosigkeit. Sie verk\u00f6rpert das Erbe der Strohflechterei und gibt ihm einen neuen, modernen Ausdruck.<\/p>\n<h3>4. Wie lange ist die Lebensdauer eines Freiamt Strohhuts?<\/h3>\n<p>Ein Freiamt Strohhut ist ein langlebiges Accessoire, das viele Sommer \u00fcberdauern wird. Er besteht aus hochwertigen Materialien und wird von Handwerkerinnen und Handwerkern aus dem Freiamt sorgf\u00e4ltig verarbeitet.<\/p>\n<h3>5. Wer kann einen Freiamt Strohhut tragen?<\/h3>\n<p>Die Freiamt Strohhut Kollektion bietet eine Vielzahl von Modellen, die jedem Typ gerecht werden. Vom klassischen Trilby bis hin zum l\u00e4ssigen Fedora, hier findet jeder seinen pers\u00f6nlichen Lieblingshut. Ein Freiamt Strohhut ist ein Accessoire, das die Pers\u00f6nlichkeit seines Tr\u00e4gers unterstreicht und jedem Outfit eine besondere Eleganz verleiht.<\/p>\n<\/div>\n<\/div>\n<\/div>\n<\/div>\n<\/div>\n<\/div>\n<\/div>\n<\/details>\n<\/div>\n<\/div>","protected":false},"excerpt":{"rendered":"<p>Der Panama\/Strohhut im TRILBY Stil ist ein stilvolles und handgefertigtes Accessoire, das die Tradition und Qualit\u00e4t eines Handwerksmeisters verk\u00f6rpert. Ob am Strand, in der Stadt oder beim Picknick im Gr\u00fcnen, dieser Hut verleiht jedem Outfit eine einzigartige Note.<\/p>\n","protected":false},"featured_media":15966,"template":"","meta":{"_acf_changed":false,"rs_blank_template":"","rs_page_bg_color":"","slide_template_v7":""},"product_brand":[250],"product_cat":[616,275,600],"product_tag":[],"class_list":{"0":"post-15965","1":"product","2":"type-product","3":"status-publish","4":"has-post-thumbnail","6":"product_brand-risa-hutwerkstatt-schweiz","7":"product_cat-freiamt-sommerhuete","8":"product_cat-sommerhuete","9":"product_cat-trilby-sommerhuete","10":"product_shipping_class-mittlere-pakete","11":"pa_color-natur-blau","12":"pa_groesse-206","13":"pa_groesse-196","14":"pa_groesse-207","15":"pa_groesse-197","16":"pa_groesse-208","17":"pa_groesse-198","18":"pa_groesse-209","19":"pa_groesse-199","20":"pa_groesse-210","21":"yith_product_brand-risa-hutwerkstatt-schweiz","24":"instock","25":"taxable","26":"shipping-taxable","27":"purchasable","28":"product-type-variable","29":"wvs-archive-product-wrapper","30":"add-to-wishlist-after_add_to_cart"},"acf":[],"yoast_head":"<!-- This site is optimized with the Yoast SEO Premium plugin v27.3 (Yoast SEO v27.3) - https:\/\/yoast.com\/product\/yoast-seo-premium-wordpress\/ -->\n<title>Der handgefertigte Panamastrohhut im TRILBY Stil<\/title>\n<meta name=\"description\" content=\"Der Panamastrohhut im TRILBY Stil ist ein Meisterst\u00fcck des Handwerks und ein Symbol f\u00fcr die Liebe zur Tradition. Ein stylisches Accessoire f\u00fcr den Sommer.\" \/>\n<meta name=\"robots\" content=\"index, follow, max-snippet:-1, max-image-preview:large, max-video-preview:-1\" \/>\n<link rel=\"canonical\" href=\"https:\/\/hutfactory.com\/?product=panama-strohhut-trilby-\u0093freiamt-kallerer-in\" \/>\n<meta property=\"og:locale\" content=\"de_DE\" \/>\n<meta property=\"og:type\" content=\"article\" \/>\n<meta property=\"og:title\" content=\"Panama\/Strohhut Trilby \u0093Freiamt Kallerer\/in&quot;\" \/>\n<meta property=\"og:description\" content=\"Der Panamastrohhut im TRILBY Stil ist ein Meisterst\u00fcck des Handwerks und ein Symbol f\u00fcr die Liebe zur Tradition. Ein stylisches Accessoire f\u00fcr den Sommer.\" \/>\n<meta property=\"og:url\" content=\"https:\/\/hutfactory.com\/?product=panama-strohhut-trilby-\u0093freiamt-kallerer-in\" \/>\n<meta property=\"og:site_name\" content=\"Hut Factory\" \/>\n<meta property=\"article:modified_time\" content=\"2026-03-10T10:02:43+00:00\" \/>\n<meta property=\"og:image\" content=\"https:\/\/hutfactory.com\/wp-content\/uploads\/2026\/03\/11636.1_11-e1461145823567-scaled-1.webp\" \/>\n\t<meta property=\"og:image:width\" content=\"750\" \/>\n\t<meta property=\"og:image:height\" content=\"750\" \/>\n\t<meta property=\"og:image:type\" content=\"image\/webp\" \/>\n<meta name=\"twitter:card\" content=\"summary_large_image\" \/>\n<meta name=\"twitter:label1\" content=\"Gesch\u00e4tzte Lesezeit\" \/>\n\t<meta name=\"twitter:data1\" content=\"3\u00a0Minuten\" \/>\n<script type=\"application\/ld+json\" class=\"yoast-schema-graph\">{\"@context\":\"https:\\\/\\\/schema.org\",\"@graph\":[{\"@type\":\"WebPage\",\"@id\":\"https:\\\/\\\/hutfactory.com\\\/?product=panama-strohhut-trilby-%c2%93freiamt-kallerer-in\",\"url\":\"https:\\\/\\\/hutfactory.com\\\/?product=panama-strohhut-trilby-%c2%93freiamt-kallerer-in\",\"name\":\"Der handgefertigte Panamastrohhut im TRILBY Stil\",\"isPartOf\":{\"@id\":\"https:\\\/\\\/hutfactory.com\\\/#website\"},\"primaryImageOfPage\":{\"@id\":\"https:\\\/\\\/hutfactory.com\\\/?product=panama-strohhut-trilby-%c2%93freiamt-kallerer-in#primaryimage\"},\"image\":{\"@id\":\"https:\\\/\\\/hutfactory.com\\\/?product=panama-strohhut-trilby-%c2%93freiamt-kallerer-in#primaryimage\"},\"thumbnailUrl\":\"https:\\\/\\\/hutfactory.com\\\/wp-content\\\/uploads\\\/2026\\\/03\\\/11636.1_11-e1461145823567-scaled-1.webp\",\"datePublished\":\"2026-03-10T10:01:44+00:00\",\"dateModified\":\"2026-03-10T10:02:43+00:00\",\"description\":\"Der Panamastrohhut im TRILBY Stil ist ein Meisterst\u00fcck des Handwerks und ein Symbol f\u00fcr die Liebe zur Tradition. Ein stylisches Accessoire f\u00fcr den Sommer.\",\"breadcrumb\":{\"@id\":\"https:\\\/\\\/hutfactory.com\\\/?product=panama-strohhut-trilby-%c2%93freiamt-kallerer-in#breadcrumb\"},\"inLanguage\":\"de\",\"potentialAction\":[{\"@type\":\"ReadAction\",\"target\":[\"https:\\\/\\\/hutfactory.com\\\/?product=panama-strohhut-trilby-%c2%93freiamt-kallerer-in\"]}]},{\"@type\":\"ImageObject\",\"inLanguage\":\"de\",\"@id\":\"https:\\\/\\\/hutfactory.com\\\/?product=panama-strohhut-trilby-%c2%93freiamt-kallerer-in#primaryimage\",\"url\":\"https:\\\/\\\/hutfactory.com\\\/wp-content\\\/uploads\\\/2026\\\/03\\\/11636.1_11-e1461145823567-scaled-1.webp\",\"contentUrl\":\"https:\\\/\\\/hutfactory.com\\\/wp-content\\\/uploads\\\/2026\\\/03\\\/11636.1_11-e1461145823567-scaled-1.webp\",\"width\":750,\"height\":750,\"caption\":\"||\"},{\"@type\":\"BreadcrumbList\",\"@id\":\"https:\\\/\\\/hutfactory.com\\\/?product=panama-strohhut-trilby-%c2%93freiamt-kallerer-in#breadcrumb\",\"itemListElement\":[{\"@type\":\"ListItem\",\"position\":1,\"name\":\"Start\",\"item\":\"https:\\\/\\\/hutfactory.com\\\/\"},{\"@type\":\"ListItem\",\"position\":2,\"name\":\"Shop\",\"item\":\"https:\\\/\\\/hutfactory.com\\\/?page_id=10\"},{\"@type\":\"ListItem\",\"position\":3,\"name\":\"Panama\\\/Strohhut Trilby \u0093Freiamt Kallerer\\\/in&#8221;\"}]},{\"@type\":\"WebSite\",\"@id\":\"https:\\\/\\\/hutfactory.com\\\/#website\",\"url\":\"https:\\\/\\\/hutfactory.com\\\/\",\"name\":\"Hut Factory\",\"description\":\"H\u00fcte, Kappen &amp; M\u00fctzen in Top Swiss\\\/EU Qualit\u00e4t\",\"publisher\":{\"@id\":\"https:\\\/\\\/hutfactory.com\\\/#organization\"},\"alternateName\":\"Hut Shop\",\"potentialAction\":[{\"@type\":\"SearchAction\",\"target\":{\"@type\":\"EntryPoint\",\"urlTemplate\":\"https:\\\/\\\/hutfactory.com\\\/?s={search_term_string}\"},\"query-input\":{\"@type\":\"PropertyValueSpecification\",\"valueRequired\":true,\"valueName\":\"search_term_string\"}}],\"inLanguage\":\"de\"},{\"@type\":\"Organization\",\"@id\":\"https:\\\/\\\/hutfactory.com\\\/#organization\",\"name\":\"Hut Factory\",\"url\":\"https:\\\/\\\/hutfactory.com\\\/\",\"logo\":{\"@type\":\"ImageObject\",\"inLanguage\":\"de\",\"@id\":\"https:\\\/\\\/hutfactory.com\\\/#\\\/schema\\\/logo\\\/image\\\/\",\"url\":\"https:\\\/\\\/hutfactory.com\\\/wp-content\\\/uploads\\\/2026\\\/01\\\/Logo-hut-factory-1.webp\",\"contentUrl\":\"https:\\\/\\\/hutfactory.com\\\/wp-content\\\/uploads\\\/2026\\\/01\\\/Logo-hut-factory-1.webp\",\"width\":300,\"height\":262,\"caption\":\"Hut Factory\"},\"image\":{\"@id\":\"https:\\\/\\\/hutfactory.com\\\/#\\\/schema\\\/logo\\\/image\\\/\"}}]}<\/script>\n<!-- \/ Yoast SEO Premium plugin. -->","yoast_head_json":{"title":"Der handgefertigte Panamastrohhut im TRILBY Stil","description":"Der Panamastrohhut im TRILBY Stil ist ein Meisterst\u00fcck des Handwerks und ein Symbol f\u00fcr die Liebe zur Tradition. Ein stylisches Accessoire f\u00fcr den Sommer.","robots":{"index":"index","follow":"follow","max-snippet":"max-snippet:-1","max-image-preview":"max-image-preview:large","max-video-preview":"max-video-preview:-1"},"canonical":"https:\/\/hutfactory.com\/?product=panama-strohhut-trilby-\u0093freiamt-kallerer-in","og_locale":"de_DE","og_type":"article","og_title":"Panama\/Strohhut Trilby \u0093Freiamt Kallerer\/in\"","og_description":"Der Panamastrohhut im TRILBY Stil ist ein Meisterst\u00fcck des Handwerks und ein Symbol f\u00fcr die Liebe zur Tradition. Ein stylisches Accessoire f\u00fcr den Sommer.","og_url":"https:\/\/hutfactory.com\/?product=panama-strohhut-trilby-\u0093freiamt-kallerer-in","og_site_name":"Hut Factory","article_modified_time":"2026-03-10T10:02:43+00:00","og_image":[{"width":750,"height":750,"url":"https:\/\/hutfactory.com\/wp-content\/uploads\/2026\/03\/11636.1_11-e1461145823567-scaled-1.webp","type":"image\/webp"}],"twitter_card":"summary_large_image","twitter_misc":{"Gesch\u00e4tzte Lesezeit":"3\u00a0Minuten"},"schema":{"@context":"https:\/\/schema.org","@graph":[{"@type":"WebPage","@id":"https:\/\/hutfactory.com\/?product=panama-strohhut-trilby-%c2%93freiamt-kallerer-in","url":"https:\/\/hutfactory.com\/?product=panama-strohhut-trilby-%c2%93freiamt-kallerer-in","name":"Der handgefertigte Panamastrohhut im TRILBY Stil","isPartOf":{"@id":"https:\/\/hutfactory.com\/#website"},"primaryImageOfPage":{"@id":"https:\/\/hutfactory.com\/?product=panama-strohhut-trilby-%c2%93freiamt-kallerer-in#primaryimage"},"image":{"@id":"https:\/\/hutfactory.com\/?product=panama-strohhut-trilby-%c2%93freiamt-kallerer-in#primaryimage"},"thumbnailUrl":"https:\/\/hutfactory.com\/wp-content\/uploads\/2026\/03\/11636.1_11-e1461145823567-scaled-1.webp","datePublished":"2026-03-10T10:01:44+00:00","dateModified":"2026-03-10T10:02:43+00:00","description":"Der Panamastrohhut im TRILBY Stil ist ein Meisterst\u00fcck des Handwerks und ein Symbol f\u00fcr die Liebe zur Tradition. Ein stylisches Accessoire f\u00fcr den Sommer.","breadcrumb":{"@id":"https:\/\/hutfactory.com\/?product=panama-strohhut-trilby-%c2%93freiamt-kallerer-in#breadcrumb"},"inLanguage":"de","potentialAction":[{"@type":"ReadAction","target":["https:\/\/hutfactory.com\/?product=panama-strohhut-trilby-%c2%93freiamt-kallerer-in"]}]},{"@type":"ImageObject","inLanguage":"de","@id":"https:\/\/hutfactory.com\/?product=panama-strohhut-trilby-%c2%93freiamt-kallerer-in#primaryimage","url":"https:\/\/hutfactory.com\/wp-content\/uploads\/2026\/03\/11636.1_11-e1461145823567-scaled-1.webp","contentUrl":"https:\/\/hutfactory.com\/wp-content\/uploads\/2026\/03\/11636.1_11-e1461145823567-scaled-1.webp","width":750,"height":750,"caption":"||"},{"@type":"BreadcrumbList","@id":"https:\/\/hutfactory.com\/?product=panama-strohhut-trilby-%c2%93freiamt-kallerer-in#breadcrumb","itemListElement":[{"@type":"ListItem","position":1,"name":"Start","item":"https:\/\/hutfactory.com\/"},{"@type":"ListItem","position":2,"name":"Shop","item":"https:\/\/hutfactory.com\/?page_id=10"},{"@type":"ListItem","position":3,"name":"Panama\/Strohhut Trilby \u0093Freiamt Kallerer\/in&#8221;"}]},{"@type":"WebSite","@id":"https:\/\/hutfactory.com\/#website","url":"https:\/\/hutfactory.com\/","name":"Hut Factory","description":"H\u00fcte, Kappen &amp; M\u00fctzen in Top Swiss\/EU Qualit\u00e4t","publisher":{"@id":"https:\/\/hutfactory.com\/#organization"},"alternateName":"Hut Shop","potentialAction":[{"@type":"SearchAction","target":{"@type":"EntryPoint","urlTemplate":"https:\/\/hutfactory.com\/?s={search_term_string}"},"query-input":{"@type":"PropertyValueSpecification","valueRequired":true,"valueName":"search_term_string"}}],"inLanguage":"de"},{"@type":"Organization","@id":"https:\/\/hutfactory.com\/#organization","name":"Hut Factory","url":"https:\/\/hutfactory.com\/","logo":{"@type":"ImageObject","inLanguage":"de","@id":"https:\/\/hutfactory.com\/#\/schema\/logo\/image\/","url":"https:\/\/hutfactory.com\/wp-content\/uploads\/2026\/01\/Logo-hut-factory-1.webp","contentUrl":"https:\/\/hutfactory.com\/wp-content\/uploads\/2026\/01\/Logo-hut-factory-1.webp","width":300,"height":262,"caption":"Hut Factory"},"image":{"@id":"https:\/\/hutfactory.com\/#\/schema\/logo\/image\/"}}]}},"_links":{"self":[{"href":"https:\/\/hutfactory.com\/index.php?rest_route=\/wp\/v2\/product\/15965","targetHints":{"allow":["GET"]}}],"collection":[{"href":"https:\/\/hutfactory.com\/index.php?rest_route=\/wp\/v2\/product"}],"about":[{"href":"https:\/\/hutfactory.com\/index.php?rest_route=\/wp\/v2\/types\/product"}],"wp:featuredmedia":[{"embeddable":true,"href":"https:\/\/hutfactory.com\/index.php?rest_route=\/wp\/v2\/media\/15966"}],"wp:attachment":[{"href":"https:\/\/hutfactory.com\/index.php?rest_route=%2Fwp%2Fv2%2Fmedia&parent=15965"}],"wp:term":[{"taxonomy":"product_brand","embeddable":true,"href":"https:\/\/hutfactory.com\/index.php?rest_route=%2Fwp%2Fv2%2Fproduct_brand&post=15965"},{"taxonomy":"product_cat","embeddable":true,"href":"https:\/\/hutfactory.com\/index.php?rest_route=%2Fwp%2Fv2%2Fproduct_cat&post=15965"},{"taxonomy":"product_tag","embeddable":true,"href":"https:\/\/hutfactory.com\/index.php?rest_route=%2Fwp%2Fv2%2Fproduct_tag&post=15965"}],"curies":[{"name":"wp","href":"https:\/\/api.w.org\/{rel}","templated":true}]}}