{"id":15764,"date":"2026-03-10T09:59:31","date_gmt":"2026-03-10T09:59:31","guid":{"rendered":"https:\/\/hutfactory.com\/?product=damen-panamahut-cloche"},"modified":"2026-03-10T10:30:34","modified_gmt":"2026-03-10T10:30:34","slug":"damen-panamahut-cloche","status":"publish","type":"product","link":"https:\/\/hutfactory.com\/?product=damen-panamahut-cloche","title":{"rendered":"Damen Panamahut Cloche"},"content":{"rendered":"<h3 data-start=\"444\" data-end=\"483\"><strong>Sommerlicher Stil f\u00fcr jeden Anlass<\/strong><\/h3>\n<p class=\"\" data-start=\"484\" data-end=\"792\">Der elegante Look dieses Modells unterstreicht Ihre Pers\u00f6nlichkeit \u0096 egal ob beim Stadtspaziergang, im Gartenrestaurant oder auf Reisen. Mit drei edlen Farbvarianten \u0096 Natur, Camel oder Navy \u0096 passt sich die Cloche Ihrem Stil an und bietet gleichzeitig wirkungsvollen UV-Schutz bei sommerlicher Leichtigkeit.<\/p>\n<p class=\"\" data-start=\"794\" data-end=\"815\"><strong data-start=\"794\" data-end=\"815\">Perfekt f\u00fcr\u0085.. ??<\/strong><\/p>\n<p class=\"\" data-start=\"817\" data-end=\"1015\"><strong data-start=\"817\" data-end=\"844\">?? Sommerliche Anl\u00e4sse:<\/strong><br data-start=\"844\" data-end=\"847\" \/>Ein Highlight f\u00fcr hei\u00dfe Tage! Diese Panamahut-Cloche spendet wohltuenden Schatten, ohne an Eleganz zu verlieren \u0096 ein smarter Begleiter f\u00fcr Ihre liebsten Sonnenstunden.<\/p>\n<p class=\"\" data-start=\"1017\" data-end=\"1196\"><strong data-start=\"1017\" data-end=\"1038\">?? Urbane Events:<\/strong><br data-start=\"1038\" data-end=\"1041\" \/>Ob auf Vernissagen, Kulturfestivals oder beim Aperitivo \u0096 ihre schlichte Form und das stilvolle Band mit Ziernaht verleihen Ihrem Outfit das gewisse Etwas.<\/p>\n<p class=\"\" data-start=\"1198\" data-end=\"1438\"><strong data-start=\"1198\" data-end=\"1228\">?? Natur- und Modebewusst:<\/strong><br data-start=\"1228\" data-end=\"1231\" \/>Hergestellt aus echtem Panamastroh \u0096 einem der edelsten Naturmaterialien \u00fcberhaupt \u0096 und handverarbeitet in Europa. Wer Wert auf Qualit\u00e4t, Nachhaltigkeit und zeitloses Design legt, wird dieses Modell lieben.<\/p>\n<div class=\"hf-accordions\">\n<hr class=\"hf-accordion-separator\" \/>\n<details class=\"hf-accordion\">\n<summary><strong>\u25b6\ufe0f Gut zu wissen \u2013 mehr erfahren<\/strong><\/summary>\n<div class=\"hf-accordion-content\">\n<h3 class=\"\" data-start=\"1440\" data-end=\"1468\">Eigenschaften &#038; Details:<\/h3>\n<ul data-start=\"1469\" data-end=\"1940\">\n<li class=\"\" data-start=\"1469\" data-end=\"1539\">\n<p class=\"\" data-start=\"1471\" data-end=\"1539\"><strong data-start=\"1471\" data-end=\"1484\">Material:<\/strong> 100% Panama \u0096 fein geflochten, leicht &#038; atmungsaktiv<\/p>\n<\/li>\n<li class=\"\" data-start=\"1540\" data-end=\"1610\">\n<p class=\"\" data-start=\"1542\" data-end=\"1610\"><strong data-start=\"1542\" data-end=\"1557\">Randbreite:<\/strong> 6 cm \u0096 optimaler Sonnenschutz mit klassischem Look<\/p>\n<\/li>\n<li class=\"\" data-start=\"1611\" data-end=\"1668\">\n<p class=\"\" data-start=\"1613\" data-end=\"1668\"><strong data-start=\"1613\" data-end=\"1626\">Kopfh\u00f6he:<\/strong> 11 cm \u0096 harmonisch gerundete Clocheform<\/p>\n<\/li>\n<li class=\"\" data-start=\"1669\" data-end=\"1771\">\n<p class=\"\" data-start=\"1671\" data-end=\"1771\"><strong data-start=\"1671\" data-end=\"1682\">Farben:<\/strong> Natur, Camel oder Navy \u0096 kombiniert mit marinefarbenem Rebsband mit eleganter Ziernaht<\/p>\n<\/li>\n<li class=\"\" data-start=\"1772\" data-end=\"1843\">\n<p class=\"\" data-start=\"1774\" data-end=\"1843\"><strong data-start=\"1774\" data-end=\"1787\">Garnitur:<\/strong> Rebsband mit Ziernaht und seitlich platzierter Masche<\/p>\n<\/li>\n<li class=\"\" data-start=\"1844\" data-end=\"1920\">\n<p class=\"\" data-start=\"1846\" data-end=\"1920\"><strong data-start=\"1846\" data-end=\"1863\">Schweissband:<\/strong> Eingearbeitetes Textilband f\u00fcr angenehmen Tragekomfort<\/p>\n<\/li>\n<li class=\"\" data-start=\"1921\" data-end=\"1940\">\n<p class=\"\" data-start=\"1923\" data-end=\"1940\"><strong data-start=\"1923\" data-end=\"1934\">Gr\u00f6\u00dfen:<\/strong> 54\u009661<\/p>\n<\/li>\n<\/ul>\n<h3 class=\"\" data-start=\"1942\" data-end=\"1968\">Design &#038; Verarbeitung:<\/h3>\n<p class=\"\" data-start=\"1969\" data-end=\"2223\">Diese Cloche begeistert mit einer ausgeglichenen, femininen Form und einer zur\u00fcckhaltenden Eleganz. Das glatte Geflecht des Panamastrohs trifft auf ein edel abgestimmtes Rebsband mit toniger Ziernaht \u0096 ein Spiel aus Kontrasten, das dezent ins Auge f\u00e4llt.<\/p>\n<h3 class=\"\" data-start=\"2225\" data-end=\"2258\">Handgefertigt in der Schweiz:<\/h3>\n<p class=\"\" data-start=\"2259\" data-end=\"2469\">Jede Cloche entsteht auf Bestellung in der traditionsreichen Schweizer Hutmanufaktur Risa. Dort wird jeder Arbeitsschritt mit Hingabe und Pr\u00e4zision ausgef\u00fchrt \u0096 f\u00fcr langlebige Qualit\u00e4t und lokale Wertsch\u00f6pfung.<\/p>\n<h3 class=\"\" data-start=\"2471\" data-end=\"2501\">Nachhaltigkeit &#038; Qualit\u00e4t:<\/h3>\n<ul data-start=\"2502\" data-end=\"2759\">\n<li class=\"\" data-start=\"2502\" data-end=\"2577\">\n<p class=\"\" data-start=\"2504\" data-end=\"2577\"><strong data-start=\"2504\" data-end=\"2531\">Nat\u00fcrliche Materialien:<\/strong> Feinstes, biologisch abbaubares Panamastroh<\/p>\n<\/li>\n<li class=\"\" data-start=\"2578\" data-end=\"2660\">\n<p class=\"\" data-start=\"2580\" data-end=\"2660\"><strong data-start=\"2580\" data-end=\"2607\">Handarbeit &#038; Tradition:<\/strong> Meisterhafte Herstellung nach alter Hutmacherkunst<\/p>\n<\/li>\n<li class=\"\" data-start=\"2661\" data-end=\"2759\">\n<p class=\"\" data-start=\"2663\" data-end=\"2759\"><strong data-start=\"2663\" data-end=\"2681\">Langlebigkeit:<\/strong> Robust geflochten und widerstandsf\u00e4hig \u0096 ein Lieblingsst\u00fcck f\u00fcr viele Saisons<\/p>\n<\/li>\n<\/ul>\n<h3 class=\"\" data-start=\"2761\" data-end=\"2787\">Herstellung &#038; Versand:<\/h3>\n<ul data-start=\"2788\" data-end=\"2977\">\n<li class=\"\" data-start=\"2788\" data-end=\"2852\">\n<p class=\"\" data-start=\"2790\" data-end=\"2852\"><strong data-start=\"2790\" data-end=\"2819\">Fertigung auf Bestellung:<\/strong> Individuell f\u00fcr Sie produziert<\/p>\n<\/li>\n<li class=\"\" data-start=\"2853\" data-end=\"2917\">\n<p class=\"\" data-start=\"2855\" data-end=\"2917\"><strong data-start=\"2855\" data-end=\"2876\">Herstellungszeit:<\/strong> 10\u009615 Arbeitstage nach Zahlungseingang<\/p>\n<\/li>\n<li class=\"\" data-start=\"2918\" data-end=\"2977\">\n<p class=\"\" data-start=\"2920\" data-end=\"2977\"><strong data-start=\"2920\" data-end=\"2932\">Versand:<\/strong> Innerhalb weniger Tage ab Schweizer Standort<\/p>\n<\/li>\n<\/ul>\n<\/div>\n<\/details>\n<details class=\"hf-accordion\">\n<summary><strong>\u25b6\ufe0f FAQ \u2013 H\u00e4ufige Fragen<\/strong><\/summary>\n<div class=\"hf-accordion-content\">\n<h3 class=\"\" data-start=\"2979\" data-end=\"3004\">FAQ \u0096 H\u00e4ufige Fragen:<\/h3>\n<p class=\"\" data-start=\"3006\" data-end=\"3166\"><strong data-start=\"3006\" data-end=\"3055\">Ist dieser Hut f\u00fcr hei\u00dfe Sommertage geeignet?<\/strong><br data-start=\"3055\" data-end=\"3058\" \/>Ja, durch das atmungsaktive Panamastroh bietet der Hut exzellenten Tragekomfort auch bei hohen Temperaturen.<\/p>\n<p class=\"\" data-start=\"3168\" data-end=\"3285\"><strong data-start=\"3168\" data-end=\"3200\">Ist der Hut wasserabweisend?<\/strong><br data-start=\"3200\" data-end=\"3203\" \/>Panamastroh ist nicht wasserfest \u0096 bei starkem Regen empfehlen wir ihn abzunehmen.<\/p>\n<p class=\"\" data-start=\"3287\" data-end=\"3419\"><strong data-start=\"3287\" data-end=\"3319\">Bietet die Cloche UV-Schutz?<\/strong><br data-start=\"3319\" data-end=\"3322\" \/>Ja, die 6 cm breite Krempe sch\u00fctzt Gesicht und Augen zuverl\u00e4ssig vor direkter Sonneneinstrahlung.<\/p>\n<p class=\"\" data-start=\"3421\" data-end=\"3574\"><strong data-start=\"3421\" data-end=\"3458\">Kann ich den Hut anpassen lassen?<\/strong><br data-start=\"3458\" data-end=\"3461\" \/>Jeder Hut wird in Wunschgr\u00f6\u00dfe gefertigt \u0096 bitte beachten Sie, dass nach Ma\u00df gefertigt kein R\u00fcckgaberecht besteht.<\/p>\n<p class=\"\" data-start=\"3576\" data-end=\"3790\"><strong data-start=\"3576\" data-end=\"3618\">Wie bewahre ich den Hut am besten auf?<\/strong><br data-start=\"3618\" data-end=\"3621\" \/>Am besten in einem Hutschrank oder einer stabilen Hutschachtel \u0096 trocken lagern, nicht pressen.<br data-start=\"3716\" data-end=\"3719\" \/>Mehr Tipps unter: <a class=\"\" href=\"https:\/\/hut-factory.com\/pflegehinweise\/\" target=\"_new\" rel=\"noopener\" data-start=\"3737\" data-end=\"3790\">Pflegehinweise<\/a><\/p>\n<\/div>\n<\/details>\n<\/div>\n","protected":false},"excerpt":{"rendered":"<h3 data-start=\"60\" data-end=\"97\"><strong>Zeitlos sch\u00f6n mit modernem Twist<\/strong><\/h3>\n<p class=\"\" data-start=\"98\" data-end=\"442\">Mit klaren Linien, stilvoller Schlichtheit und feiner Handwerkskunst ist diese Damencloche aus 100% echtem Panamastroh ein wahres Sommerstatement. Ihre sanft geschwungene Silhouette, kombiniert mit einem fein abgestimmten Rebsband inklusive Ziernaht, macht sie zur perfekten Wahl f\u00fcr modebewusste Damen mit Sinn f\u00fcr Qualit\u00e4t und Understatement.<\/p>\n","protected":false},"featured_media":15765,"template":"","meta":{"_acf_changed":false,"rs_blank_template":"","rs_page_bg_color":"","slide_template_v7":""},"product_brand":[250],"product_cat":[446,507,275],"product_tag":[],"class_list":{"0":"post-15764","1":"product","2":"type-product","3":"status-publish","4":"has-post-thumbnail","6":"product_brand-risa-hutwerkstatt-schweiz","7":"product_cat-cloche-sommerhuete","8":"product_cat-panama-sommerhuete","9":"product_cat-sommerhuete","10":"product_shipping_class-mittlere-pakete","11":"pa_color-camel","12":"pa_color-natur","13":"pa_color-navy","14":"pa_groesse-206","15":"pa_groesse-196","16":"pa_groesse-207","17":"pa_groesse-197","18":"pa_groesse-208","19":"pa_groesse-198","20":"pa_groesse-209","21":"pa_groesse-199","22":"yith_product_brand-risa-hutwerkstatt-schweiz","25":"instock","26":"taxable","27":"shipping-taxable","28":"purchasable","29":"product-type-variable","30":"wvs-archive-product-wrapper","31":"add-to-wishlist-after_add_to_cart"},"acf":[],"yoast_head":"<!-- This site is optimized with the Yoast SEO Premium plugin v27.3 (Yoast SEO v27.3) - https:\/\/yoast.com\/product\/yoast-seo-premium-wordpress\/ -->\n<title>Panamahut Cloche in Natur, Camel oder Navy mit blauem Hutband<\/title>\n<meta name=\"description\" content=\"Entdecken Sie unseren stilvollen Damenhut in der angesagten Cloche Hutform! Gefertigt aus 100% hochwertigem Panama-Stroh mit feiner Rebsbandgarnitur,\" \/>\n<meta name=\"robots\" content=\"index, follow, max-snippet:-1, max-image-preview:large, max-video-preview:-1\" \/>\n<link rel=\"canonical\" href=\"https:\/\/hutfactory.com\/?product=damen-panamahut-cloche\" \/>\n<meta property=\"og:locale\" content=\"de_DE\" \/>\n<meta property=\"og:type\" content=\"article\" \/>\n<meta property=\"og:title\" content=\"Damen Panamahut Cloche\" \/>\n<meta property=\"og:description\" content=\"Entdecken Sie unseren stilvollen Damenhut in der angesagten Cloche Hutform! Gefertigt aus 100% hochwertigem Panama-Stroh mit feiner Rebsbandgarnitur,\" \/>\n<meta property=\"og:url\" content=\"https:\/\/hutfactory.com\/?product=damen-panamahut-cloche\" \/>\n<meta property=\"og:site_name\" content=\"Hut Factory\" \/>\n<meta property=\"article:modified_time\" content=\"2026-03-10T10:30:34+00:00\" \/>\n<meta property=\"og:image\" content=\"https:\/\/hutfactory.com\/wp-content\/uploads\/2026\/03\/32504800.webp\" \/>\n\t<meta property=\"og:image:width\" content=\"750\" \/>\n\t<meta property=\"og:image:height\" content=\"750\" \/>\n\t<meta property=\"og:image:type\" content=\"image\/webp\" \/>\n<meta name=\"twitter:card\" content=\"summary_large_image\" \/>\n<meta name=\"twitter:label1\" content=\"Gesch\u00e4tzte Lesezeit\" \/>\n\t<meta name=\"twitter:data1\" content=\"2\u00a0Minuten\" \/>\n<script type=\"application\/ld+json\" class=\"yoast-schema-graph\">{\"@context\":\"https:\\\/\\\/schema.org\",\"@graph\":[{\"@type\":\"WebPage\",\"@id\":\"https:\\\/\\\/hutfactory.com\\\/?product=damen-panamahut-cloche\",\"url\":\"https:\\\/\\\/hutfactory.com\\\/?product=damen-panamahut-cloche\",\"name\":\"Panamahut Cloche in Natur, Camel oder Navy mit blauem Hutband\",\"isPartOf\":{\"@id\":\"https:\\\/\\\/hutfactory.com\\\/#website\"},\"primaryImageOfPage\":{\"@id\":\"https:\\\/\\\/hutfactory.com\\\/?product=damen-panamahut-cloche#primaryimage\"},\"image\":{\"@id\":\"https:\\\/\\\/hutfactory.com\\\/?product=damen-panamahut-cloche#primaryimage\"},\"thumbnailUrl\":\"https:\\\/\\\/hutfactory.com\\\/wp-content\\\/uploads\\\/2026\\\/03\\\/32504800.webp\",\"datePublished\":\"2026-03-10T09:59:31+00:00\",\"dateModified\":\"2026-03-10T10:30:34+00:00\",\"description\":\"Entdecken Sie unseren stilvollen Damenhut in der angesagten Cloche Hutform! Gefertigt aus 100% hochwertigem Panama-Stroh mit feiner Rebsbandgarnitur,\",\"breadcrumb\":{\"@id\":\"https:\\\/\\\/hutfactory.com\\\/?product=damen-panamahut-cloche#breadcrumb\"},\"inLanguage\":\"de\",\"potentialAction\":[{\"@type\":\"ReadAction\",\"target\":[\"https:\\\/\\\/hutfactory.com\\\/?product=damen-panamahut-cloche\"]}]},{\"@type\":\"ImageObject\",\"inLanguage\":\"de\",\"@id\":\"https:\\\/\\\/hutfactory.com\\\/?product=damen-panamahut-cloche#primaryimage\",\"url\":\"https:\\\/\\\/hutfactory.com\\\/wp-content\\\/uploads\\\/2026\\\/03\\\/32504800.webp\",\"contentUrl\":\"https:\\\/\\\/hutfactory.com\\\/wp-content\\\/uploads\\\/2026\\\/03\\\/32504800.webp\",\"width\":750,\"height\":750,\"caption\":\"Camel oder Navy erh\u00e4ltlich und wird mit einem marinen Rebsband veredelt. Ideal f\u00fcr Sommer und Sonne \u0096 handgefertigt in der Schweiz.|Der stilvolle Damenhut ist in Natur\"},{\"@type\":\"BreadcrumbList\",\"@id\":\"https:\\\/\\\/hutfactory.com\\\/?product=damen-panamahut-cloche#breadcrumb\",\"itemListElement\":[{\"@type\":\"ListItem\",\"position\":1,\"name\":\"Start\",\"item\":\"https:\\\/\\\/hutfactory.com\\\/\"},{\"@type\":\"ListItem\",\"position\":2,\"name\":\"Shop\",\"item\":\"https:\\\/\\\/hutfactory.com\\\/?page_id=10\"},{\"@type\":\"ListItem\",\"position\":3,\"name\":\"Damen Panamahut Cloche\"}]},{\"@type\":\"WebSite\",\"@id\":\"https:\\\/\\\/hutfactory.com\\\/#website\",\"url\":\"https:\\\/\\\/hutfactory.com\\\/\",\"name\":\"Hut Factory\",\"description\":\"H\u00fcte, Kappen &amp; M\u00fctzen in Top Swiss\\\/EU Qualit\u00e4t\",\"publisher\":{\"@id\":\"https:\\\/\\\/hutfactory.com\\\/#organization\"},\"alternateName\":\"Hut Shop\",\"potentialAction\":[{\"@type\":\"SearchAction\",\"target\":{\"@type\":\"EntryPoint\",\"urlTemplate\":\"https:\\\/\\\/hutfactory.com\\\/?s={search_term_string}\"},\"query-input\":{\"@type\":\"PropertyValueSpecification\",\"valueRequired\":true,\"valueName\":\"search_term_string\"}}],\"inLanguage\":\"de\"},{\"@type\":\"Organization\",\"@id\":\"https:\\\/\\\/hutfactory.com\\\/#organization\",\"name\":\"Hut Factory\",\"url\":\"https:\\\/\\\/hutfactory.com\\\/\",\"logo\":{\"@type\":\"ImageObject\",\"inLanguage\":\"de\",\"@id\":\"https:\\\/\\\/hutfactory.com\\\/#\\\/schema\\\/logo\\\/image\\\/\",\"url\":\"https:\\\/\\\/hutfactory.com\\\/wp-content\\\/uploads\\\/2026\\\/01\\\/Logo-hut-factory-1.webp\",\"contentUrl\":\"https:\\\/\\\/hutfactory.com\\\/wp-content\\\/uploads\\\/2026\\\/01\\\/Logo-hut-factory-1.webp\",\"width\":300,\"height\":262,\"caption\":\"Hut Factory\"},\"image\":{\"@id\":\"https:\\\/\\\/hutfactory.com\\\/#\\\/schema\\\/logo\\\/image\\\/\"}}]}<\/script>\n<!-- \/ Yoast SEO Premium plugin. -->","yoast_head_json":{"title":"Panamahut Cloche in Natur, Camel oder Navy mit blauem Hutband","description":"Entdecken Sie unseren stilvollen Damenhut in der angesagten Cloche Hutform! Gefertigt aus 100% hochwertigem Panama-Stroh mit feiner Rebsbandgarnitur,","robots":{"index":"index","follow":"follow","max-snippet":"max-snippet:-1","max-image-preview":"max-image-preview:large","max-video-preview":"max-video-preview:-1"},"canonical":"https:\/\/hutfactory.com\/?product=damen-panamahut-cloche","og_locale":"de_DE","og_type":"article","og_title":"Damen Panamahut Cloche","og_description":"Entdecken Sie unseren stilvollen Damenhut in der angesagten Cloche Hutform! Gefertigt aus 100% hochwertigem Panama-Stroh mit feiner Rebsbandgarnitur,","og_url":"https:\/\/hutfactory.com\/?product=damen-panamahut-cloche","og_site_name":"Hut Factory","article_modified_time":"2026-03-10T10:30:34+00:00","og_image":[{"width":750,"height":750,"url":"https:\/\/hutfactory.com\/wp-content\/uploads\/2026\/03\/32504800.webp","type":"image\/webp"}],"twitter_card":"summary_large_image","twitter_misc":{"Gesch\u00e4tzte Lesezeit":"2\u00a0Minuten"},"schema":{"@context":"https:\/\/schema.org","@graph":[{"@type":"WebPage","@id":"https:\/\/hutfactory.com\/?product=damen-panamahut-cloche","url":"https:\/\/hutfactory.com\/?product=damen-panamahut-cloche","name":"Panamahut Cloche in Natur, Camel oder Navy mit blauem Hutband","isPartOf":{"@id":"https:\/\/hutfactory.com\/#website"},"primaryImageOfPage":{"@id":"https:\/\/hutfactory.com\/?product=damen-panamahut-cloche#primaryimage"},"image":{"@id":"https:\/\/hutfactory.com\/?product=damen-panamahut-cloche#primaryimage"},"thumbnailUrl":"https:\/\/hutfactory.com\/wp-content\/uploads\/2026\/03\/32504800.webp","datePublished":"2026-03-10T09:59:31+00:00","dateModified":"2026-03-10T10:30:34+00:00","description":"Entdecken Sie unseren stilvollen Damenhut in der angesagten Cloche Hutform! Gefertigt aus 100% hochwertigem Panama-Stroh mit feiner Rebsbandgarnitur,","breadcrumb":{"@id":"https:\/\/hutfactory.com\/?product=damen-panamahut-cloche#breadcrumb"},"inLanguage":"de","potentialAction":[{"@type":"ReadAction","target":["https:\/\/hutfactory.com\/?product=damen-panamahut-cloche"]}]},{"@type":"ImageObject","inLanguage":"de","@id":"https:\/\/hutfactory.com\/?product=damen-panamahut-cloche#primaryimage","url":"https:\/\/hutfactory.com\/wp-content\/uploads\/2026\/03\/32504800.webp","contentUrl":"https:\/\/hutfactory.com\/wp-content\/uploads\/2026\/03\/32504800.webp","width":750,"height":750,"caption":"Camel oder Navy erh\u00e4ltlich und wird mit einem marinen Rebsband veredelt. Ideal f\u00fcr Sommer und Sonne \u0096 handgefertigt in der Schweiz.|Der stilvolle Damenhut ist in Natur"},{"@type":"BreadcrumbList","@id":"https:\/\/hutfactory.com\/?product=damen-panamahut-cloche#breadcrumb","itemListElement":[{"@type":"ListItem","position":1,"name":"Start","item":"https:\/\/hutfactory.com\/"},{"@type":"ListItem","position":2,"name":"Shop","item":"https:\/\/hutfactory.com\/?page_id=10"},{"@type":"ListItem","position":3,"name":"Damen Panamahut Cloche"}]},{"@type":"WebSite","@id":"https:\/\/hutfactory.com\/#website","url":"https:\/\/hutfactory.com\/","name":"Hut Factory","description":"H\u00fcte, Kappen &amp; M\u00fctzen in Top Swiss\/EU Qualit\u00e4t","publisher":{"@id":"https:\/\/hutfactory.com\/#organization"},"alternateName":"Hut Shop","potentialAction":[{"@type":"SearchAction","target":{"@type":"EntryPoint","urlTemplate":"https:\/\/hutfactory.com\/?s={search_term_string}"},"query-input":{"@type":"PropertyValueSpecification","valueRequired":true,"valueName":"search_term_string"}}],"inLanguage":"de"},{"@type":"Organization","@id":"https:\/\/hutfactory.com\/#organization","name":"Hut Factory","url":"https:\/\/hutfactory.com\/","logo":{"@type":"ImageObject","inLanguage":"de","@id":"https:\/\/hutfactory.com\/#\/schema\/logo\/image\/","url":"https:\/\/hutfactory.com\/wp-content\/uploads\/2026\/01\/Logo-hut-factory-1.webp","contentUrl":"https:\/\/hutfactory.com\/wp-content\/uploads\/2026\/01\/Logo-hut-factory-1.webp","width":300,"height":262,"caption":"Hut Factory"},"image":{"@id":"https:\/\/hutfactory.com\/#\/schema\/logo\/image\/"}}]}},"_links":{"self":[{"href":"https:\/\/hutfactory.com\/index.php?rest_route=\/wp\/v2\/product\/15764","targetHints":{"allow":["GET"]}}],"collection":[{"href":"https:\/\/hutfactory.com\/index.php?rest_route=\/wp\/v2\/product"}],"about":[{"href":"https:\/\/hutfactory.com\/index.php?rest_route=\/wp\/v2\/types\/product"}],"wp:featuredmedia":[{"embeddable":true,"href":"https:\/\/hutfactory.com\/index.php?rest_route=\/wp\/v2\/media\/15765"}],"wp:attachment":[{"href":"https:\/\/hutfactory.com\/index.php?rest_route=%2Fwp%2Fv2%2Fmedia&parent=15764"}],"wp:term":[{"taxonomy":"product_brand","embeddable":true,"href":"https:\/\/hutfactory.com\/index.php?rest_route=%2Fwp%2Fv2%2Fproduct_brand&post=15764"},{"taxonomy":"product_cat","embeddable":true,"href":"https:\/\/hutfactory.com\/index.php?rest_route=%2Fwp%2Fv2%2Fproduct_cat&post=15764"},{"taxonomy":"product_tag","embeddable":true,"href":"https:\/\/hutfactory.com\/index.php?rest_route=%2Fwp%2Fv2%2Fproduct_tag&post=15764"}],"curies":[{"name":"wp","href":"https:\/\/api.w.org\/{rel}","templated":true}]}}