{"id":15685,"date":"2026-03-10T09:58:55","date_gmt":"2026-03-10T09:58:55","guid":{"rendered":"https:\/\/hutfactory.com\/?product=haarreif-%c2%93freiamt-bremgarter"},"modified":"2026-03-10T09:59:28","modified_gmt":"2026-03-10T09:59:28","slug":"haarreif-%c2%93freiamt-bremgarter","status":"publish","type":"product","link":"https:\/\/hutfactory.com\/?product=haarreif-%c2%93freiamt-bremgarter","title":{"rendered":"Haarreif \u0093Freiamt Bremgarter&#8221;"},"content":{"rendered":"<p>Ein aufregendes Haar-Styling-Accessoires aus geflochtenem Weizenstroh\/Pedaline f\u00fcr die modebewusste Dame. Dieser \u00e4usserst hochwertige und sch\u00f6ne Haarschmuck in der Form eines geflochtenen Haarreif wird aus so genanntem Weizenstroh- und Pedaline Borden geflochten und Zusammengen\u00e4ht. Die Bremgarter Schlaufe liegt f\u00fcr Haarschmuck in sieben exklusiven Farbzusammenstellungen in der Form eines Seils das sich um den Reiff windet vor.<\/p>\n<p class=\"line-height-200 cke-line-height\">Die Borde werden zuerst aufwendig in Handarbeit geflochten, dann zu einem Band in gew\u00fcnschter Breite zusammengen\u00e4ht und abschliessend um den Reif zusammengen\u00e4ht. Insgesamt sind mehr als 30 Arbeitsschritte notwendig, um diesen wundersch\u00f6nen Haarschmuck zu erhalten. Jede Haarmasche unterscheidet sich durch die zuf\u00e4llige Farbmischung \u0096 Dadurch wird jeder Haarschmuck zum Unikat!<\/p>\n<p class=\"line-height-200 cke-line-height\">Haarreif (11707)\u00a0 und Spange (11727)\u00a0 lassen sich in ein einzigartiges Schmuckst\u00fcck f\u00fcr Ihr Haupt wie auf dem Bild bei die Dame Spange und Haarreif tr\u00e4gt.<\/p>\n<p>F\u00fcr diese Einzelanfertigungen werden nur besonders auserlesene, kostbare Materialien ausgew\u00e4hlt und mit viel Arbeitszeit entstehen kostbare Hand Made H\u00fcte. Die H\u00fcte werden in exakter, intensiver Handarbeit gefertigt und veredelt. Jeder Hut entsteht mit Hingabe und Freude am Handwerk und zeugen vom feinen Gesp\u00fcr f\u00fcr Qualit\u00e4t, Design und Sch\u00f6nheit.<\/p>\n<div class=\"hf-accordions\">\n<hr class=\"hf-accordion-separator\" \/>\n<details class=\"hf-accordion\">\n<summary><strong>\u25b6\ufe0f Gut zu wissen \u2013 mehr erfahren<\/strong><\/summary>\n<div class=\"hf-accordion-content\">\n<h3><strong>Wichtige Produktdetails<\/strong><\/h3>\n<h4><strong>Material &#038; Design<\/strong><\/h4>\n<ul>\n<li><strong>Material:<\/strong>\u00a080% Stroh \/ 20% Pedaline<\/li>\n<li><strong>Farboptionen:<\/strong>\n<ul>\n<li>1. Natur<\/li>\n<li>2. Schwarz<\/li>\n<li>3. Nougat<\/li>\n<li>4. Rot<\/li>\n<li>5. Viola<\/li>\n<li>6. Petrol<\/li>\n<li>7. Marine<\/li>\n<\/ul>\n<\/li>\n<li><strong>Gr\u00f6\u00dfen:<\/strong>\u00a0one size<\/li>\n<\/ul>\n<h4><strong>Handwerkskunst &#038; Exklusivit\u00e4t<\/strong><\/h4>\n<ul>\n<li><strong>Handgefertigt:<\/strong> Jeder Hut wird von erfahrenen Hutmacher:innen in pr\u00e4ziser Handarbeit hergestellt<\/li>\n<li><strong>Tradition &#038; Qualit\u00e4t:<\/strong> Gefertigt in der Risa Hutwerkstatt, bekannt f\u00fcr erstklassige Schweizer Hutmacherkunst<\/li>\n<li><strong>Limitierte Auflage:<\/strong> Jeder Hut wird auf Bestellung gefertigt, um h\u00f6chste Exklusivit\u00e4t zu gew\u00e4hrleisten<\/li>\n<\/ul>\n<h4><strong>Herstellung<\/strong><\/h4>\n<ul>\n<li><strong>Produktionsort:<\/strong> Schweiz, in der renommierten Risa Hutwerkstatt<\/li>\n<li><strong>Herstellungszeit:<\/strong> 10-15 Arbeitstage nach Zahlungseingang<\/li>\n<\/ul>\n<h4><strong>Lieferbedingungen<\/strong><\/h4>\n<ul>\n<li><strong>Versand:<\/strong> Innerhalb weniger Tage nach Fertigstellung ab Standort Schweiz<\/li>\n<li><strong>Garantie:<\/strong> Umtausch nur bei Material- oder Herstellungsfehlern<\/li>\n<li><strong>Verf\u00fcgbarkeit:<\/strong> Abverkauf des Rohmaterials vorbehalten<\/li>\n<\/ul>\n<\/div>\n<\/details>\n<details class=\"hf-accordion\">\n<summary><strong>\u25b6\ufe0f FAQ \u2013 H\u00e4ufige Fragen<\/strong><\/summary>\n<div class=\"hf-accordion-content\">\n<h2>FAQs<\/h2>\n<h3>Sind die Produkte aus der Freiamt Strohhut Kollektion wirklich einzigartig?<\/h3>\n<p>Ja, jedes Produkt ist ein Unikat, das sorgf\u00e4ltig von Hand in der Schweiz gefertigt wird.<\/p>\n<h3>Kann man den Reif auch im Herbst oder Fr\u00fchling tragen?<\/h3>\n<p>Obwohl der Reif ideal f\u00fcr sonnige Tage ist, kann er auch im Herbst oder Fr\u00fchling getragen werden.<\/p>\n<h3>Ist der Reif zum kombinieren geeignet?<\/h3>\n<p>Der Freiamter Haarreif (11707)\u00a0 kann ideal mit der Freiamter Spange (11727)\u00a0 kombiniert werden, so das ein einzigartiges und wertvolles Handkunstwerk und Schmuckst\u00fcck f\u00fcr Ihr Haupt entsteht.<\/p>\n<h3>Wie lange dauert es, einen Haarreif aus der Freiamt Strohhut Kollektion herzustellen?<\/h3>\n<p>Die Herstellung eines Reifes aus der Freiamt Strohhut Kollektion kann 10-15 Werktage in Anspruch nehmen, da er sorgf\u00e4ltig von Hand gefertigt wird.<\/p>\n<h3>Wo kann man einen Reif aus der Freiamt Strohhut Kollektion kaufen?<\/h3>\n<p>Die Freiamt Kollektion ist bei uns im Online-Shop erh\u00e4ltlich. Der Haarreif wird nach Auftragseingang hergestellt.<\/p>\n<h3>Wie wird der Reif gepflegt?<\/h3>\n<div class=\"text-base gap-4 md:gap-6 md:max-w-2xl lg:max-w-xl xl:max-w-3xl p-4 md:py-6 flex lg:px-0 m-auto\">\n<div class=\"relative flex w-[calc(100%-50px)] flex-col gap-1 md:gap-3 lg:w-[calc(100%-115px)]\">\n<div class=\"flex flex-grow flex-col gap-3\">\n<div class=\"min-h-[20px] flex flex-col items-start gap-4 whitespace-pre-wrap\">\n<div class=\"result-streaming markdown prose w-full break-words dark:prose-invert light AIPRM__conversation__response\">\n<p>Damit der Haarreif\u00a0 lange Freude bereitet, sollten ein paar Pflegehinweise beachtet werden. Der Reif sollte vor N\u00e4sse gesch\u00fctzt werden, da das Material sonst verkleben oder verformen kann. Bei leichter Verschmutzung kann der Reif vorsichtig mit einem feuchten Tuch gereinigt werden. Ist der Reif stark verschmutzt, sollte er an uns zugestellt werden, damit ein Kunsthandwerker ihn professionell reinigt und aufbereitet.<\/p>\n<h3>Eignet sich der Haareif als Geschenk?<\/h3>\n<p>Der Reif eignet sich auch hervorragend als Geschenk f\u00fcr besondere Anl\u00e4sse wie Geburtstage oder Jubil\u00e4en. Mit seinem zeitlosen Design und der hohen Qualit\u00e4t ist er ein Geschenk, das sicherlich lange in Erinnerung bleiben wird. Ein echtes St\u00fcck Handwerkskunst ist eine Sinnvolle Investition.<\/p>\n<\/div>\n<\/div>\n<\/div>\n<\/div>\n<\/div>\n<\/div>\n<\/details>\n<\/div>\n","protected":false},"excerpt":{"rendered":"<h2 style=\"font-size: 14px; font-weight: 400; line-height: 1.5;\">Haarreif aus sehr feinen, naturfarbenem Weizenstrohborden und rundherum mit naturfarbenem Pedalineborden verziert.<\/h2>\n","protected":false},"featured_media":15686,"template":"","meta":{"_acf_changed":false,"rs_blank_template":"","rs_page_bg_color":"","slide_template_v7":""},"product_brand":[250],"product_cat":[595,459,596,275],"product_tag":[],"class_list":{"0":"post-15685","1":"product","2":"type-product","3":"status-publish","4":"has-post-thumbnail","6":"product_brand-risa-hutwerkstatt-schweiz","7":"product_cat-accessoires-zubehoer","8":"product_cat-fascinator-sommerhuete","9":"product_cat-hut-zubehoer","10":"product_cat-sommerhuete","11":"product_shipping_class-mittlere-pakete","12":"pa_color-marine","13":"pa_color-natur","14":"pa_color-nougat","15":"pa_color-petrol","16":"pa_color-rot","17":"pa_color-schwarz","18":"pa_color-viola","19":"pa_groesse-one-size","20":"yith_product_brand-risa-hutwerkstatt-schweiz","23":"instock","24":"taxable","25":"shipping-taxable","26":"purchasable","27":"product-type-variable","28":"wvs-archive-product-wrapper","29":"add-to-wishlist-after_add_to_cart"},"acf":[],"yoast_head":"<!-- This site is optimized with the Yoast SEO Premium plugin v27.3 (Yoast SEO v27.3) - https:\/\/yoast.com\/product\/yoast-seo-premium-wordpress\/ -->\n<title>Haarreif \u0093Freiamt Bremgarter&quot; - Hut Factory<\/title>\n<meta name=\"robots\" content=\"index, follow, max-snippet:-1, max-image-preview:large, max-video-preview:-1\" \/>\n<link rel=\"canonical\" href=\"https:\/\/hutfactory.com\/?product=haarreif-\u0093freiamt-bremgarter\" \/>\n<meta property=\"og:locale\" content=\"de_DE\" \/>\n<meta property=\"og:type\" content=\"article\" \/>\n<meta property=\"og:title\" content=\"Haarreif \u0093Freiamt Bremgarter&quot;\" \/>\n<meta property=\"og:description\" content=\"Haarreif aus sehr feinen, naturfarbenem Weizenstrohborden und rundherum mit naturfarbenem Pedalineborden verziert.\" \/>\n<meta property=\"og:url\" content=\"https:\/\/hutfactory.com\/?product=haarreif-\u0093freiamt-bremgarter\" \/>\n<meta property=\"og:site_name\" content=\"Hut Factory\" \/>\n<meta property=\"article:modified_time\" content=\"2026-03-10T09:59:28+00:00\" \/>\n<meta property=\"og:image\" content=\"https:\/\/hutfactory.com\/wp-content\/uploads\/2026\/03\/11707.alle_.webp\" \/>\n\t<meta property=\"og:image:width\" content=\"750\" \/>\n\t<meta property=\"og:image:height\" content=\"750\" \/>\n\t<meta property=\"og:image:type\" content=\"image\/webp\" \/>\n<meta name=\"twitter:card\" content=\"summary_large_image\" \/>\n<meta name=\"twitter:label1\" content=\"Gesch\u00e4tzte Lesezeit\" \/>\n\t<meta name=\"twitter:data1\" content=\"3\u00a0Minuten\" \/>\n<script type=\"application\/ld+json\" class=\"yoast-schema-graph\">{\"@context\":\"https:\\\/\\\/schema.org\",\"@graph\":[{\"@type\":\"WebPage\",\"@id\":\"https:\\\/\\\/hutfactory.com\\\/?product=haarreif-%c2%93freiamt-bremgarter\",\"url\":\"https:\\\/\\\/hutfactory.com\\\/?product=haarreif-%c2%93freiamt-bremgarter\",\"name\":\"Haarreif \u0093Freiamt Bremgarter\\\" - Hut Factory\",\"isPartOf\":{\"@id\":\"https:\\\/\\\/hutfactory.com\\\/#website\"},\"primaryImageOfPage\":{\"@id\":\"https:\\\/\\\/hutfactory.com\\\/?product=haarreif-%c2%93freiamt-bremgarter#primaryimage\"},\"image\":{\"@id\":\"https:\\\/\\\/hutfactory.com\\\/?product=haarreif-%c2%93freiamt-bremgarter#primaryimage\"},\"thumbnailUrl\":\"https:\\\/\\\/hutfactory.com\\\/wp-content\\\/uploads\\\/2026\\\/03\\\/11707.alle_.webp\",\"datePublished\":\"2026-03-10T09:58:55+00:00\",\"dateModified\":\"2026-03-10T09:59:28+00:00\",\"breadcrumb\":{\"@id\":\"https:\\\/\\\/hutfactory.com\\\/?product=haarreif-%c2%93freiamt-bremgarter#breadcrumb\"},\"inLanguage\":\"de\",\"potentialAction\":[{\"@type\":\"ReadAction\",\"target\":[\"https:\\\/\\\/hutfactory.com\\\/?product=haarreif-%c2%93freiamt-bremgarter\"]}]},{\"@type\":\"ImageObject\",\"inLanguage\":\"de\",\"@id\":\"https:\\\/\\\/hutfactory.com\\\/?product=haarreif-%c2%93freiamt-bremgarter#primaryimage\",\"url\":\"https:\\\/\\\/hutfactory.com\\\/wp-content\\\/uploads\\\/2026\\\/03\\\/11707.alle_.webp\",\"contentUrl\":\"https:\\\/\\\/hutfactory.com\\\/wp-content\\\/uploads\\\/2026\\\/03\\\/11707.alle_.webp\",\"width\":750,\"height\":750,\"caption\":\"|||||||||\"},{\"@type\":\"BreadcrumbList\",\"@id\":\"https:\\\/\\\/hutfactory.com\\\/?product=haarreif-%c2%93freiamt-bremgarter#breadcrumb\",\"itemListElement\":[{\"@type\":\"ListItem\",\"position\":1,\"name\":\"Start\",\"item\":\"https:\\\/\\\/hutfactory.com\\\/\"},{\"@type\":\"ListItem\",\"position\":2,\"name\":\"Shop\",\"item\":\"https:\\\/\\\/hutfactory.com\\\/?page_id=10\"},{\"@type\":\"ListItem\",\"position\":3,\"name\":\"Haarreif \u0093Freiamt Bremgarter&#8221;\"}]},{\"@type\":\"WebSite\",\"@id\":\"https:\\\/\\\/hutfactory.com\\\/#website\",\"url\":\"https:\\\/\\\/hutfactory.com\\\/\",\"name\":\"Hut Factory\",\"description\":\"H\u00fcte, Kappen &amp; M\u00fctzen in Top Swiss\\\/EU Qualit\u00e4t\",\"publisher\":{\"@id\":\"https:\\\/\\\/hutfactory.com\\\/#organization\"},\"alternateName\":\"Hut Shop\",\"potentialAction\":[{\"@type\":\"SearchAction\",\"target\":{\"@type\":\"EntryPoint\",\"urlTemplate\":\"https:\\\/\\\/hutfactory.com\\\/?s={search_term_string}\"},\"query-input\":{\"@type\":\"PropertyValueSpecification\",\"valueRequired\":true,\"valueName\":\"search_term_string\"}}],\"inLanguage\":\"de\"},{\"@type\":\"Organization\",\"@id\":\"https:\\\/\\\/hutfactory.com\\\/#organization\",\"name\":\"Hut Factory\",\"url\":\"https:\\\/\\\/hutfactory.com\\\/\",\"logo\":{\"@type\":\"ImageObject\",\"inLanguage\":\"de\",\"@id\":\"https:\\\/\\\/hutfactory.com\\\/#\\\/schema\\\/logo\\\/image\\\/\",\"url\":\"https:\\\/\\\/hutfactory.com\\\/wp-content\\\/uploads\\\/2026\\\/01\\\/Logo-hut-factory-1.webp\",\"contentUrl\":\"https:\\\/\\\/hutfactory.com\\\/wp-content\\\/uploads\\\/2026\\\/01\\\/Logo-hut-factory-1.webp\",\"width\":300,\"height\":262,\"caption\":\"Hut Factory\"},\"image\":{\"@id\":\"https:\\\/\\\/hutfactory.com\\\/#\\\/schema\\\/logo\\\/image\\\/\"}}]}<\/script>\n<!-- \/ Yoast SEO Premium plugin. -->","yoast_head_json":{"title":"Haarreif \u0093Freiamt Bremgarter\" - Hut Factory","robots":{"index":"index","follow":"follow","max-snippet":"max-snippet:-1","max-image-preview":"max-image-preview:large","max-video-preview":"max-video-preview:-1"},"canonical":"https:\/\/hutfactory.com\/?product=haarreif-\u0093freiamt-bremgarter","og_locale":"de_DE","og_type":"article","og_title":"Haarreif \u0093Freiamt Bremgarter\"","og_description":"Haarreif aus sehr feinen, naturfarbenem Weizenstrohborden und rundherum mit naturfarbenem Pedalineborden verziert.","og_url":"https:\/\/hutfactory.com\/?product=haarreif-\u0093freiamt-bremgarter","og_site_name":"Hut Factory","article_modified_time":"2026-03-10T09:59:28+00:00","og_image":[{"width":750,"height":750,"url":"https:\/\/hutfactory.com\/wp-content\/uploads\/2026\/03\/11707.alle_.webp","type":"image\/webp"}],"twitter_card":"summary_large_image","twitter_misc":{"Gesch\u00e4tzte Lesezeit":"3\u00a0Minuten"},"schema":{"@context":"https:\/\/schema.org","@graph":[{"@type":"WebPage","@id":"https:\/\/hutfactory.com\/?product=haarreif-%c2%93freiamt-bremgarter","url":"https:\/\/hutfactory.com\/?product=haarreif-%c2%93freiamt-bremgarter","name":"Haarreif \u0093Freiamt Bremgarter\" - Hut Factory","isPartOf":{"@id":"https:\/\/hutfactory.com\/#website"},"primaryImageOfPage":{"@id":"https:\/\/hutfactory.com\/?product=haarreif-%c2%93freiamt-bremgarter#primaryimage"},"image":{"@id":"https:\/\/hutfactory.com\/?product=haarreif-%c2%93freiamt-bremgarter#primaryimage"},"thumbnailUrl":"https:\/\/hutfactory.com\/wp-content\/uploads\/2026\/03\/11707.alle_.webp","datePublished":"2026-03-10T09:58:55+00:00","dateModified":"2026-03-10T09:59:28+00:00","breadcrumb":{"@id":"https:\/\/hutfactory.com\/?product=haarreif-%c2%93freiamt-bremgarter#breadcrumb"},"inLanguage":"de","potentialAction":[{"@type":"ReadAction","target":["https:\/\/hutfactory.com\/?product=haarreif-%c2%93freiamt-bremgarter"]}]},{"@type":"ImageObject","inLanguage":"de","@id":"https:\/\/hutfactory.com\/?product=haarreif-%c2%93freiamt-bremgarter#primaryimage","url":"https:\/\/hutfactory.com\/wp-content\/uploads\/2026\/03\/11707.alle_.webp","contentUrl":"https:\/\/hutfactory.com\/wp-content\/uploads\/2026\/03\/11707.alle_.webp","width":750,"height":750,"caption":"|||||||||"},{"@type":"BreadcrumbList","@id":"https:\/\/hutfactory.com\/?product=haarreif-%c2%93freiamt-bremgarter#breadcrumb","itemListElement":[{"@type":"ListItem","position":1,"name":"Start","item":"https:\/\/hutfactory.com\/"},{"@type":"ListItem","position":2,"name":"Shop","item":"https:\/\/hutfactory.com\/?page_id=10"},{"@type":"ListItem","position":3,"name":"Haarreif \u0093Freiamt Bremgarter&#8221;"}]},{"@type":"WebSite","@id":"https:\/\/hutfactory.com\/#website","url":"https:\/\/hutfactory.com\/","name":"Hut Factory","description":"H\u00fcte, Kappen &amp; M\u00fctzen in Top Swiss\/EU Qualit\u00e4t","publisher":{"@id":"https:\/\/hutfactory.com\/#organization"},"alternateName":"Hut Shop","potentialAction":[{"@type":"SearchAction","target":{"@type":"EntryPoint","urlTemplate":"https:\/\/hutfactory.com\/?s={search_term_string}"},"query-input":{"@type":"PropertyValueSpecification","valueRequired":true,"valueName":"search_term_string"}}],"inLanguage":"de"},{"@type":"Organization","@id":"https:\/\/hutfactory.com\/#organization","name":"Hut Factory","url":"https:\/\/hutfactory.com\/","logo":{"@type":"ImageObject","inLanguage":"de","@id":"https:\/\/hutfactory.com\/#\/schema\/logo\/image\/","url":"https:\/\/hutfactory.com\/wp-content\/uploads\/2026\/01\/Logo-hut-factory-1.webp","contentUrl":"https:\/\/hutfactory.com\/wp-content\/uploads\/2026\/01\/Logo-hut-factory-1.webp","width":300,"height":262,"caption":"Hut Factory"},"image":{"@id":"https:\/\/hutfactory.com\/#\/schema\/logo\/image\/"}}]}},"_links":{"self":[{"href":"https:\/\/hutfactory.com\/index.php?rest_route=\/wp\/v2\/product\/15685","targetHints":{"allow":["GET"]}}],"collection":[{"href":"https:\/\/hutfactory.com\/index.php?rest_route=\/wp\/v2\/product"}],"about":[{"href":"https:\/\/hutfactory.com\/index.php?rest_route=\/wp\/v2\/types\/product"}],"wp:featuredmedia":[{"embeddable":true,"href":"https:\/\/hutfactory.com\/index.php?rest_route=\/wp\/v2\/media\/15686"}],"wp:attachment":[{"href":"https:\/\/hutfactory.com\/index.php?rest_route=%2Fwp%2Fv2%2Fmedia&parent=15685"}],"wp:term":[{"taxonomy":"product_brand","embeddable":true,"href":"https:\/\/hutfactory.com\/index.php?rest_route=%2Fwp%2Fv2%2Fproduct_brand&post=15685"},{"taxonomy":"product_cat","embeddable":true,"href":"https:\/\/hutfactory.com\/index.php?rest_route=%2Fwp%2Fv2%2Fproduct_cat&post=15685"},{"taxonomy":"product_tag","embeddable":true,"href":"https:\/\/hutfactory.com\/index.php?rest_route=%2Fwp%2Fv2%2Fproduct_tag&post=15685"}],"curies":[{"name":"wp","href":"https:\/\/api.w.org\/{rel}","templated":true}]}}