{"id":15001,"date":"2026-03-01T17:24:37","date_gmt":"2026-03-01T17:24:37","guid":{"rendered":"https:\/\/hutfactory.com\/?product=herbst-und-winterhut-%c2%84young-and-wolly%c2%93"},"modified":"2026-03-12T09:50:31","modified_gmt":"2026-03-12T09:50:31","slug":"herbst-und-winterhut-%c2%84young-and-wolly%c2%93","status":"publish","type":"product","link":"https:\/\/hutfactory.com\/?product=herbst-und-winterhut-%c2%84young-and-wolly%c2%93","title":{"rendered":"Herbst- und Winterhut \u0084Young and Wolly\u0093"},"content":{"rendered":"<h3 data-start=\"261\" data-end=\"309\"><strong>Modernes Statement mit jugendlichem Charme<\/strong><\/h3>\n<p data-start=\"311\" data-end=\"658\">Der Wollfilz Hut \u0084young and wolly\u0093 ist ein ausdrucksstarkes Accessoire f\u00fcr Individualisten, die das Besondere suchen. Mit seiner hohen Krone und dem markanten, rundum geschwungenen Bund setzt er ein klares modisches Statement. Die edle Verarbeitung aus 100% Wollfilz macht ihn nicht nur angenehm w\u00e4rmend, sondern auch langlebig und formstabil.<\/p>\n<p data-start=\"660\" data-end=\"859\">Gefertigt wird jedes Modell in exakter Handarbeit in der traditionsreichen Schweizer Hutmanufaktur Risa. So entsteht ein Hut, der Stil, Qualit\u00e4t und Handwerkskunst in einzigartiger Weise verbindet.<\/p>\n<p data-start=\"866\" data-end=\"887\"><strong data-start=\"866\" data-end=\"885\">Perfekt f\u00fcr\u0085 ??<\/strong><\/p>\n<p data-start=\"889\" data-end=\"1169\">?? <strong data-start=\"892\" data-end=\"917\">Stilvolle Wintertage:<\/strong> W\u00e4rmend und elegant, ob beim Stadtspaziergang oder Caf\u00e9besuch.<br data-start=\"980\" data-end=\"983\" \/>?? <strong data-start=\"986\" data-end=\"1007\">Kreative Anl\u00e4sse:<\/strong> Auff\u00e4llige Form und modisches Design als Hingucker auf Events.<br data-start=\"1070\" data-end=\"1073\" \/>?? <strong data-start=\"1076\" data-end=\"1105\">Nachhaltige Modebewusste:<\/strong> Gefertigt aus nat\u00fcrlichen Materialien mit kurzen Lieferwegen.<\/p>\n<div class=\"hf-accordions\">\n<hr class=\"hf-accordion-separator\" \/>\n<details class=\"hf-accordion\">\n<summary><strong>\u25b6\ufe0f Gut zu wissen \u2013 mehr erfahren<\/strong><\/summary>\n<div class=\"hf-accordion-content\">\n<h3>Wichtige Produktdetails:<\/h3>\n<ul>\n<li><strong>Materialzusammensetzung:<\/strong>\u00a0100% Haarfilz \u0096 f\u00fcr Langlebigkeit und eine formstabile Struktur<\/li>\n<li><strong>Muster:<\/strong>\u00a0Auff\u00e4llige Ziern\u00e4hte links, rechts, vorne und hinten \u0096 ein extravagantes Detail f\u00fcr einen markanten<\/li>\n<li><strong>Randbreite:<\/strong>\u00a04,5 cm \u0096 f\u00fcr den klassischen Bowler-Look<\/li>\n<li><strong>Kopfh\u00f6he:<\/strong>\u00a012,0 cm \u0096 f\u00fcr eine markante, aber dennoch traditionelle Form<\/li>\n<li><strong>Farben:\u00a0<\/strong>1. Schwarz mit Rebsband &#038; Lederkordel, 2.\u00a0Salbei mit Rebsband &#038; Lederkordel<\/li>\n<li><strong>Gr\u00f6\u00dfen:<\/strong>\u00a0Verf\u00fcgbar in den Gr\u00f6\u00dfen 54-62 \u0096 f\u00fcr eine perfekte Passform<\/li>\n<li><strong>Hutband:<\/strong>\u00a0Rebsband mit Lederkordel und einem dekorativen Qualit\u00e4tsknopf auf der Masche \u0096 sorgt f\u00fcr ein stilvolles<\/li>\n<li><strong>Schwei\u00dfband:<\/strong>\u00a0Sauber eingen\u00e4htes Textilinnenband als Schwei\u00dfband \u0096 f\u00fcr h\u00f6chsten Tragekomfort und langanhaltende<\/li>\n<li><strong>Fertigungsort:<\/strong>\u00a0Handgefertigt in der renommierten\u00a0<strong>Schweizer Hutmanufaktur Risa<\/strong>. Diese Manufaktur steht seit Jahren f\u00fcr handwerkliche Perfektion und innovative Designs.<\/li>\n<li><strong>Fertigungszeit:<\/strong>\u00a0Jeder Hut wird auf Bestellung gefertigt, sodass Exklusivit\u00e4t und Individualit\u00e4t garantiert sind. Die Herstellung dauert in der Regel\u00a0<strong>10 bis 15 Arbeitstage nach Zahlungseingang<\/strong>.<\/li>\n<li><strong>Versand:<\/strong>\u00a0Nach Fertigstellung des Hutes wird dieser direkt ab Lager Schweiz versendet, sodass Sie Ihren Hut schnell und zuverl\u00e4ssig erhalten.<\/li>\n<li><strong>Garantie:<\/strong>\u00a0Umtausch ist nur bei Material- oder Herstellungsfehlern m\u00f6glich, da es sich um eine ma\u00dfgefertigte Sonderanfertigung handelt.<\/li>\n<li><strong>Verf\u00fcgbarkeit:<\/strong>\u00a0Da die H\u00fcte in limitierter Auflage produziert werden, empfehlen wir eine fr\u00fchzeitige Bestellung, um sich Ihr exklusives Modell zu sichern. Sollte das Rohmaterial ausverkauft sein, kann es zu Verz\u00f6gerungen kommen.<\/li>\n<\/ul>\n<\/div>\n<\/details>\n<details class=\"hf-accordion\">\n<summary><strong>\u25b6\ufe0f FAQ \u2013 H\u00e4ufige Fragen<\/strong><\/summary>\n<div class=\"hf-accordion-content\">\n<h3>H\u00e4ufige Fragen und Antworten (FAQ)<\/h3>\n<p><strong>1. Wie pflege ich meinen Bowler Rugged \u0093sewn and burned\u0094 richtig?<\/strong><br \/>\nEs wird empfohlen, den Hut regelm\u00e4\u00dfig mit einer weichen B\u00fcrste zu reinigen. Bei tiefer gehendem Schmutz sollte eine professionelle Hutreinigung in Anspruch genommen werden.<\/p>\n<p><strong>2. In welchen Gr\u00f6\u00dfen ist der Hut erh\u00e4ltlich?<\/strong><br \/>\nDer Bowler Rugged ist in den Gr\u00f6\u00dfen 54 bis 62 verf\u00fcgbar und bietet somit f\u00fcr jeden Tr\u00e4ger die perfekte Passform.<\/p>\n<p><strong>3. Kann ich den Hut umtauschen, wenn er mir nicht passt?<\/strong><br \/>\nDa der Hut auf Bestellung gefertigt wird, ist ein Umtausch nur bei Material- oder Herstellungsfehlern m\u00f6glich. Bitte beachten Sie dies bei Ihrer Bestellung.<\/p>\n<p><strong>4. Wo wird der Hut hergestellt?<\/strong><br \/>\nDer Bowler Rugged wird in der Schweizer Hutmanufaktur Risa, einem traditionsreichen Handwerksbetrieb, gefertigt.<\/p>\n<p><strong>5. Wie lange dauert der Versand?<\/strong><br \/>\nNachdem der Hut gefertigt wurde, erfolgt der Versand innerhalb weniger Tage ab Lager Schweiz. Je nach Zielort kann die Lieferung variieren.<\/div>\n<\/details>\n<\/div>\n","protected":false},"excerpt":{"rendered":"<h3 data-start=\"3775\" data-end=\"3823\"><strong>Modisch, jung &#038; handgemacht<\/strong><\/h3>\n<p data-start=\"3825\" data-end=\"4098\">Mit dem Wollfilzhut \u0084young and wolly\u0093 tragen Sie ein St\u00fcck Schweizer Handwerkskunst, das durch seine avantgardistische Form und die hochwertige Verarbeitung begeistert. Ein Hut f\u00fcr alle, die Individualit\u00e4t, Stil und Qualit\u00e4t in einem Accessoire vereint wissen m\u00f6chten.<\/p>\n","protected":false},"featured_media":10963,"template":"","meta":{"_acf_changed":false,"rs_blank_template":"","rs_page_bg_color":"","slide_template_v7":""},"product_brand":[250],"product_cat":[459,254,275,448,253,387,460],"product_tag":[],"class_list":{"0":"post-15001","1":"product","2":"type-product","3":"status-publish","4":"has-post-thumbnail","6":"product_brand-risa-hutwerkstatt-schweiz","7":"product_cat-fascinator-sommerhuete","8":"product_cat-outdoor-winterhuete","9":"product_cat-sommerhuete","10":"product_cat-toque-winterhuete","11":"product_cat-winterhuete","12":"product_cat-wintermuetzen","13":"product_cat-woll-wintermuetzen","14":"product_shipping_class-mittlere-pakete","15":"pa_color-elfenbein","16":"pa_color-himmelblau","17":"pa_color-moos","18":"pa_groesse-206","19":"pa_groesse-196","20":"pa_groesse-207","21":"pa_groesse-197","22":"pa_groesse-208","23":"pa_groesse-198","24":"pa_groesse-209","25":"pa_groesse-199","26":"pa_groesse-210","27":"yith_product_brand-risa-hutwerkstatt-schweiz","30":"instock","31":"featured","32":"taxable","33":"shipping-taxable","34":"purchasable","35":"product-type-variable","36":"wvs-archive-product-wrapper","37":"add-to-wishlist-after_add_to_cart"},"acf":[],"yoast_head":"<!-- This site is optimized with the Yoast SEO Premium plugin v27.3 (Yoast SEO v27.3) - https:\/\/yoast.com\/product\/yoast-seo-premium-wordpress\/ -->\n<title>Toque Hut Wollfilz \u0096 Junges Design, Schweizer Handarbeit<\/title>\n<meta name=\"description\" content=\"Moderner Toque Hut aus 100% Wollfilz. Handgefertigt bei Risa in der Schweiz. Auff\u00e4lliges Design, nachhaltig, stilvoll &amp; hochwertig.\" \/>\n<meta name=\"robots\" content=\"index, follow, max-snippet:-1, max-image-preview:large, max-video-preview:-1\" \/>\n<link rel=\"canonical\" href=\"https:\/\/hutfactory.com\/?product=herbst-und-winterhut-\u0084young-and-wolly\u0093\" \/>\n<meta property=\"og:locale\" content=\"de_DE\" \/>\n<meta property=\"og:type\" content=\"article\" \/>\n<meta property=\"og:title\" content=\"Herbst- und Winterhut \u0084Young and Wolly\u0093\" \/>\n<meta property=\"og:description\" content=\"Moderner Toque Hut aus 100% Wollfilz. Handgefertigt bei Risa in der Schweiz. Auff\u00e4lliges Design, nachhaltig, stilvoll &amp; hochwertig.\" \/>\n<meta property=\"og:url\" content=\"https:\/\/hutfactory.com\/?product=herbst-und-winterhut-\u0084young-and-wolly\u0093\" \/>\n<meta property=\"og:site_name\" content=\"Hut Factory\" \/>\n<meta property=\"article:modified_time\" content=\"2026-03-12T09:50:31+00:00\" \/>\n<meta property=\"og:image\" content=\"https:\/\/hutfactory.com\/wp-content\/uploads\/2026\/02\/70506370.webp\" \/>\n\t<meta property=\"og:image:width\" content=\"2016\" \/>\n\t<meta property=\"og:image:height\" content=\"1512\" \/>\n\t<meta property=\"og:image:type\" content=\"image\/webp\" \/>\n<meta name=\"twitter:card\" content=\"summary_large_image\" \/>\n<meta name=\"twitter:label1\" content=\"Gesch\u00e4tzte Lesezeit\" \/>\n\t<meta name=\"twitter:data1\" content=\"3\u00a0Minuten\" \/>\n<script type=\"application\/ld+json\" class=\"yoast-schema-graph\">{\"@context\":\"https:\\\/\\\/schema.org\",\"@graph\":[{\"@type\":\"WebPage\",\"@id\":\"https:\\\/\\\/hutfactory.com\\\/?product=herbst-und-winterhut-%c2%84young-and-wolly%c2%93\",\"url\":\"https:\\\/\\\/hutfactory.com\\\/?product=herbst-und-winterhut-%c2%84young-and-wolly%c2%93\",\"name\":\"Toque Hut Wollfilz \u0096 Junges Design, Schweizer Handarbeit\",\"isPartOf\":{\"@id\":\"https:\\\/\\\/hutfactory.com\\\/#website\"},\"primaryImageOfPage\":{\"@id\":\"https:\\\/\\\/hutfactory.com\\\/?product=herbst-und-winterhut-%c2%84young-and-wolly%c2%93#primaryimage\"},\"image\":{\"@id\":\"https:\\\/\\\/hutfactory.com\\\/?product=herbst-und-winterhut-%c2%84young-and-wolly%c2%93#primaryimage\"},\"thumbnailUrl\":\"https:\\\/\\\/hutfactory.com\\\/wp-content\\\/uploads\\\/2026\\\/02\\\/70506370.webp\",\"datePublished\":\"2026-03-01T17:24:37+00:00\",\"dateModified\":\"2026-03-12T09:50:31+00:00\",\"description\":\"Moderner Toque Hut aus 100% Wollfilz. Handgefertigt bei Risa in der Schweiz. Auff\u00e4lliges Design, nachhaltig, stilvoll & hochwertig.\",\"breadcrumb\":{\"@id\":\"https:\\\/\\\/hutfactory.com\\\/?product=herbst-und-winterhut-%c2%84young-and-wolly%c2%93#breadcrumb\"},\"inLanguage\":\"de\",\"potentialAction\":[{\"@type\":\"ReadAction\",\"target\":[\"https:\\\/\\\/hutfactory.com\\\/?product=herbst-und-winterhut-%c2%84young-and-wolly%c2%93\"]}]},{\"@type\":\"ImageObject\",\"inLanguage\":\"de\",\"@id\":\"https:\\\/\\\/hutfactory.com\\\/?product=herbst-und-winterhut-%c2%84young-and-wolly%c2%93#primaryimage\",\"url\":\"https:\\\/\\\/hutfactory.com\\\/wp-content\\\/uploads\\\/2026\\\/02\\\/70506370.webp\",\"contentUrl\":\"https:\\\/\\\/hutfactory.com\\\/wp-content\\\/uploads\\\/2026\\\/02\\\/70506370.webp\",\"width\":2016,\"height\":1512,\"caption\":\"handgefertigt bei Risa. Mit hohem Bund und moderner Krone in Elfenbein\"},{\"@type\":\"BreadcrumbList\",\"@id\":\"https:\\\/\\\/hutfactory.com\\\/?product=herbst-und-winterhut-%c2%84young-and-wolly%c2%93#breadcrumb\",\"itemListElement\":[{\"@type\":\"ListItem\",\"position\":1,\"name\":\"Start\",\"item\":\"https:\\\/\\\/hutfactory.com\\\/\"},{\"@type\":\"ListItem\",\"position\":2,\"name\":\"Shop\",\"item\":\"https:\\\/\\\/hutfactory.com\\\/?page_id=10\"},{\"@type\":\"ListItem\",\"position\":3,\"name\":\"Herbst- und Winterhut \u0084Young and Wolly\u0093\"}]},{\"@type\":\"WebSite\",\"@id\":\"https:\\\/\\\/hutfactory.com\\\/#website\",\"url\":\"https:\\\/\\\/hutfactory.com\\\/\",\"name\":\"Hut Factory\",\"description\":\"H\u00fcte, Kappen &amp; M\u00fctzen in Top Swiss\\\/EU Qualit\u00e4t\",\"publisher\":{\"@id\":\"https:\\\/\\\/hutfactory.com\\\/#organization\"},\"alternateName\":\"Hut Shop\",\"potentialAction\":[{\"@type\":\"SearchAction\",\"target\":{\"@type\":\"EntryPoint\",\"urlTemplate\":\"https:\\\/\\\/hutfactory.com\\\/?s={search_term_string}\"},\"query-input\":{\"@type\":\"PropertyValueSpecification\",\"valueRequired\":true,\"valueName\":\"search_term_string\"}}],\"inLanguage\":\"de\"},{\"@type\":\"Organization\",\"@id\":\"https:\\\/\\\/hutfactory.com\\\/#organization\",\"name\":\"Hut Factory\",\"url\":\"https:\\\/\\\/hutfactory.com\\\/\",\"logo\":{\"@type\":\"ImageObject\",\"inLanguage\":\"de\",\"@id\":\"https:\\\/\\\/hutfactory.com\\\/#\\\/schema\\\/logo\\\/image\\\/\",\"url\":\"https:\\\/\\\/hutfactory.com\\\/wp-content\\\/uploads\\\/2026\\\/01\\\/Logo-hut-factory-1.webp\",\"contentUrl\":\"https:\\\/\\\/hutfactory.com\\\/wp-content\\\/uploads\\\/2026\\\/01\\\/Logo-hut-factory-1.webp\",\"width\":300,\"height\":262,\"caption\":\"Hut Factory\"},\"image\":{\"@id\":\"https:\\\/\\\/hutfactory.com\\\/#\\\/schema\\\/logo\\\/image\\\/\"}}]}<\/script>\n<!-- \/ Yoast SEO Premium plugin. -->","yoast_head_json":{"title":"Toque Hut Wollfilz \u0096 Junges Design, Schweizer Handarbeit","description":"Moderner Toque Hut aus 100% Wollfilz. Handgefertigt bei Risa in der Schweiz. Auff\u00e4lliges Design, nachhaltig, stilvoll & hochwertig.","robots":{"index":"index","follow":"follow","max-snippet":"max-snippet:-1","max-image-preview":"max-image-preview:large","max-video-preview":"max-video-preview:-1"},"canonical":"https:\/\/hutfactory.com\/?product=herbst-und-winterhut-\u0084young-and-wolly\u0093","og_locale":"de_DE","og_type":"article","og_title":"Herbst- und Winterhut \u0084Young and Wolly\u0093","og_description":"Moderner Toque Hut aus 100% Wollfilz. Handgefertigt bei Risa in der Schweiz. Auff\u00e4lliges Design, nachhaltig, stilvoll & hochwertig.","og_url":"https:\/\/hutfactory.com\/?product=herbst-und-winterhut-\u0084young-and-wolly\u0093","og_site_name":"Hut Factory","article_modified_time":"2026-03-12T09:50:31+00:00","og_image":[{"width":2016,"height":1512,"url":"https:\/\/hutfactory.com\/wp-content\/uploads\/2026\/02\/70506370.webp","type":"image\/webp"}],"twitter_card":"summary_large_image","twitter_misc":{"Gesch\u00e4tzte Lesezeit":"3\u00a0Minuten"},"schema":{"@context":"https:\/\/schema.org","@graph":[{"@type":"WebPage","@id":"https:\/\/hutfactory.com\/?product=herbst-und-winterhut-%c2%84young-and-wolly%c2%93","url":"https:\/\/hutfactory.com\/?product=herbst-und-winterhut-%c2%84young-and-wolly%c2%93","name":"Toque Hut Wollfilz \u0096 Junges Design, Schweizer Handarbeit","isPartOf":{"@id":"https:\/\/hutfactory.com\/#website"},"primaryImageOfPage":{"@id":"https:\/\/hutfactory.com\/?product=herbst-und-winterhut-%c2%84young-and-wolly%c2%93#primaryimage"},"image":{"@id":"https:\/\/hutfactory.com\/?product=herbst-und-winterhut-%c2%84young-and-wolly%c2%93#primaryimage"},"thumbnailUrl":"https:\/\/hutfactory.com\/wp-content\/uploads\/2026\/02\/70506370.webp","datePublished":"2026-03-01T17:24:37+00:00","dateModified":"2026-03-12T09:50:31+00:00","description":"Moderner Toque Hut aus 100% Wollfilz. Handgefertigt bei Risa in der Schweiz. Auff\u00e4lliges Design, nachhaltig, stilvoll & hochwertig.","breadcrumb":{"@id":"https:\/\/hutfactory.com\/?product=herbst-und-winterhut-%c2%84young-and-wolly%c2%93#breadcrumb"},"inLanguage":"de","potentialAction":[{"@type":"ReadAction","target":["https:\/\/hutfactory.com\/?product=herbst-und-winterhut-%c2%84young-and-wolly%c2%93"]}]},{"@type":"ImageObject","inLanguage":"de","@id":"https:\/\/hutfactory.com\/?product=herbst-und-winterhut-%c2%84young-and-wolly%c2%93#primaryimage","url":"https:\/\/hutfactory.com\/wp-content\/uploads\/2026\/02\/70506370.webp","contentUrl":"https:\/\/hutfactory.com\/wp-content\/uploads\/2026\/02\/70506370.webp","width":2016,"height":1512,"caption":"handgefertigt bei Risa. Mit hohem Bund und moderner Krone in Elfenbein"},{"@type":"BreadcrumbList","@id":"https:\/\/hutfactory.com\/?product=herbst-und-winterhut-%c2%84young-and-wolly%c2%93#breadcrumb","itemListElement":[{"@type":"ListItem","position":1,"name":"Start","item":"https:\/\/hutfactory.com\/"},{"@type":"ListItem","position":2,"name":"Shop","item":"https:\/\/hutfactory.com\/?page_id=10"},{"@type":"ListItem","position":3,"name":"Herbst- und Winterhut \u0084Young and Wolly\u0093"}]},{"@type":"WebSite","@id":"https:\/\/hutfactory.com\/#website","url":"https:\/\/hutfactory.com\/","name":"Hut Factory","description":"H\u00fcte, Kappen &amp; M\u00fctzen in Top Swiss\/EU Qualit\u00e4t","publisher":{"@id":"https:\/\/hutfactory.com\/#organization"},"alternateName":"Hut Shop","potentialAction":[{"@type":"SearchAction","target":{"@type":"EntryPoint","urlTemplate":"https:\/\/hutfactory.com\/?s={search_term_string}"},"query-input":{"@type":"PropertyValueSpecification","valueRequired":true,"valueName":"search_term_string"}}],"inLanguage":"de"},{"@type":"Organization","@id":"https:\/\/hutfactory.com\/#organization","name":"Hut Factory","url":"https:\/\/hutfactory.com\/","logo":{"@type":"ImageObject","inLanguage":"de","@id":"https:\/\/hutfactory.com\/#\/schema\/logo\/image\/","url":"https:\/\/hutfactory.com\/wp-content\/uploads\/2026\/01\/Logo-hut-factory-1.webp","contentUrl":"https:\/\/hutfactory.com\/wp-content\/uploads\/2026\/01\/Logo-hut-factory-1.webp","width":300,"height":262,"caption":"Hut Factory"},"image":{"@id":"https:\/\/hutfactory.com\/#\/schema\/logo\/image\/"}}]}},"_links":{"self":[{"href":"https:\/\/hutfactory.com\/index.php?rest_route=\/wp\/v2\/product\/15001","targetHints":{"allow":["GET"]}}],"collection":[{"href":"https:\/\/hutfactory.com\/index.php?rest_route=\/wp\/v2\/product"}],"about":[{"href":"https:\/\/hutfactory.com\/index.php?rest_route=\/wp\/v2\/types\/product"}],"wp:featuredmedia":[{"embeddable":true,"href":"https:\/\/hutfactory.com\/index.php?rest_route=\/wp\/v2\/media\/10963"}],"wp:attachment":[{"href":"https:\/\/hutfactory.com\/index.php?rest_route=%2Fwp%2Fv2%2Fmedia&parent=15001"}],"wp:term":[{"taxonomy":"product_brand","embeddable":true,"href":"https:\/\/hutfactory.com\/index.php?rest_route=%2Fwp%2Fv2%2Fproduct_brand&post=15001"},{"taxonomy":"product_cat","embeddable":true,"href":"https:\/\/hutfactory.com\/index.php?rest_route=%2Fwp%2Fv2%2Fproduct_cat&post=15001"},{"taxonomy":"product_tag","embeddable":true,"href":"https:\/\/hutfactory.com\/index.php?rest_route=%2Fwp%2Fv2%2Fproduct_tag&post=15001"}],"curies":[{"name":"wp","href":"https:\/\/api.w.org\/{rel}","templated":true}]}}