{"id":13141,"date":"2026-02-14T09:41:31","date_gmt":"2026-02-14T09:41:31","guid":{"rendered":"https:\/\/hutfactory.com\/?product=santa-fee-premium-biberhut-in-5-farben"},"modified":"2026-02-17T10:52:34","modified_gmt":"2026-02-17T10:52:34","slug":"santa-fee-premium-biberhut-in-5-farben","status":"publish","type":"product","link":"https:\/\/hutfactory.com\/?product=santa-fee-premium-biberhut-in-5-farben","title":{"rendered":"Santa Fee Premium Biberhut"},"content":{"rendered":"<h3 data-start=\"0\" data-end=\"55\"><strong data-start=\"4\" data-end=\"53\">Zeitloser Western-Charme f\u00fcr echte Stilkenner<\/strong><\/h3>\n<p data-start=\"57\" data-end=\"342\">Der <strong data-start=\"61\" data-end=\"86\">Westernhut \u201eSANTA FE\u201c<\/strong> ist eine Hommage an klassische Western-\u00c4sthetik gepaart mit feinster Schweizer Handwerkskunst. Seine klare, kantige Form mit hoher, gerader Krone und breiter Krempe verleiht ihm eine markante Silhouette, die sowohl modisch als auch funktional \u00fcberzeugt.<\/p>\n<p data-start=\"344\" data-end=\"695\">Gefertigt aus <strong data-start=\"358\" data-end=\"395\">hochwertigem, Premium Biberfilz<\/strong> bietet der Hut ein vorz\u00fcgliches Tragegef\u00fchl und optimalen Schutz vor Sonne, Schnee, Regen und Wind. Das feine Rebsband \u2013 wahlweise mit oder ohne elegante Krempeneinfassung \u2013 rundet den exklusiven Look stilvoll ab. Das <strong data-start=\"597\" data-end=\"623\">Kalbsleder-Schwei\u00dfband<\/strong> sorgt f\u00fcr h\u00f6chsten Tragekomfort, auch bei langen Eins\u00e4tzen im Freien.<\/p>\n<p data-start=\"697\" data-end=\"852\">Ob beim <strong data-start=\"705\" data-end=\"779\">Westernreiten, Country-Event oder als modisches Statement in der Stadt<\/strong> \u2013 der \u201eSANTA FE\u201c verleiht jedem Outfit eine authentische Western-Note.<\/p>\n<h3 data-start=\"859\" data-end=\"882\"><strong data-start=\"863\" data-end=\"882\">Perfekt f\u00fcr\u2026 <\/strong><\/h3>\n<ul>\n<li data-start=\"885\" data-end=\"970\"><strong data-start=\"885\" data-end=\"920\">Westernreiten &amp; Country-Anl\u00e4sse<\/strong>: Ein Blickfang mit traditionellem Western-Flair<\/li>\n<li data-start=\"973\" data-end=\"1050\"><strong data-start=\"973\" data-end=\"992\">Old West Events<\/strong>: Authentische Form und Materialien wie im Wilden Westen<\/li>\n<li data-start=\"1053\" data-end=\"1136\"><strong data-start=\"1053\" data-end=\"1080\">Natur- und Stilbewusste<\/strong>: Nachhaltige, handgefertigte Qualit\u00e4t aus der Schweiz<\/li>\n<\/ul>\n<div class=\"hf-accordions\">\n<hr class=\"hf-accordion-separator\" \/>\n<details class=\"hf-accordion\">\n<summary><strong>\u25b6\ufe0f Gut zu wissen \u2013 mehr erfahren<\/strong><\/summary>\n<div class=\"hf-accordion-content\">\n<h3>Wichtige Produktdetails:<\/h3>\n<h4>Material &amp; Design:<\/h4>\n<ul>\n<li><strong>Material:<\/strong>\u00a0veredelter Wollfilz in Schwarz, Braun, Ocker oder Hellgrau<\/li>\n<li><strong>Masse:<\/strong>\u00a0Kopfh\u00f6he 14 cm \/ Randbreite 8,5 cm<\/li>\n<li><strong>Garnitur:<\/strong>\u00a0Feinstes Rebsband in div. Farben<\/li>\n<li><strong>Krempe:<\/strong>\u00a0mit oder ohne Einfassung der Krempe mit Rebsband<\/li>\n<li><strong>Innenband:<\/strong>\u00a0feinstes Kalbsleder-Schweissband, drei Farben w\u00e4hlbar<\/li>\n<li><strong>Innenhut:<\/strong>\u00a0Das Innere des Hutes ist atmungsaktiv &amp; ungef\u00fcttert, was ihn auch an w\u00e4rmeren Tagen angenehm zu tragen macht.<\/li>\n<\/ul>\n<h4>Handwerkskunst &amp; Exklusivit\u00e4t:<\/h4>\n<ul>\n<li><strong>Handarbeit:<\/strong>\u00a0Hergestellt in der Schweizer Hutmanufaktur Risa<\/li>\n<li><strong>Exklusivit\u00e4t:<\/strong>\u00a0Individuell auf Bestellung gefertigt, keine Massenproduktion<\/li>\n<li><strong>Limitierte Auflage:<\/strong>\u00a0Verf\u00fcgbarkeit abh\u00e4ngig von den Rohmaterialien<\/li>\n<\/ul>\n<h4>Herstellung:<\/h4>\n<ul>\n<li><strong>Produktionsort:<\/strong>\u00a0Schweizer Hutmanufaktur Risa<\/li>\n<li><strong>Herstellungszeit:<\/strong>\u00a010 bis 15 Arbeitstage nach Zahlungseingang<\/li>\n<\/ul>\n<h4>Lieferbedingungen:<\/h4>\n<ul>\n<li><strong>Versand:<\/strong>\u00a0Versand erfolgt innerhalb weniger Tage nach Fertigung ab Lager Schweiz<\/li>\n<li><strong>Garantie:<\/strong>\u00a0Umtausch nur bei Material- oder Herstellungsfehlern m\u00f6glich<\/li>\n<li><strong>Verf\u00fcgbarkeit:<\/strong>\u00a0Abverkauf des Rohmaterials vorbehalten<\/li>\n<\/ul>\n<\/div>\n<\/details>\n<details class=\"hf-accordion\">\n<summary><strong>\u25b6\ufe0f FAQ \u2013 H\u00e4ufige Fragen<\/strong><\/summary>\n<div class=\"hf-accordion-content\">\n<h3>FAQ (H\u00e4ufige Fragen und Antworten):<\/h3>\n<ol>\n<li><strong>Kann ich den Hut umtauschen, wenn er nicht passt?<\/strong><br \/>\nDa der Hut individuell auf Bestellung gefertigt wird, ist ein Umtausch nur bei Material- oder Herstellungsfehlern m\u00f6glich.<\/li>\n<li><strong>Wie lange dauert die Herstellung des Huts?<\/strong><br \/>\nDie Herstellungszeit betr\u00e4gt 10 bis 15 Arbeitstage nach Zahlungseingang.<\/li>\n<li><strong>Welche Farben sind verf\u00fcgbar?<\/strong><br \/>\nDer Hut ist in den Farben Schwarz und Salbei erh\u00e4ltlich.<\/li>\n<li><strong>Ist der Hut robust genug f\u00fcr Outdoor-Aktivit\u00e4ten?<\/strong><br \/>\nJa, der Western Rugged ist aus strapazierf\u00e4higem Haarfilz gefertigt und eignet sich ideal f\u00fcr Outdoor-Aktivit\u00e4ten.<\/li>\n<\/ol>\n<\/div>\n<\/details>\n<\/div>\n","protected":false},"excerpt":{"rendered":"<h3 class=\"ai-optimize-28\" data-start=\"155\" data-end=\"209\"><strong data-start=\"158\" data-end=\"207\">Eleganz &amp; Westerncharme in perfekter Harmonie<\/strong><\/h3>\n<p class=\"ai-optimize-29\" data-start=\"210\" data-end=\"619\">Der Westernhut <strong data-start=\"225\" data-end=\"239\">\u201eSANTA FE\u201c<\/strong> verbindet zeitlose Westerntradition mit moderner Handwerkskunst. Mit seiner markanten, hohen Flachkrone und der gro\u00dfz\u00fcgigen Krempe strahlt er pure Souver\u00e4nit\u00e4t aus \u2013 ob beim Westernreiten, auf Country-Events oder als stilvoller Alltagsbegleiter. Hergestellt aus feinstem, edlen Premium Biberfilz, vereint er edlen Look, hohen Tragekomfort und optimalen Schutz vor Sonne und Wetter.<\/p>\n","protected":false},"featured_media":13731,"template":"","meta":{"_acf_changed":false,"rs_blank_template":"","rs_page_bg_color":"","slide_template_v7":""},"product_brand":[250],"product_cat":[258,257],"product_tag":[],"class_list":{"0":"post-13141","1":"product","2":"type-product","3":"status-publish","4":"has-post-thumbnail","6":"product_brand-risa-hutwerkstatt-schweiz","7":"product_cat-western-cowboyhuete","8":"product_cat-westernhuete","9":"product_shipping_class-grosse-pakete","10":"pa_color-biber-braun","11":"pa_color-biber-hbeige","12":"pa_color-biber-hgrau","13":"pa_color-biber-ocker","14":"pa_color-biber-schwarz","15":"pa_color-textil-hutband-anthrazit-a08","16":"pa_color-textil-hutband-blau-a13","17":"pa_color-textil-hutband-braun-a63","18":"pa_color-textil-hutband-braun-a93","19":"pa_color-textil-hutband-creme-a04","20":"pa_color-textil-hutband-grau-a42","21":"pa_color-textil-hutband-graubraun-a63","22":"pa_color-textil-hutband-gruen-a113","23":"pa_color-textil-hutband-hbeige-k107","24":"pa_color-textil-hutband-hgrau-a165","25":"pa_color-textil-hutband-nougat-a136","26":"pa_color-textil-hutband-rot-a133","27":"pa_color-textil-hutband-schwarz-a02","28":"pa_groesse-206","29":"pa_groesse-196","30":"pa_groesse-207","31":"pa_groesse-197","32":"pa_groesse-208","33":"pa_groesse-198","34":"pa_groesse-209","35":"pa_groesse-199","36":"pa_groesse-210","37":"pa_groesse-213","38":"pa_krempe-randeinfassung-ja","39":"pa_krempe-randeinfassung-nein","40":"yith_product_brand-risa-hutwerkstatt-schweiz","43":"instock","44":"taxable","45":"shipping-taxable","46":"purchasable","47":"product-type-variable","48":"wvs-archive-product-wrapper","49":"add-to-wishlist-after_add_to_cart"},"acf":[],"yoast_head":"<!-- This site is optimized with the Yoast SEO Premium plugin v27.3 (Yoast SEO v27.3) - https:\/\/yoast.com\/product\/yoast-seo-premium-wordpress\/ -->\n<title>Flacher Western Biberhut Santa Fe mit Telescope Crown<\/title>\n<meta name=\"description\" content=\"Mit dem flachen Western Biberhut Santa Fe setzen Sie ein klares Statement. Der handgefertigte Hut besticht durch sein klares Design &amp; hochwertige Verarbeitung.\" \/>\n<meta name=\"robots\" content=\"index, follow, max-snippet:-1, max-image-preview:large, max-video-preview:-1\" \/>\n<link rel=\"canonical\" href=\"https:\/\/hutfactory.com\/?product=santa-fee-premium-biberhut-in-5-farben\" \/>\n<meta property=\"og:locale\" content=\"de_DE\" \/>\n<meta property=\"og:type\" content=\"article\" \/>\n<meta property=\"og:title\" content=\"Santa Fee Premium Biberhut\" \/>\n<meta property=\"og:description\" content=\"Mit dem flachen Western Biberhut Santa Fe setzen Sie ein klares Statement. Der handgefertigte Hut besticht durch sein klares Design &amp; hochwertige Verarbeitung.\" \/>\n<meta property=\"og:url\" content=\"https:\/\/hutfactory.com\/?product=santa-fee-premium-biberhut-in-5-farben\" \/>\n<meta property=\"og:site_name\" content=\"Hut Factory\" \/>\n<meta property=\"article:modified_time\" content=\"2026-02-17T10:52:34+00:00\" \/>\n<meta property=\"og:image\" content=\"https:\/\/hutfactory.com\/wp-content\/uploads\/2026\/02\/Westernhut-Santa-Fee-Front-1.webp\" \/>\n\t<meta property=\"og:image:width\" content=\"2016\" \/>\n\t<meta property=\"og:image:height\" content=\"1512\" \/>\n\t<meta property=\"og:image:type\" content=\"image\/webp\" \/>\n<meta name=\"twitter:card\" content=\"summary_large_image\" \/>\n<meta name=\"twitter:label1\" content=\"Gesch\u00e4tzte Lesezeit\" \/>\n\t<meta name=\"twitter:data1\" content=\"3\u00a0Minuten\" \/>\n<script type=\"application\/ld+json\" class=\"yoast-schema-graph\">{\"@context\":\"https:\\\/\\\/schema.org\",\"@graph\":[{\"@type\":\"WebPage\",\"@id\":\"https:\\\/\\\/hutfactory.com\\\/?product=santa-fee-premium-biberhut-in-5-farben\",\"url\":\"https:\\\/\\\/hutfactory.com\\\/?product=santa-fee-premium-biberhut-in-5-farben\",\"name\":\"Flacher Western Biberhut Santa Fe mit Telescope Crown\",\"isPartOf\":{\"@id\":\"https:\\\/\\\/hutfactory.com\\\/#website\"},\"primaryImageOfPage\":{\"@id\":\"https:\\\/\\\/hutfactory.com\\\/?product=santa-fee-premium-biberhut-in-5-farben#primaryimage\"},\"image\":{\"@id\":\"https:\\\/\\\/hutfactory.com\\\/?product=santa-fee-premium-biberhut-in-5-farben#primaryimage\"},\"thumbnailUrl\":\"https:\\\/\\\/hutfactory.com\\\/wp-content\\\/uploads\\\/2026\\\/02\\\/Westernhut-Santa-Fee-Front-1.webp\",\"datePublished\":\"2026-02-14T09:41:31+00:00\",\"dateModified\":\"2026-02-17T10:52:34+00:00\",\"description\":\"Mit dem flachen Western Biberhut Santa Fe setzen Sie ein klares Statement. Der handgefertigte Hut besticht durch sein klares Design & hochwertige Verarbeitung.\",\"breadcrumb\":{\"@id\":\"https:\\\/\\\/hutfactory.com\\\/?product=santa-fee-premium-biberhut-in-5-farben#breadcrumb\"},\"inLanguage\":\"de\",\"potentialAction\":[{\"@type\":\"ReadAction\",\"target\":[\"https:\\\/\\\/hutfactory.com\\\/?product=santa-fee-premium-biberhut-in-5-farben\"]}]},{\"@type\":\"ImageObject\",\"inLanguage\":\"de\",\"@id\":\"https:\\\/\\\/hutfactory.com\\\/?product=santa-fee-premium-biberhut-in-5-farben#primaryimage\",\"url\":\"https:\\\/\\\/hutfactory.com\\\/wp-content\\\/uploads\\\/2026\\\/02\\\/Westernhut-Santa-Fee-Front-1.webp\",\"contentUrl\":\"https:\\\/\\\/hutfactory.com\\\/wp-content\\\/uploads\\\/2026\\\/02\\\/Westernhut-Santa-Fee-Front-1.webp\",\"width\":2016,\"height\":1512},{\"@type\":\"BreadcrumbList\",\"@id\":\"https:\\\/\\\/hutfactory.com\\\/?product=santa-fee-premium-biberhut-in-5-farben#breadcrumb\",\"itemListElement\":[{\"@type\":\"ListItem\",\"position\":1,\"name\":\"Start\",\"item\":\"https:\\\/\\\/hutfactory.com\\\/\"},{\"@type\":\"ListItem\",\"position\":2,\"name\":\"Shop\",\"item\":\"https:\\\/\\\/hutfactory.com\\\/?page_id=10\"},{\"@type\":\"ListItem\",\"position\":3,\"name\":\"Santa Fee Premium Biberhut\"}]},{\"@type\":\"WebSite\",\"@id\":\"https:\\\/\\\/hutfactory.com\\\/#website\",\"url\":\"https:\\\/\\\/hutfactory.com\\\/\",\"name\":\"Hut Factory\",\"description\":\"H\u00fcte, Kappen &amp; M\u00fctzen in Top Swiss\\\/EU Qualit\u00e4t\",\"publisher\":{\"@id\":\"https:\\\/\\\/hutfactory.com\\\/#organization\"},\"alternateName\":\"Hut Shop\",\"potentialAction\":[{\"@type\":\"SearchAction\",\"target\":{\"@type\":\"EntryPoint\",\"urlTemplate\":\"https:\\\/\\\/hutfactory.com\\\/?s={search_term_string}\"},\"query-input\":{\"@type\":\"PropertyValueSpecification\",\"valueRequired\":true,\"valueName\":\"search_term_string\"}}],\"inLanguage\":\"de\"},{\"@type\":\"Organization\",\"@id\":\"https:\\\/\\\/hutfactory.com\\\/#organization\",\"name\":\"Hut Factory\",\"url\":\"https:\\\/\\\/hutfactory.com\\\/\",\"logo\":{\"@type\":\"ImageObject\",\"inLanguage\":\"de\",\"@id\":\"https:\\\/\\\/hutfactory.com\\\/#\\\/schema\\\/logo\\\/image\\\/\",\"url\":\"https:\\\/\\\/hutfactory.com\\\/wp-content\\\/uploads\\\/2026\\\/01\\\/Logo-hut-factory-1.webp\",\"contentUrl\":\"https:\\\/\\\/hutfactory.com\\\/wp-content\\\/uploads\\\/2026\\\/01\\\/Logo-hut-factory-1.webp\",\"width\":300,\"height\":262,\"caption\":\"Hut Factory\"},\"image\":{\"@id\":\"https:\\\/\\\/hutfactory.com\\\/#\\\/schema\\\/logo\\\/image\\\/\"}}]}<\/script>\n<!-- \/ Yoast SEO Premium plugin. -->","yoast_head_json":{"title":"Flacher Western Biberhut Santa Fe mit Telescope Crown","description":"Mit dem flachen Western Biberhut Santa Fe setzen Sie ein klares Statement. Der handgefertigte Hut besticht durch sein klares Design & hochwertige Verarbeitung.","robots":{"index":"index","follow":"follow","max-snippet":"max-snippet:-1","max-image-preview":"max-image-preview:large","max-video-preview":"max-video-preview:-1"},"canonical":"https:\/\/hutfactory.com\/?product=santa-fee-premium-biberhut-in-5-farben","og_locale":"de_DE","og_type":"article","og_title":"Santa Fee Premium Biberhut","og_description":"Mit dem flachen Western Biberhut Santa Fe setzen Sie ein klares Statement. Der handgefertigte Hut besticht durch sein klares Design & hochwertige Verarbeitung.","og_url":"https:\/\/hutfactory.com\/?product=santa-fee-premium-biberhut-in-5-farben","og_site_name":"Hut Factory","article_modified_time":"2026-02-17T10:52:34+00:00","og_image":[{"width":2016,"height":1512,"url":"https:\/\/hutfactory.com\/wp-content\/uploads\/2026\/02\/Westernhut-Santa-Fee-Front-1.webp","type":"image\/webp"}],"twitter_card":"summary_large_image","twitter_misc":{"Gesch\u00e4tzte Lesezeit":"3\u00a0Minuten"},"schema":{"@context":"https:\/\/schema.org","@graph":[{"@type":"WebPage","@id":"https:\/\/hutfactory.com\/?product=santa-fee-premium-biberhut-in-5-farben","url":"https:\/\/hutfactory.com\/?product=santa-fee-premium-biberhut-in-5-farben","name":"Flacher Western Biberhut Santa Fe mit Telescope Crown","isPartOf":{"@id":"https:\/\/hutfactory.com\/#website"},"primaryImageOfPage":{"@id":"https:\/\/hutfactory.com\/?product=santa-fee-premium-biberhut-in-5-farben#primaryimage"},"image":{"@id":"https:\/\/hutfactory.com\/?product=santa-fee-premium-biberhut-in-5-farben#primaryimage"},"thumbnailUrl":"https:\/\/hutfactory.com\/wp-content\/uploads\/2026\/02\/Westernhut-Santa-Fee-Front-1.webp","datePublished":"2026-02-14T09:41:31+00:00","dateModified":"2026-02-17T10:52:34+00:00","description":"Mit dem flachen Western Biberhut Santa Fe setzen Sie ein klares Statement. Der handgefertigte Hut besticht durch sein klares Design & hochwertige Verarbeitung.","breadcrumb":{"@id":"https:\/\/hutfactory.com\/?product=santa-fee-premium-biberhut-in-5-farben#breadcrumb"},"inLanguage":"de","potentialAction":[{"@type":"ReadAction","target":["https:\/\/hutfactory.com\/?product=santa-fee-premium-biberhut-in-5-farben"]}]},{"@type":"ImageObject","inLanguage":"de","@id":"https:\/\/hutfactory.com\/?product=santa-fee-premium-biberhut-in-5-farben#primaryimage","url":"https:\/\/hutfactory.com\/wp-content\/uploads\/2026\/02\/Westernhut-Santa-Fee-Front-1.webp","contentUrl":"https:\/\/hutfactory.com\/wp-content\/uploads\/2026\/02\/Westernhut-Santa-Fee-Front-1.webp","width":2016,"height":1512},{"@type":"BreadcrumbList","@id":"https:\/\/hutfactory.com\/?product=santa-fee-premium-biberhut-in-5-farben#breadcrumb","itemListElement":[{"@type":"ListItem","position":1,"name":"Start","item":"https:\/\/hutfactory.com\/"},{"@type":"ListItem","position":2,"name":"Shop","item":"https:\/\/hutfactory.com\/?page_id=10"},{"@type":"ListItem","position":3,"name":"Santa Fee Premium Biberhut"}]},{"@type":"WebSite","@id":"https:\/\/hutfactory.com\/#website","url":"https:\/\/hutfactory.com\/","name":"Hut Factory","description":"H\u00fcte, Kappen &amp; M\u00fctzen in Top Swiss\/EU Qualit\u00e4t","publisher":{"@id":"https:\/\/hutfactory.com\/#organization"},"alternateName":"Hut Shop","potentialAction":[{"@type":"SearchAction","target":{"@type":"EntryPoint","urlTemplate":"https:\/\/hutfactory.com\/?s={search_term_string}"},"query-input":{"@type":"PropertyValueSpecification","valueRequired":true,"valueName":"search_term_string"}}],"inLanguage":"de"},{"@type":"Organization","@id":"https:\/\/hutfactory.com\/#organization","name":"Hut Factory","url":"https:\/\/hutfactory.com\/","logo":{"@type":"ImageObject","inLanguage":"de","@id":"https:\/\/hutfactory.com\/#\/schema\/logo\/image\/","url":"https:\/\/hutfactory.com\/wp-content\/uploads\/2026\/01\/Logo-hut-factory-1.webp","contentUrl":"https:\/\/hutfactory.com\/wp-content\/uploads\/2026\/01\/Logo-hut-factory-1.webp","width":300,"height":262,"caption":"Hut Factory"},"image":{"@id":"https:\/\/hutfactory.com\/#\/schema\/logo\/image\/"}}]}},"_links":{"self":[{"href":"https:\/\/hutfactory.com\/index.php?rest_route=\/wp\/v2\/product\/13141","targetHints":{"allow":["GET"]}}],"collection":[{"href":"https:\/\/hutfactory.com\/index.php?rest_route=\/wp\/v2\/product"}],"about":[{"href":"https:\/\/hutfactory.com\/index.php?rest_route=\/wp\/v2\/types\/product"}],"wp:featuredmedia":[{"embeddable":true,"href":"https:\/\/hutfactory.com\/index.php?rest_route=\/wp\/v2\/media\/13731"}],"wp:attachment":[{"href":"https:\/\/hutfactory.com\/index.php?rest_route=%2Fwp%2Fv2%2Fmedia&parent=13141"}],"wp:term":[{"taxonomy":"product_brand","embeddable":true,"href":"https:\/\/hutfactory.com\/index.php?rest_route=%2Fwp%2Fv2%2Fproduct_brand&post=13141"},{"taxonomy":"product_cat","embeddable":true,"href":"https:\/\/hutfactory.com\/index.php?rest_route=%2Fwp%2Fv2%2Fproduct_cat&post=13141"},{"taxonomy":"product_tag","embeddable":true,"href":"https:\/\/hutfactory.com\/index.php?rest_route=%2Fwp%2Fv2%2Fproduct_tag&post=13141"}],"curies":[{"name":"wp","href":"https:\/\/api.w.org\/{rel}","templated":true}]}}