{"id":12841,"date":"2026-02-14T09:37:52","date_gmt":"2026-02-14T09:37:52","guid":{"rendered":"https:\/\/hutfactory.com\/?product=vaquero-hut-premium-biberhut-in-5-farben"},"modified":"2026-02-16T10:48:19","modified_gmt":"2026-02-16T10:48:19","slug":"vaquero-hut-premium-biberhut-in-5-farben","status":"publish","type":"product","link":"https:\/\/hutfactory.com\/?product=vaquero-hut-premium-biberhut-in-5-farben","title":{"rendered":"Vaquero Hut &#8211; Premium Biberhut"},"content":{"rendered":"<h3 data-start=\"426\" data-end=\"483\"><strong data-start=\"430\" data-end=\"483\">Vaquero Premium Biberhut \u2013 Purismus in Perfektion<\/strong><\/h3>\n<p data-start=\"485\" data-end=\"825\">Mit seiner <strong data-start=\"496\" data-end=\"542\">flachen, zylinderartigen Krone (8 cm H\u00f6he)<\/strong> und der <strong data-start=\"551\" data-end=\"598\">gleichm\u00e4\u00dfig breiten Krempe (ebenfalls 8 cm)<\/strong> bietet der <strong data-start=\"610\" data-end=\"629\">Vaquero Premium Hut <\/strong>eine geometrische Klarheit, die auff\u00e4llt, ohne laut zu sein. Die schlichte Formgebung wird durch ein elegantes <strong data-start=\"741\" data-end=\"778\">Rebsband in diversen Farboptionen<\/strong> vollendet \u2013 f\u00fcr individuelle Akzente mit Stil.<\/p>\n<p data-start=\"827\" data-end=\"1252\">Das Herzst\u00fcck dieses Modells ist der <strong data-start=\"864\" data-end=\"893\">hochwertige Biberhaarfilz<\/strong>, der nicht nur durch seine samtige Oberfl\u00e4che, sondern auch durch seine extreme Strapazierf\u00e4higkeit und Wasserabweisung \u00fcberzeugt. Das atmungsaktive, ungef\u00fctterte Innenleben und das <strong data-start=\"1076\" data-end=\"1106\">flexible Textilschwei\u00dfband<\/strong> sorgen f\u00fcr angenehmen Tragekomfort \u2013 auch bei l\u00e4ngeren Eins\u00e4tzen oder warmem Wetter. Optional ist ein edles <strong data-start=\"1215\" data-end=\"1240\">Kalbslederschwei\u00dfband<\/strong> w\u00e4hlbar.<\/p>\n<p data-start=\"1254\" data-end=\"1444\">Erh\u00e4ltlich in f\u00fcnf klassischen Farben \u2013 <strong data-start=\"1294\" data-end=\"1339\">Schwarz, H&#8217;beige, Camel, D&#8217;braun und Steingrau<\/strong> \u2013 l\u00e4sst sich dieser Hut perfekt in authentische Western-Outfits oder stilvolle Alltagslooks integrieren.<\/p>\n<p data-start=\"1446\" data-end=\"1624\">Jeder Hut wird in der renommierten Schweizer Manufaktur <strong data-start=\"1502\" data-end=\"1510\">Risa<\/strong> mit h\u00f6chster Sorgfalt und Handwerkskunst gefertigt \u2013 ein echtes Sammlerst\u00fcck f\u00fcr Kenner und Western-Enthusiasten.<\/p>\n<h3 data-start=\"1631\" data-end=\"1654\"><strong data-start=\"1635\" data-end=\"1654\">Perfekt f\u00fcr\u2026 <\/strong><\/h3>\n<p data-start=\"1656\" data-end=\"1981\">Ob <strong data-start=\"1659\" data-end=\"1676\">Westernreiten<\/strong>, <strong data-start=\"1678\" data-end=\"1700\">Vaquero-Wettk\u00e4mpfe<\/strong>, <strong data-start=\"1702\" data-end=\"1723\">Traditionsanl\u00e4sse<\/strong> oder stilvolle Auftritte bei Western-Events \u2013 dieser Hut steht f\u00fcr Haltung, Herkunft und h\u00f6chste Qualit\u00e4t.<br data-start=\"1830\" data-end=\"1833\" \/>F\u00fcr Reiter, Kulturliebhaber und \u00c4stheten, die echte Handarbeit aus der Schweiz, nat\u00fcrliche Materialien und historische Formen zu sch\u00e4tzen wissen.<\/p>\n<div class=\"hf-accordions\">\n<hr class=\"hf-accordion-separator\" \/>\n<details class=\"hf-accordion\">\n<summary><strong>\u25b6\ufe0f Gut zu wissen \u2013 mehr erfahren<\/strong><\/summary>\n<div class=\"hf-accordion-content\">\n<div class=\"wpb_text_column wpb_content_element\">\n<div class=\"wpb_wrapper\">\n<h3>Produktemerkmale<\/h3>\n<\/div>\n<\/div>\n<div class=\"wpb_text_column wpb_content_element\">\n<div class=\"wpb_wrapper\">\n<ul>\n<li><strong>Material:<\/strong>\u00a0Premium Biberhaarfilz<\/li>\n<li><strong>Farbe:<\/strong>\u00a01. Schwarz, 2. Hellbeige, 3. Ocker, 4. Braun, 5. Grau<\/li>\n<li><strong>Masse:<\/strong>\u00a08 cm Kopfh\u00f6he und 8 cm Randbreite<\/li>\n<li><strong>Garnitur:<\/strong>\u00a0 feinstes Rebsband in div. Farben<\/li>\n<li><strong>Innenband:<\/strong>\u00a0feinstes Kalbslederschweissband in drei Farben bestellbar<\/li>\n<li><strong>Das Innere<\/strong>\u00a0des Hutes ist atmungsaktiv &amp; ungef\u00fcttert, was ihn auch an w\u00e4rmeren Tagen angenehm zu tragen macht.<\/li>\n<li>Der Hut wird im Herzen Europas bei der Risa Hutwerkstatt auf Bestellung hergestellt.<\/li>\n<li>Der handgefertigte Hut ist ein Qualit\u00e4tsprodukt, das von erfahrenen Modisten mit h\u00f6chster Sorgfalt hergestellt wird.<\/li>\n<li>Herstellung innert 10 bis 15 Arbeitstage. Abverkauf des Rohmaterials vorbehalten.<\/li>\n<li>Seit 1919 steht die Handarbeitskunst im Fokus der Herstellung von H\u00fcten.<\/li>\n<\/ul>\n<\/div>\n<\/div>\n<\/div>\n<\/details>\n<details class=\"hf-accordion\">\n<summary><strong>\u25b6\ufe0f FAQ \u2013 H\u00e4ufige Fragen<\/strong><\/summary>\n<div class=\"hf-accordion-content\">\n<h2>FAQs<\/h2>\n<h3>Ist der handgemachte Vaquero Hut aus Biberfilz nur f\u00fcr Reiter geeignet?<\/h3>\n<p>Nein, der Hut ist auch f\u00fcr Western-Fans und alle, die dem Westernhobby zugetan sind, geeignet.<\/p>\n<h3>In welchen Farben ist der handgemachte Vaquero Hut aus Biberfilz erh\u00e4ltlich?<\/h3>\n<p>Der Hut ist in den Farben Schwarz, Hellbeige, Ockerbraun, Dunkelbraun und Mittelgrau erh\u00e4ltlich.<\/p>\n<h3>Kann man den handgemachten Vaquero Hut aus\u00a0Biberfilz bei Regen tragen?<\/h3>\n<p>Ja, dank der guten wasserabweisenden Eigenschaften des Materials kann der Hut auch bei Regen getragen werden, ohne dass er besch\u00e4digt wird.<\/p>\n<h3>Wie pflegt man den handgemachten Vaquero Hut aus Biberfilz?<\/h3>\n<p>Um den handgemachten Vaquero Hut aus Biberfilz in einwandfreiem Zustand zu halten, sollte man ihn regelm\u00e4\u00dfig pflegen. Hier sind einige Tipps zur richtigen Hutpflege:<\/p>\n<ol>\n<li>\n<ol>\n<li>Vermeiden Sie es, den Hut feucht oder nass zu machen. Wenn der Hut nass geworden ist, lassen Sie ihn bei Raumtemperatur trocknen. Vermeiden Sie Hitzequellen wie Heizk\u00f6rper oder F\u00f6hn, da dies das Material besch\u00e4digen kann.<\/li>\n<li>Reinigen Sie den Hut mit einer weichen B\u00fcrste oder einem Tuch. Verwenden Sie niemals aggressive Reinigungsmittel oder Wasser.<\/li>\n<li>Wenn der Hut nicht getragen wird, bewahren Sie ihn an einem k\u00fchlen und trockenen Ort auf. Vermeiden Sie direkte Sonneneinstrahlung und Feuchtigkeit.<\/li>\n<\/ol>\n<\/li>\n<\/ol>\n<p>Wenn man diese Tipps befolgt, wird man lange Freude an seinem handgemachten Vaquero Hut aus Biberfilz haben.<\/p>\n<\/div>\n<\/details>\n<\/div>\n","protected":false},"excerpt":{"rendered":"<h3 class=\"ai-optimize-11\" data-start=\"5450\" data-end=\"5508\"><strong data-start=\"5454\" data-end=\"5508\">Die Verk\u00f6rperung von <\/strong>Anmut und Stolz<\/h3>\n<p class=\"ai-optimize-12\" data-start=\"5510\" data-end=\"5769\" data-is-last-node=\"\" data-is-only-node=\"\">Mit dem <strong data-start=\"5518\" data-end=\"5546\">Vaquero Premium Biberhut<\/strong> tragen Sie nicht nur ein traditionsreiches Accessoire, sondern ein St\u00fcck echter Handwerkskultur. Sorgf\u00e4ltig gefertigt, zeitlos im Design und kompromisslos in der Qualit\u00e4t \u2013 f\u00fcr echte Pers\u00f6nlichkeiten mit Stil und Anspruch.<\/p>\n","protected":false},"featured_media":12843,"template":"","meta":{"_acf_changed":false,"rs_blank_template":"","rs_page_bg_color":"","slide_template_v7":""},"product_brand":[250],"product_cat":[258,257],"product_tag":[],"class_list":{"0":"post-12841","1":"product","2":"type-product","3":"status-publish","4":"has-post-thumbnail","6":"product_brand-risa-hutwerkstatt-schweiz","7":"product_cat-western-cowboyhuete","8":"product_cat-westernhuete","9":"product_shipping_class-grosse-pakete","10":"pa_color-biber-braun","11":"pa_color-biber-hbeige","12":"pa_color-biber-hgrau","13":"pa_color-biber-ocker","14":"pa_color-biber-schwarz","15":"pa_color-textil-hutband-anthrazit-a08","16":"pa_color-textil-hutband-blau-a13","17":"pa_color-textil-hutband-braun-a63","18":"pa_color-textil-hutband-braun-a93","19":"pa_color-textil-hutband-creme-a04","20":"pa_color-textil-hutband-grau-a42","21":"pa_color-textil-hutband-graubraun-a63","22":"pa_color-textil-hutband-gruen-a113","23":"pa_color-textil-hutband-hbeige-k107","24":"pa_color-textil-hutband-hgrau-a165","25":"pa_color-textil-hutband-nougat-a136","26":"pa_color-textil-hutband-rot-a133","27":"pa_color-textil-hutband-schwarz-a02","28":"pa_groesse-206","29":"pa_groesse-196","30":"pa_groesse-207","31":"pa_groesse-197","32":"pa_groesse-208","33":"pa_groesse-198","34":"pa_groesse-209","35":"pa_groesse-199","36":"pa_groesse-210","37":"pa_masche-hutband-masche","38":"pa_masche-hutband-traverse-gerade","39":"pa_sturmband-ja","40":"pa_sturmband-nein","41":"yith_product_brand-risa-hutwerkstatt-schweiz","44":"instock","45":"taxable","46":"shipping-taxable","47":"purchasable","48":"product-type-variable","49":"wvs-archive-product-wrapper","50":"add-to-wishlist-after_add_to_cart"},"acf":[],"yoast_head":"<!-- This site is optimized with the Yoast SEO Premium plugin v27.3 (Yoast SEO v27.3) - https:\/\/yoast.com\/product\/yoast-seo-premium-wordpress\/ -->\n<title>Vaquero Hut - Aus feinstem Biber (Schwarz, Braun, Grau, Beige)<\/title>\n<meta name=\"description\" content=\"Mit dem Vaquero Hut aus aller feinstem Biber sind Sie f\u00fcr jedes Wetter ger\u00fcstet. Bestellen Sie jetzt &amp; machen Sie sich bereit f\u00fcr das Abenteuer!\" \/>\n<meta name=\"robots\" content=\"index, follow, max-snippet:-1, max-image-preview:large, max-video-preview:-1\" \/>\n<link rel=\"canonical\" href=\"https:\/\/hutfactory.com\/?product=vaquero-hut-premium-biberhut-in-5-farben\" \/>\n<meta property=\"og:locale\" content=\"de_DE\" \/>\n<meta property=\"og:type\" content=\"article\" \/>\n<meta property=\"og:title\" content=\"Vaquero Hut - Premium Biberhut\" \/>\n<meta property=\"og:description\" content=\"Mit dem Vaquero Hut aus aller feinstem Biber sind Sie f\u00fcr jedes Wetter ger\u00fcstet. Bestellen Sie jetzt &amp; machen Sie sich bereit f\u00fcr das Abenteuer!\" \/>\n<meta property=\"og:url\" content=\"https:\/\/hutfactory.com\/?product=vaquero-hut-premium-biberhut-in-5-farben\" \/>\n<meta property=\"og:site_name\" content=\"Hut Factory\" \/>\n<meta property=\"article:modified_time\" content=\"2026-02-16T10:48:19+00:00\" \/>\n<meta property=\"og:image\" content=\"https:\/\/hutfactory.com\/wp-content\/uploads\/2026\/02\/Vaquero-Hut-Biber-5-farben.webp\" \/>\n\t<meta property=\"og:image:width\" content=\"2016\" \/>\n\t<meta property=\"og:image:height\" content=\"1512\" \/>\n\t<meta property=\"og:image:type\" content=\"image\/webp\" \/>\n<meta name=\"twitter:card\" content=\"summary_large_image\" \/>\n<meta name=\"twitter:label1\" content=\"Gesch\u00e4tzte Lesezeit\" \/>\n\t<meta name=\"twitter:data1\" content=\"4\u00a0Minuten\" \/>\n<script type=\"application\/ld+json\" class=\"yoast-schema-graph\">{\"@context\":\"https:\\\/\\\/schema.org\",\"@graph\":[{\"@type\":\"WebPage\",\"@id\":\"https:\\\/\\\/hutfactory.com\\\/?product=vaquero-hut-premium-biberhut-in-5-farben\",\"url\":\"https:\\\/\\\/hutfactory.com\\\/?product=vaquero-hut-premium-biberhut-in-5-farben\",\"name\":\"Vaquero Hut - Aus feinstem Biber (Schwarz, Braun, Grau, Beige)\",\"isPartOf\":{\"@id\":\"https:\\\/\\\/hutfactory.com\\\/#website\"},\"primaryImageOfPage\":{\"@id\":\"https:\\\/\\\/hutfactory.com\\\/?product=vaquero-hut-premium-biberhut-in-5-farben#primaryimage\"},\"image\":{\"@id\":\"https:\\\/\\\/hutfactory.com\\\/?product=vaquero-hut-premium-biberhut-in-5-farben#primaryimage\"},\"thumbnailUrl\":\"https:\\\/\\\/hutfactory.com\\\/wp-content\\\/uploads\\\/2026\\\/02\\\/Vaquero-Hut-Biber-5-farben.webp\",\"datePublished\":\"2026-02-14T09:37:52+00:00\",\"dateModified\":\"2026-02-16T10:48:19+00:00\",\"description\":\"Mit dem Vaquero Hut aus aller feinstem Biber sind Sie f\u00fcr jedes Wetter ger\u00fcstet. Bestellen Sie jetzt & machen Sie sich bereit f\u00fcr das Abenteuer!\",\"breadcrumb\":{\"@id\":\"https:\\\/\\\/hutfactory.com\\\/?product=vaquero-hut-premium-biberhut-in-5-farben#breadcrumb\"},\"inLanguage\":\"de\",\"potentialAction\":[{\"@type\":\"ReadAction\",\"target\":[\"https:\\\/\\\/hutfactory.com\\\/?product=vaquero-hut-premium-biberhut-in-5-farben\"]}]},{\"@type\":\"ImageObject\",\"inLanguage\":\"de\",\"@id\":\"https:\\\/\\\/hutfactory.com\\\/?product=vaquero-hut-premium-biberhut-in-5-farben#primaryimage\",\"url\":\"https:\\\/\\\/hutfactory.com\\\/wp-content\\\/uploads\\\/2026\\\/02\\\/Vaquero-Hut-Biber-5-farben.webp\",\"contentUrl\":\"https:\\\/\\\/hutfactory.com\\\/wp-content\\\/uploads\\\/2026\\\/02\\\/Vaquero-Hut-Biber-5-farben.webp\",\"width\":2016,\"height\":1512,\"caption\":\"Vaquero Premiumhut aus Biberhaarfilz \u2013 flache Krone\"},{\"@type\":\"BreadcrumbList\",\"@id\":\"https:\\\/\\\/hutfactory.com\\\/?product=vaquero-hut-premium-biberhut-in-5-farben#breadcrumb\",\"itemListElement\":[{\"@type\":\"ListItem\",\"position\":1,\"name\":\"Start\",\"item\":\"https:\\\/\\\/hutfactory.com\\\/\"},{\"@type\":\"ListItem\",\"position\":2,\"name\":\"Shop\",\"item\":\"https:\\\/\\\/hutfactory.com\\\/?page_id=10\"},{\"@type\":\"ListItem\",\"position\":3,\"name\":\"Vaquero Hut &#8211; Premium Biberhut\"}]},{\"@type\":\"WebSite\",\"@id\":\"https:\\\/\\\/hutfactory.com\\\/#website\",\"url\":\"https:\\\/\\\/hutfactory.com\\\/\",\"name\":\"Hut Factory\",\"description\":\"H\u00fcte, Kappen &amp; M\u00fctzen in Top Swiss\\\/EU Qualit\u00e4t\",\"publisher\":{\"@id\":\"https:\\\/\\\/hutfactory.com\\\/#organization\"},\"alternateName\":\"Hut Shop\",\"potentialAction\":[{\"@type\":\"SearchAction\",\"target\":{\"@type\":\"EntryPoint\",\"urlTemplate\":\"https:\\\/\\\/hutfactory.com\\\/?s={search_term_string}\"},\"query-input\":{\"@type\":\"PropertyValueSpecification\",\"valueRequired\":true,\"valueName\":\"search_term_string\"}}],\"inLanguage\":\"de\"},{\"@type\":\"Organization\",\"@id\":\"https:\\\/\\\/hutfactory.com\\\/#organization\",\"name\":\"Hut Factory\",\"url\":\"https:\\\/\\\/hutfactory.com\\\/\",\"logo\":{\"@type\":\"ImageObject\",\"inLanguage\":\"de\",\"@id\":\"https:\\\/\\\/hutfactory.com\\\/#\\\/schema\\\/logo\\\/image\\\/\",\"url\":\"https:\\\/\\\/hutfactory.com\\\/wp-content\\\/uploads\\\/2026\\\/01\\\/Logo-hut-factory-1.webp\",\"contentUrl\":\"https:\\\/\\\/hutfactory.com\\\/wp-content\\\/uploads\\\/2026\\\/01\\\/Logo-hut-factory-1.webp\",\"width\":300,\"height\":262,\"caption\":\"Hut Factory\"},\"image\":{\"@id\":\"https:\\\/\\\/hutfactory.com\\\/#\\\/schema\\\/logo\\\/image\\\/\"}}]}<\/script>\n<!-- \/ Yoast SEO Premium plugin. -->","yoast_head_json":{"title":"Vaquero Hut - Aus feinstem Biber (Schwarz, Braun, Grau, Beige)","description":"Mit dem Vaquero Hut aus aller feinstem Biber sind Sie f\u00fcr jedes Wetter ger\u00fcstet. Bestellen Sie jetzt & machen Sie sich bereit f\u00fcr das Abenteuer!","robots":{"index":"index","follow":"follow","max-snippet":"max-snippet:-1","max-image-preview":"max-image-preview:large","max-video-preview":"max-video-preview:-1"},"canonical":"https:\/\/hutfactory.com\/?product=vaquero-hut-premium-biberhut-in-5-farben","og_locale":"de_DE","og_type":"article","og_title":"Vaquero Hut - Premium Biberhut","og_description":"Mit dem Vaquero Hut aus aller feinstem Biber sind Sie f\u00fcr jedes Wetter ger\u00fcstet. Bestellen Sie jetzt & machen Sie sich bereit f\u00fcr das Abenteuer!","og_url":"https:\/\/hutfactory.com\/?product=vaquero-hut-premium-biberhut-in-5-farben","og_site_name":"Hut Factory","article_modified_time":"2026-02-16T10:48:19+00:00","og_image":[{"width":2016,"height":1512,"url":"https:\/\/hutfactory.com\/wp-content\/uploads\/2026\/02\/Vaquero-Hut-Biber-5-farben.webp","type":"image\/webp"}],"twitter_card":"summary_large_image","twitter_misc":{"Gesch\u00e4tzte Lesezeit":"4\u00a0Minuten"},"schema":{"@context":"https:\/\/schema.org","@graph":[{"@type":"WebPage","@id":"https:\/\/hutfactory.com\/?product=vaquero-hut-premium-biberhut-in-5-farben","url":"https:\/\/hutfactory.com\/?product=vaquero-hut-premium-biberhut-in-5-farben","name":"Vaquero Hut - Aus feinstem Biber (Schwarz, Braun, Grau, Beige)","isPartOf":{"@id":"https:\/\/hutfactory.com\/#website"},"primaryImageOfPage":{"@id":"https:\/\/hutfactory.com\/?product=vaquero-hut-premium-biberhut-in-5-farben#primaryimage"},"image":{"@id":"https:\/\/hutfactory.com\/?product=vaquero-hut-premium-biberhut-in-5-farben#primaryimage"},"thumbnailUrl":"https:\/\/hutfactory.com\/wp-content\/uploads\/2026\/02\/Vaquero-Hut-Biber-5-farben.webp","datePublished":"2026-02-14T09:37:52+00:00","dateModified":"2026-02-16T10:48:19+00:00","description":"Mit dem Vaquero Hut aus aller feinstem Biber sind Sie f\u00fcr jedes Wetter ger\u00fcstet. Bestellen Sie jetzt & machen Sie sich bereit f\u00fcr das Abenteuer!","breadcrumb":{"@id":"https:\/\/hutfactory.com\/?product=vaquero-hut-premium-biberhut-in-5-farben#breadcrumb"},"inLanguage":"de","potentialAction":[{"@type":"ReadAction","target":["https:\/\/hutfactory.com\/?product=vaquero-hut-premium-biberhut-in-5-farben"]}]},{"@type":"ImageObject","inLanguage":"de","@id":"https:\/\/hutfactory.com\/?product=vaquero-hut-premium-biberhut-in-5-farben#primaryimage","url":"https:\/\/hutfactory.com\/wp-content\/uploads\/2026\/02\/Vaquero-Hut-Biber-5-farben.webp","contentUrl":"https:\/\/hutfactory.com\/wp-content\/uploads\/2026\/02\/Vaquero-Hut-Biber-5-farben.webp","width":2016,"height":1512,"caption":"Vaquero Premiumhut aus Biberhaarfilz \u2013 flache Krone"},{"@type":"BreadcrumbList","@id":"https:\/\/hutfactory.com\/?product=vaquero-hut-premium-biberhut-in-5-farben#breadcrumb","itemListElement":[{"@type":"ListItem","position":1,"name":"Start","item":"https:\/\/hutfactory.com\/"},{"@type":"ListItem","position":2,"name":"Shop","item":"https:\/\/hutfactory.com\/?page_id=10"},{"@type":"ListItem","position":3,"name":"Vaquero Hut &#8211; Premium Biberhut"}]},{"@type":"WebSite","@id":"https:\/\/hutfactory.com\/#website","url":"https:\/\/hutfactory.com\/","name":"Hut Factory","description":"H\u00fcte, Kappen &amp; M\u00fctzen in Top Swiss\/EU Qualit\u00e4t","publisher":{"@id":"https:\/\/hutfactory.com\/#organization"},"alternateName":"Hut Shop","potentialAction":[{"@type":"SearchAction","target":{"@type":"EntryPoint","urlTemplate":"https:\/\/hutfactory.com\/?s={search_term_string}"},"query-input":{"@type":"PropertyValueSpecification","valueRequired":true,"valueName":"search_term_string"}}],"inLanguage":"de"},{"@type":"Organization","@id":"https:\/\/hutfactory.com\/#organization","name":"Hut Factory","url":"https:\/\/hutfactory.com\/","logo":{"@type":"ImageObject","inLanguage":"de","@id":"https:\/\/hutfactory.com\/#\/schema\/logo\/image\/","url":"https:\/\/hutfactory.com\/wp-content\/uploads\/2026\/01\/Logo-hut-factory-1.webp","contentUrl":"https:\/\/hutfactory.com\/wp-content\/uploads\/2026\/01\/Logo-hut-factory-1.webp","width":300,"height":262,"caption":"Hut Factory"},"image":{"@id":"https:\/\/hutfactory.com\/#\/schema\/logo\/image\/"}}]}},"_links":{"self":[{"href":"https:\/\/hutfactory.com\/index.php?rest_route=\/wp\/v2\/product\/12841","targetHints":{"allow":["GET"]}}],"collection":[{"href":"https:\/\/hutfactory.com\/index.php?rest_route=\/wp\/v2\/product"}],"about":[{"href":"https:\/\/hutfactory.com\/index.php?rest_route=\/wp\/v2\/types\/product"}],"wp:featuredmedia":[{"embeddable":true,"href":"https:\/\/hutfactory.com\/index.php?rest_route=\/wp\/v2\/media\/12843"}],"wp:attachment":[{"href":"https:\/\/hutfactory.com\/index.php?rest_route=%2Fwp%2Fv2%2Fmedia&parent=12841"}],"wp:term":[{"taxonomy":"product_brand","embeddable":true,"href":"https:\/\/hutfactory.com\/index.php?rest_route=%2Fwp%2Fv2%2Fproduct_brand&post=12841"},{"taxonomy":"product_cat","embeddable":true,"href":"https:\/\/hutfactory.com\/index.php?rest_route=%2Fwp%2Fv2%2Fproduct_cat&post=12841"},{"taxonomy":"product_tag","embeddable":true,"href":"https:\/\/hutfactory.com\/index.php?rest_route=%2Fwp%2Fv2%2Fproduct_tag&post=12841"}],"curies":[{"name":"wp","href":"https:\/\/api.w.org\/{rel}","templated":true}]}}