{"id":12829,"date":"2026-02-14T09:37:03","date_gmt":"2026-02-14T09:37:03","guid":{"rendered":"https:\/\/hutfactory.com\/?product=westernhut-bat-masterson"},"modified":"2026-02-17T12:43:12","modified_gmt":"2026-02-17T12:43:12","slug":"westernhut-bat-masterson","status":"publish","type":"product","link":"https:\/\/hutfactory.com\/?product=westernhut-bat-masterson","title":{"rendered":"Westernhut &#8220;Bat Masterson&#8221;"},"content":{"rendered":"<h3 data-start=\"0\" data-end=\"84\"><strong data-start=\"4\" data-end=\"84\">Western trifft Eleganz: Derby-Hut \u201eBat Masterson\u201c<\/strong><\/h3>\n<p data-start=\"86\" data-end=\"562\">Ein Hut, der Geschichte tr\u00e4gt \u2013 der \u201eBat Masterson\u201c aus der Premium Freiamt Kollektion vereint die klassische Eleganz des Derby-Stils mit der rauen \u00c4sthetik des Wilden Westens. Inspiriert vom ber\u00fchmten Gesetzesh\u00fcter, Dandy und Revolverhelden der amerikanischen Frontier, ist dieser Hut ein stilistisches Statement f\u00fcr Gentlemen des Westerns. Ob f\u00fcr Old West Reenactments, formelle Westernanl\u00e4sse oder stilvolle Aufritte \u2013 der \u201eBat Masterson\u201c bringt Klasse unter den Cowboyhut.<\/p>\n<p data-start=\"564\" data-end=\"1084\">Gefertigt aus 100\u202f% feinstem Haarfilz und mit einer formsch\u00f6nen runden Derby-Krone von ca. 9\u202fcm H\u00f6he, besticht dieser Hut durch seine elegante Linienf\u00fchrung. Der breite Rand von ca. 11.5\u202fcm mit aufgebogener Krempe verleiht dem Modell seine unverwechselbare Pr\u00e4senz. Ein hochwertiges Rebsband in der Farbe Ihrer Wahl unterstreicht den exklusiven Look. Die atmungsaktive, ungef\u00fctterte Innenseite sorgt auch an w\u00e4rmeren Tagen f\u00fcr h\u00f6chsten Tragekomfort. Optional ist der Hut mit einem edlen Kalbslederschwei\u00dfband erh\u00e4ltlich.<\/p>\n<h3 data-start=\"1090\" data-end=\"1112\"><strong data-start=\"1094\" data-end=\"1112\">Perfekt f\u00fcr\u2026 <\/strong><\/h3>\n<p data-start=\"1114\" data-end=\"1518\"><strong data-start=\"1117\" data-end=\"1164\">Old West Charaktere &amp; Reenactment-Liebhaber<\/strong>: Ideal f\u00fcr Auftritte als Gentleman-Gambler, Marshal oder kultivierter Westernheld.<br data-start=\"1247\" data-end=\"1250\" \/><strong data-start=\"1253\" data-end=\"1289\">Stilvolle Western-Inszenierungen<\/strong>: Ob Theater, Film oder Cowboy Action Shooting \u2013 dieser Hut sorgt f\u00fcr authentische Wirkung.<br data-start=\"1380\" data-end=\"1383\" \/><strong data-start=\"1386\" data-end=\"1406\">Kenner &amp; Sammler<\/strong>: F\u00fcr Liebhaber handgefertigter Qualit\u00e4t aus der Schweiz mit einem Sinn f\u00fcr Stil, Geschichte und Nachhaltigkeit.<\/p>\n<div class=\"hf-accordions\">\n<hr class=\"hf-accordion-separator\" \/>\n<details class=\"hf-accordion\">\n<summary><strong>\u25b6\ufe0f Gut zu wissen \u2013 mehr erfahren<\/strong><\/summary>\n<div class=\"hf-accordion-content\">\n<h3>Wichtige Produktdetails:<\/h3>\n<h4>Material &amp; Design:<\/h4>\n<ul>\n<li>Haarfilz<\/li>\n<li>Schwarz, Braun, Blau, D\u2019grau, M\u2019grau, H\u2019grau<\/li>\n<li>Kopfh\u00f6he 9 cm<\/li>\n<li>Randbreite 11,5 cm<\/li>\n<li>Garnitur aus feinstem Rebsband in div. Farben<\/li>\n<li>feinstes Kalbsleder-Schweissband<\/li>\n<li>ein atmungsaktives, ungef\u00fcttertes Inneres<\/li>\n<\/ul>\n<h4>Handwerkskunst &amp; Exklusivit\u00e4t:<\/h4>\n<ul>\n<li><strong>Handarbeit:<\/strong>\u00a0Hergestellt in der Schweizer Hutmanufaktur Risa<\/li>\n<li><strong>Exklusivit\u00e4t:<\/strong>\u00a0Individuell auf Bestellung gefertigt, keine Massenproduktion<\/li>\n<li><strong>Limitierte Auflage:<\/strong>\u00a0Verf\u00fcgbarkeit abh\u00e4ngig von den Rohmaterialien<\/li>\n<\/ul>\n<h4>Herstellung:<\/h4>\n<ul>\n<li><strong>Produktionsort:<\/strong>\u00a0Schweizer Hutmanufaktur Risa<\/li>\n<li><strong>Herstellungszeit:<\/strong>\u00a010 bis 15 Arbeitstage nach Zahlungseingang<\/li>\n<\/ul>\n<h4>Lieferbedingungen:<\/h4>\n<ul>\n<li><strong>Versand:<\/strong>\u00a0Versand erfolgt innerhalb weniger Tage nach Fertigung ab Lager Schweiz<\/li>\n<li><strong>Garantie:<\/strong>\u00a0Umtausch nur bei Material- oder Herstellungsfehlern m\u00f6glich<\/li>\n<li><strong>Verf\u00fcgbarkeit:<\/strong>\u00a0Abverkauf des Rohmaterials vorbehalten<\/li>\n<\/ul>\n<\/div>\n<\/details>\n<details class=\"hf-accordion\">\n<summary><strong>\u25b6\ufe0f FAQ \u2013 H\u00e4ufige Fragen<\/strong><\/summary>\n<div class=\"hf-accordion-content\">\n<div class=\"group w-full text-gray-800 dark:text-gray-100 border-b border-black\/10 dark:border-gray-900\/50 bg-gray-50 dark:bg-[#444654]\">\n<div class=\"text-base gap-4 md:gap-6 md:max-w-2xl lg:max-w-2xl xl:max-w-3xl p-4 md:py-6 flex lg:px-0 m-auto\">\n<div class=\"relative flex w-[calc(100%-50px)] flex-col gap-1 md:gap-3 lg:w-[calc(100%-115px)]\">\n<div class=\"flex flex-grow flex-col gap-3\">\n<div class=\"min-h-[20px] flex flex-col items-start gap-4 whitespace-pre-wrap\">\n<div class=\"markdown prose w-full break-words dark:prose-invert light\">\n<h3>FAQs<\/h3>\n<h4>Welche Gr\u00f6\u00dfe sollte ich bestellen?<\/h4>\n<p>Der Bad Masterson Hut ist in verschiedenen Gr\u00f6\u00dfen erh\u00e4ltlich. Um die richtige Gr\u00f6\u00dfe zu finden, messen Sie Ihren Kopfumfang und vergleichen Sie ihn mit der Gr\u00f6\u00dfentabelle des Herstellers.<\/p>\n<\/div>\n<\/div>\n<\/div>\n<\/div>\n<\/div>\n<\/div>\n<div class=\"group w-full text-gray-800 dark:text-gray-100 border-b border-black\/10 dark:border-gray-900\/50 bg-gray-50 dark:bg-[#444654]\">\n<div class=\"text-base gap-4 md:gap-6 md:max-w-2xl lg:max-w-2xl xl:max-w-3xl p-4 md:py-6 flex lg:px-0 m-auto\">\n<div class=\"relative flex w-[calc(100%-50px)] flex-col gap-1 md:gap-3 lg:w-[calc(100%-115px)]\">\n<div class=\"flex flex-grow flex-col gap-3\">\n<div class=\"min-h-[20px] flex flex-col items-start gap-4 whitespace-pre-wrap\">\n<div class=\"markdown prose w-full break-words dark:prose-invert light\">\n<h4>Wie pflege ich meinen Bad Masterson Hut?<\/h4>\n<p>Der Bad Masterson Hut ist sehr pflegeleicht. Sie k\u00f6nnen ihn mit einer weichen B\u00fcrste oder einem feuchten Tuch abstauben. Wenn er nass wird, lassen Sie ihn an der Luft trocknen und vermeiden Sie direkte Sonneneinstrahlung. Verwenden Sie keine Reinigungsmittel oder L\u00f6sungsmittel, da diese den Filz besch\u00e4digen k\u00f6nnen.<\/p>\n<h4>Ist der Bad Masterson Hut nur f\u00fcr M\u00e4nner geeignet?<\/h4>\n<p>Nein, der Bad Masterson Hut ist sowohl f\u00fcr M\u00e4nner als auch f\u00fcr Frauen geeignet. Der Hut hat eine unisex Passform und kann von jedem getragen werden.<\/p>\n<h4>Wo wird der Bad Masterson Hut hergestellt?<\/h4>\n<p>Der Bad Masterson Hut wird von Hand in Europa hergestellt. Der Hersteller legt gro\u00dfen Wert auf Qualit\u00e4t und verwendet nur die besten Materialien.<\/p>\n<h4>Wie lange dauert die Lieferung des Bad Masterson Hut?<\/h4>\n<p>Die Lieferzeit des Bad Masterson Hut h\u00e4ngt von Ihrem Wohnort und Land ab und kann variieren. Normalerweise dauert die Lieferung jedoch 5-9 Werktage.<\/p>\n<\/div>\n<\/div>\n<\/div>\n<\/div>\n<\/div>\n<\/div>\n<\/div>\n<\/details>\n<\/div>\n","protected":false},"excerpt":{"rendered":"<h3 class=\"ai-optimize-28\"><strong>Das Gef\u00fchl eines echten Revolverhelden<\/strong><\/h3>\n<p class=\"ai-optimize-22\">Dieser Hut ist mehr als Requisit \u2013 er ist ein St\u00fcck Western-Geschichte. Der Bad Masterson Westernhut ist der ideale Begleiter f\u00fcr jeden, der das Gef\u00fchl eines echten Revolverhelden erleben m\u00f6chte. Er ist nicht nur optisch ansprechend, sondern auch \u00e4u\u00dferst funktional. Der Hut ist ein Must-have f\u00fcr alle Westernfans und Schie\u00dfsportler und ein tolles Accessoire f\u00fcr Westernanl\u00e4sse. Bestellen Sie noch heute Ihren Bad Masterson Westernhut und erleben Sie den Charme des Wilden Westens hautnah.<\/p>\n","protected":false},"featured_media":12831,"template":"","meta":{"_acf_changed":false,"rs_blank_template":"","rs_page_bg_color":"","slide_template_v7":""},"product_brand":[250],"product_cat":[258,257],"product_tag":[],"class_list":{"0":"post-12829","1":"product","2":"type-product","3":"status-publish","4":"has-post-thumbnail","6":"product_brand-risa-hutwerkstatt-schweiz","7":"product_cat-western-cowboyhuete","8":"product_cat-westernhuete","9":"product_shipping_class-mittlere-pakete","10":"pa_color-braun","11":"pa_color-grau","12":"pa_color-marine","13":"pa_color-schwarz","14":"pa_color-textil-hutband-anthrazit-a08","15":"pa_color-textil-hutband-blau-a13","16":"pa_color-textil-hutband-braun-a63","17":"pa_color-textil-hutband-braun-a93","18":"pa_color-textil-hutband-creme-a04","19":"pa_color-textil-hutband-grau-a42","20":"pa_color-textil-hutband-graubraun-a63","21":"pa_color-textil-hutband-hbeige-k107","22":"pa_color-textil-hutband-hgrau-a165","23":"pa_color-textil-hutband-nougat-a136","24":"pa_color-textil-hutband-schwarz-a02","25":"pa_groesse-206","26":"pa_groesse-196","27":"pa_groesse-207","28":"pa_groesse-197","29":"pa_groesse-208","30":"pa_groesse-198","31":"pa_groesse-209","32":"pa_groesse-199","33":"pa_groesse-210","34":"yith_product_brand-risa-hutwerkstatt-schweiz","37":"instock","38":"taxable","39":"shipping-taxable","40":"purchasable","41":"product-type-variable","42":"wvs-archive-product-wrapper","43":"add-to-wishlist-after_add_to_cart"},"acf":[],"yoast_head":"<!-- This site is optimized with the Yoast SEO Premium plugin v27.3 (Yoast SEO v27.3) - https:\/\/yoast.com\/product\/yoast-seo-premium-wordpress\/ -->\n<title>Westernhut Bat Masterson in Schwarz, Braun, Blau und Grau<\/title>\n<meta name=\"description\" content=\"Der Westernhut Bat Masterson aus Haarfilz wird von Meisterhand gefertigt und ist in verschiedenen Farben erh\u00e4ltlich. Bat Masterson trug ihn auch!\" \/>\n<meta name=\"robots\" content=\"index, follow, max-snippet:-1, max-image-preview:large, max-video-preview:-1\" \/>\n<link rel=\"canonical\" href=\"https:\/\/hutfactory.com\/?product=westernhut-bat-masterson\" \/>\n<meta property=\"og:locale\" content=\"de_DE\" \/>\n<meta property=\"og:type\" content=\"article\" \/>\n<meta property=\"og:title\" content=\"Westernhut &quot;Bat Masterson&quot;\" \/>\n<meta property=\"og:description\" content=\"Der Westernhut Bat Masterson aus Haarfilz wird von Meisterhand gefertigt und ist in verschiedenen Farben erh\u00e4ltlich. Bat Masterson trug ihn auch!\" \/>\n<meta property=\"og:url\" content=\"https:\/\/hutfactory.com\/?product=westernhut-bat-masterson\" \/>\n<meta property=\"og:site_name\" content=\"Hut Factory\" \/>\n<meta property=\"article:modified_time\" content=\"2026-02-17T12:43:12+00:00\" \/>\n<meta property=\"og:image\" content=\"https:\/\/hutfactory.com\/wp-content\/uploads\/2026\/02\/Bat-Masterson-1.webp\" \/>\n\t<meta property=\"og:image:width\" content=\"960\" \/>\n\t<meta property=\"og:image:height\" content=\"720\" \/>\n\t<meta property=\"og:image:type\" content=\"image\/webp\" \/>\n<meta name=\"twitter:card\" content=\"summary_large_image\" \/>\n<meta name=\"twitter:label1\" content=\"Gesch\u00e4tzte Lesezeit\" \/>\n\t<meta name=\"twitter:data1\" content=\"3\u00a0Minuten\" \/>\n<script type=\"application\/ld+json\" class=\"yoast-schema-graph\">{\"@context\":\"https:\\\/\\\/schema.org\",\"@graph\":[{\"@type\":\"WebPage\",\"@id\":\"https:\\\/\\\/hutfactory.com\\\/?product=westernhut-bat-masterson\",\"url\":\"https:\\\/\\\/hutfactory.com\\\/?product=westernhut-bat-masterson\",\"name\":\"Westernhut Bat Masterson in Schwarz, Braun, Blau und Grau\",\"isPartOf\":{\"@id\":\"https:\\\/\\\/hutfactory.com\\\/#website\"},\"primaryImageOfPage\":{\"@id\":\"https:\\\/\\\/hutfactory.com\\\/?product=westernhut-bat-masterson#primaryimage\"},\"image\":{\"@id\":\"https:\\\/\\\/hutfactory.com\\\/?product=westernhut-bat-masterson#primaryimage\"},\"thumbnailUrl\":\"https:\\\/\\\/hutfactory.com\\\/wp-content\\\/uploads\\\/2026\\\/02\\\/Bat-Masterson-1.webp\",\"datePublished\":\"2026-02-14T09:37:03+00:00\",\"dateModified\":\"2026-02-17T12:43:12+00:00\",\"description\":\"Der Westernhut Bat Masterson aus Haarfilz wird von Meisterhand gefertigt und ist in verschiedenen Farben erh\u00e4ltlich. Bat Masterson trug ihn auch!\",\"breadcrumb\":{\"@id\":\"https:\\\/\\\/hutfactory.com\\\/?product=westernhut-bat-masterson#breadcrumb\"},\"inLanguage\":\"de\",\"potentialAction\":[{\"@type\":\"ReadAction\",\"target\":[\"https:\\\/\\\/hutfactory.com\\\/?product=westernhut-bat-masterson\"]}]},{\"@type\":\"ImageObject\",\"inLanguage\":\"de\",\"@id\":\"https:\\\/\\\/hutfactory.com\\\/?product=westernhut-bat-masterson#primaryimage\",\"url\":\"https:\\\/\\\/hutfactory.com\\\/wp-content\\\/uploads\\\/2026\\\/02\\\/Bat-Masterson-1.webp\",\"contentUrl\":\"https:\\\/\\\/hutfactory.com\\\/wp-content\\\/uploads\\\/2026\\\/02\\\/Bat-Masterson-1.webp\",\"width\":960,\"height\":720,\"caption\":\"Handgefertigter Derbyhut aus Haarfilz mit runder Krone und edlem Rebsband|Handgefertigter Derbyhut aus Haarfilz mit runder Krone und edlem Rebsband|\"},{\"@type\":\"BreadcrumbList\",\"@id\":\"https:\\\/\\\/hutfactory.com\\\/?product=westernhut-bat-masterson#breadcrumb\",\"itemListElement\":[{\"@type\":\"ListItem\",\"position\":1,\"name\":\"Start\",\"item\":\"https:\\\/\\\/hutfactory.com\\\/\"},{\"@type\":\"ListItem\",\"position\":2,\"name\":\"Shop\",\"item\":\"https:\\\/\\\/hutfactory.com\\\/?page_id=10\"},{\"@type\":\"ListItem\",\"position\":3,\"name\":\"Westernhut &#8220;Bat Masterson&#8221;\"}]},{\"@type\":\"WebSite\",\"@id\":\"https:\\\/\\\/hutfactory.com\\\/#website\",\"url\":\"https:\\\/\\\/hutfactory.com\\\/\",\"name\":\"Hut Factory\",\"description\":\"H\u00fcte, Kappen &amp; M\u00fctzen in Top Swiss\\\/EU Qualit\u00e4t\",\"publisher\":{\"@id\":\"https:\\\/\\\/hutfactory.com\\\/#organization\"},\"alternateName\":\"Hut Shop\",\"potentialAction\":[{\"@type\":\"SearchAction\",\"target\":{\"@type\":\"EntryPoint\",\"urlTemplate\":\"https:\\\/\\\/hutfactory.com\\\/?s={search_term_string}\"},\"query-input\":{\"@type\":\"PropertyValueSpecification\",\"valueRequired\":true,\"valueName\":\"search_term_string\"}}],\"inLanguage\":\"de\"},{\"@type\":\"Organization\",\"@id\":\"https:\\\/\\\/hutfactory.com\\\/#organization\",\"name\":\"Hut Factory\",\"url\":\"https:\\\/\\\/hutfactory.com\\\/\",\"logo\":{\"@type\":\"ImageObject\",\"inLanguage\":\"de\",\"@id\":\"https:\\\/\\\/hutfactory.com\\\/#\\\/schema\\\/logo\\\/image\\\/\",\"url\":\"https:\\\/\\\/hutfactory.com\\\/wp-content\\\/uploads\\\/2026\\\/01\\\/Logo-hut-factory-1.webp\",\"contentUrl\":\"https:\\\/\\\/hutfactory.com\\\/wp-content\\\/uploads\\\/2026\\\/01\\\/Logo-hut-factory-1.webp\",\"width\":300,\"height\":262,\"caption\":\"Hut Factory\"},\"image\":{\"@id\":\"https:\\\/\\\/hutfactory.com\\\/#\\\/schema\\\/logo\\\/image\\\/\"}}]}<\/script>\n<!-- \/ Yoast SEO Premium plugin. -->","yoast_head_json":{"title":"Westernhut Bat Masterson in Schwarz, Braun, Blau und Grau","description":"Der Westernhut Bat Masterson aus Haarfilz wird von Meisterhand gefertigt und ist in verschiedenen Farben erh\u00e4ltlich. Bat Masterson trug ihn auch!","robots":{"index":"index","follow":"follow","max-snippet":"max-snippet:-1","max-image-preview":"max-image-preview:large","max-video-preview":"max-video-preview:-1"},"canonical":"https:\/\/hutfactory.com\/?product=westernhut-bat-masterson","og_locale":"de_DE","og_type":"article","og_title":"Westernhut \"Bat Masterson\"","og_description":"Der Westernhut Bat Masterson aus Haarfilz wird von Meisterhand gefertigt und ist in verschiedenen Farben erh\u00e4ltlich. Bat Masterson trug ihn auch!","og_url":"https:\/\/hutfactory.com\/?product=westernhut-bat-masterson","og_site_name":"Hut Factory","article_modified_time":"2026-02-17T12:43:12+00:00","og_image":[{"width":960,"height":720,"url":"https:\/\/hutfactory.com\/wp-content\/uploads\/2026\/02\/Bat-Masterson-1.webp","type":"image\/webp"}],"twitter_card":"summary_large_image","twitter_misc":{"Gesch\u00e4tzte Lesezeit":"3\u00a0Minuten"},"schema":{"@context":"https:\/\/schema.org","@graph":[{"@type":"WebPage","@id":"https:\/\/hutfactory.com\/?product=westernhut-bat-masterson","url":"https:\/\/hutfactory.com\/?product=westernhut-bat-masterson","name":"Westernhut Bat Masterson in Schwarz, Braun, Blau und Grau","isPartOf":{"@id":"https:\/\/hutfactory.com\/#website"},"primaryImageOfPage":{"@id":"https:\/\/hutfactory.com\/?product=westernhut-bat-masterson#primaryimage"},"image":{"@id":"https:\/\/hutfactory.com\/?product=westernhut-bat-masterson#primaryimage"},"thumbnailUrl":"https:\/\/hutfactory.com\/wp-content\/uploads\/2026\/02\/Bat-Masterson-1.webp","datePublished":"2026-02-14T09:37:03+00:00","dateModified":"2026-02-17T12:43:12+00:00","description":"Der Westernhut Bat Masterson aus Haarfilz wird von Meisterhand gefertigt und ist in verschiedenen Farben erh\u00e4ltlich. Bat Masterson trug ihn auch!","breadcrumb":{"@id":"https:\/\/hutfactory.com\/?product=westernhut-bat-masterson#breadcrumb"},"inLanguage":"de","potentialAction":[{"@type":"ReadAction","target":["https:\/\/hutfactory.com\/?product=westernhut-bat-masterson"]}]},{"@type":"ImageObject","inLanguage":"de","@id":"https:\/\/hutfactory.com\/?product=westernhut-bat-masterson#primaryimage","url":"https:\/\/hutfactory.com\/wp-content\/uploads\/2026\/02\/Bat-Masterson-1.webp","contentUrl":"https:\/\/hutfactory.com\/wp-content\/uploads\/2026\/02\/Bat-Masterson-1.webp","width":960,"height":720,"caption":"Handgefertigter Derbyhut aus Haarfilz mit runder Krone und edlem Rebsband|Handgefertigter Derbyhut aus Haarfilz mit runder Krone und edlem Rebsband|"},{"@type":"BreadcrumbList","@id":"https:\/\/hutfactory.com\/?product=westernhut-bat-masterson#breadcrumb","itemListElement":[{"@type":"ListItem","position":1,"name":"Start","item":"https:\/\/hutfactory.com\/"},{"@type":"ListItem","position":2,"name":"Shop","item":"https:\/\/hutfactory.com\/?page_id=10"},{"@type":"ListItem","position":3,"name":"Westernhut &#8220;Bat Masterson&#8221;"}]},{"@type":"WebSite","@id":"https:\/\/hutfactory.com\/#website","url":"https:\/\/hutfactory.com\/","name":"Hut Factory","description":"H\u00fcte, Kappen &amp; M\u00fctzen in Top Swiss\/EU Qualit\u00e4t","publisher":{"@id":"https:\/\/hutfactory.com\/#organization"},"alternateName":"Hut Shop","potentialAction":[{"@type":"SearchAction","target":{"@type":"EntryPoint","urlTemplate":"https:\/\/hutfactory.com\/?s={search_term_string}"},"query-input":{"@type":"PropertyValueSpecification","valueRequired":true,"valueName":"search_term_string"}}],"inLanguage":"de"},{"@type":"Organization","@id":"https:\/\/hutfactory.com\/#organization","name":"Hut Factory","url":"https:\/\/hutfactory.com\/","logo":{"@type":"ImageObject","inLanguage":"de","@id":"https:\/\/hutfactory.com\/#\/schema\/logo\/image\/","url":"https:\/\/hutfactory.com\/wp-content\/uploads\/2026\/01\/Logo-hut-factory-1.webp","contentUrl":"https:\/\/hutfactory.com\/wp-content\/uploads\/2026\/01\/Logo-hut-factory-1.webp","width":300,"height":262,"caption":"Hut Factory"},"image":{"@id":"https:\/\/hutfactory.com\/#\/schema\/logo\/image\/"}}]}},"_links":{"self":[{"href":"https:\/\/hutfactory.com\/index.php?rest_route=\/wp\/v2\/product\/12829","targetHints":{"allow":["GET"]}}],"collection":[{"href":"https:\/\/hutfactory.com\/index.php?rest_route=\/wp\/v2\/product"}],"about":[{"href":"https:\/\/hutfactory.com\/index.php?rest_route=\/wp\/v2\/types\/product"}],"wp:featuredmedia":[{"embeddable":true,"href":"https:\/\/hutfactory.com\/index.php?rest_route=\/wp\/v2\/media\/12831"}],"wp:attachment":[{"href":"https:\/\/hutfactory.com\/index.php?rest_route=%2Fwp%2Fv2%2Fmedia&parent=12829"}],"wp:term":[{"taxonomy":"product_brand","embeddable":true,"href":"https:\/\/hutfactory.com\/index.php?rest_route=%2Fwp%2Fv2%2Fproduct_brand&post=12829"},{"taxonomy":"product_cat","embeddable":true,"href":"https:\/\/hutfactory.com\/index.php?rest_route=%2Fwp%2Fv2%2Fproduct_cat&post=12829"},{"taxonomy":"product_tag","embeddable":true,"href":"https:\/\/hutfactory.com\/index.php?rest_route=%2Fwp%2Fv2%2Fproduct_tag&post=12829"}],"curies":[{"name":"wp","href":"https:\/\/api.w.org\/{rel}","templated":true}]}}