{"id":11259,"date":"2026-02-09T13:43:38","date_gmt":"2026-02-09T13:43:38","guid":{"rendered":"https:\/\/hutfactory.com\/?product=fedora-velours-folly-ribon-shapable"},"modified":"2026-02-11T14:57:08","modified_gmt":"2026-02-11T14:57:08","slug":"fedora-velours-folly-ribon-shapable","status":"publish","type":"product","link":"https:\/\/hutfactory.com\/?product=fedora-velours-folly-ribon-shapable","title":{"rendered":"Fedora Velours &#8220;Folly Ribon&#8221; Shapable"},"content":{"rendered":"<h3 data-start=\"114\" data-end=\"156\"><strong>Zeitlose Eleganz mit formbarer Krone<\/strong><\/h3>\n<p data-start=\"157\" data-end=\"506\">Dieser Fedora aus der Premium Freiamt Herbst- und Winter-Kollektion verbindet stilvolle Raffinesse mit handwerklicher Perfektion. Sein besonderes Highlight: Der Hutkopf ist formbar und l\u00e4sst sich individuell gestalten \u2013 ob klassisch rund oder markant mit Kanten. Ein Accessoire, das sich Ihrem pers\u00f6nlichen Stil anpasst und jedes Outfit aufwertet.<\/p>\n<p data-start=\"508\" data-end=\"953\">Gefertigt aus 100% edlem Haarfilz-Velours, pr\u00e4sentiert sich dieser Hut in drei Farbvarianten: warmes Beige, erdiges Kakao und stilvolles Khaki. Das aufgeraute Wollband \u201eFolly\u201c mit dekorativer Traverse und dem ikonischen <strong data-start=\"728\" data-end=\"754\">\u201eRisa seit 1919\u201c-Knopf<\/strong> betont die luxuri\u00f6se Handarbeit und setzt ein diskretes, aber elegantes Detail. Mit seiner 6,5 cm breiten Krempe und einer Kopfh\u00f6he von ca. 10 cm bietet er sowohl Schutz als auch modische Pr\u00e4senz.<\/p>\n<p data-start=\"955\" data-end=\"1181\">Jedes Modell wird in der Schweizer Hutmanufaktur Risa gefertigt \u2013 pr\u00e4zise, nachhaltig und mit einem hohen Anspruch an Qualit\u00e4t. Das sauber eingen\u00e4hte Textil-Schwei\u00dfband sorgt f\u00fcr besten Tragekomfort, auch bei langem Einsatz.<\/p>\n<p data-start=\"1183\" data-end=\"1549\">Perfekt f\u00fcr\u2026\u26c4<br data-start=\"1196\" data-end=\"1199\" \/>\u2744\ufe0f <strong data-start=\"1202\" data-end=\"1222\">Herbst &amp; Winter:<\/strong> Ob beim Stadtbummel, im Caf\u00e9 oder auf Reisen \u2013 dieser Hut begleitet Sie stilvoll durch die kalte Jahreszeit.<br data-start=\"1331\" data-end=\"1334\" \/><strong data-start=\"1337\" data-end=\"1359\">Besondere Anl\u00e4sse:<\/strong> Die wandelbare Krone macht ihn zum idealen Begleiter f\u00fcr elegante Events.<br data-start=\"1433\" data-end=\"1436\" \/><strong data-start=\"1439\" data-end=\"1465\">Nachhaltigkeit &amp; Stil:<\/strong> F\u00fcr alle, die Wert auf nat\u00fcrliche Materialien und Schweizer Handwerkskunst legen.<\/p>\n<div class=\"hf-accordions\">\n<hr class=\"hf-accordion-separator\" \/>\n<details class=\"hf-accordion\">\n<summary><strong>\u25b6\ufe0f Gut zu wissen \u2013 mehr erfahren<\/strong><\/summary>\n<div class=\"hf-accordion-content\">\n<h3>Wichtige Produktdetails:<\/h3>\n<ul>\n<li><strong>Materialzusammensetzung:<\/strong>\u00a0100% Haarfilz \u2013 f\u00fcr Langlebigkeit und eine formstabile Struktur<\/li>\n<li><strong>Muster:<\/strong>\u00a0Auff\u00e4llige Ziern\u00e4hte links, rechts, vorne und hinten \u2013 ein extravagantes Detail f\u00fcr einen markanten<\/li>\n<li><strong>Randbreite:<\/strong>\u00a04,5 cm \u2013 f\u00fcr den klassischen Bowler-Look<\/li>\n<li><strong>Kopfh\u00f6he:<\/strong>\u00a012,0 cm \u2013 f\u00fcr eine markante, aber dennoch traditionelle Form<\/li>\n<li><strong>Farben:\u00a0<\/strong>1. Schwarz mit Rebsband &amp; Lederkordel, 2.\u00a0Salbei mit Rebsband &amp; Lederkordel<\/li>\n<li><strong>Gr\u00f6\u00dfen:<\/strong>\u00a0Verf\u00fcgbar in den Gr\u00f6\u00dfen 54-62 \u2013 f\u00fcr eine perfekte Passform<\/li>\n<li><strong>Hutband:<\/strong>\u00a0Rebsband mit Lederkordel und einem dekorativen Qualit\u00e4tsknopf auf der Masche \u2013 sorgt f\u00fcr ein stilvolles<\/li>\n<li><strong>Schwei\u00dfband:<\/strong>\u00a0Sauber eingen\u00e4htes Textilinnenband als Schwei\u00dfband \u2013 f\u00fcr h\u00f6chsten Tragekomfort und langanhaltende<\/li>\n<li><strong>Fertigungsort:<\/strong>\u00a0Handgefertigt in der renommierten\u00a0<strong>Schweizer Hutmanufaktur Risa<\/strong>. Diese Manufaktur steht seit Jahren f\u00fcr handwerkliche Perfektion und innovative Designs.<\/li>\n<li><strong>Fertigungszeit:<\/strong>\u00a0Jeder Hut wird auf Bestellung gefertigt, sodass Exklusivit\u00e4t und Individualit\u00e4t garantiert sind. Die Herstellung dauert in der Regel\u00a0<strong>10 bis 15 Arbeitstage nach Zahlungseingang<\/strong>.<\/li>\n<li><strong>Versand:<\/strong>\u00a0Nach Fertigstellung des Hutes wird dieser direkt ab Lager Schweiz versendet, sodass Sie Ihren Hut schnell und zuverl\u00e4ssig erhalten.<\/li>\n<li><strong>Garantie:<\/strong>\u00a0Umtausch ist nur bei Material- oder Herstellungsfehlern m\u00f6glich, da es sich um eine ma\u00dfgefertigte Sonderanfertigung handelt.<\/li>\n<li><strong>Verf\u00fcgbarkeit:<\/strong>\u00a0Da die H\u00fcte in limitierter Auflage produziert werden, empfehlen wir eine fr\u00fchzeitige Bestellung, um sich Ihr exklusives Modell zu sichern. Sollte das Rohmaterial ausverkauft sein, kann es zu Verz\u00f6gerungen kommen.<\/li>\n<\/ul>\n<\/div>\n<\/details>\n<details class=\"hf-accordion\">\n<summary><strong>\u25b6\ufe0f FAQ \u2013 H\u00e4ufige Fragen<\/strong><\/summary>\n<div class=\"hf-accordion-content\">\n<h3>H\u00e4ufige Fragen und Antworten (FAQ)<\/h3>\n<p><strong>1. Wie pflege ich meinen Bowler Rugged \u201csewn and burned\u201d richtig?<\/strong><br \/>\nEs wird empfohlen, den Hut regelm\u00e4\u00dfig mit einer weichen B\u00fcrste zu reinigen. Bei tiefer gehendem Schmutz sollte eine professionelle Hutreinigung in Anspruch genommen werden.<\/p>\n<p><strong>2. In welchen Gr\u00f6\u00dfen ist der Hut erh\u00e4ltlich?<\/strong><br \/>\nDer Bowler Rugged ist in den Gr\u00f6\u00dfen 54 bis 62 verf\u00fcgbar und bietet somit f\u00fcr jeden Tr\u00e4ger die perfekte Passform.<\/p>\n<p><strong>3. Kann ich den Hut umtauschen, wenn er mir nicht passt?<\/strong><br \/>\nDa der Hut auf Bestellung gefertigt wird, ist ein Umtausch nur bei Material- oder Herstellungsfehlern m\u00f6glich. Bitte beachten Sie dies bei Ihrer Bestellung.<\/p>\n<p><strong>4. Wo wird der Hut hergestellt?<\/strong><br \/>\nDer Bowler Rugged wird in der Schweizer Hutmanufaktur Risa, einem traditionsreichen Handwerksbetrieb, gefertigt.<\/p>\n<p><strong>5. Wie lange dauert der Versand?<\/strong><br \/>\nNachdem der Hut gefertigt wurde, erfolgt der Versand innerhalb weniger Tage ab Lager Schweiz. Je nach Zielort kann die Lieferung variieren.<\/p>\n<\/div>\n<\/details>\n<\/div>\n","protected":false},"excerpt":{"rendered":"<h3 data-start=\"1587\" data-end=\"1816\"><strong data-start=\"1587\" data-end=\"1625\">Individuell formbar, zeitlos edel<\/strong><\/h3>\n<p data-start=\"1587\" data-end=\"1816\">Dieser Fedora mit formbarer Krone aus feinstem Haarfilz-Velours vereint Flexibilit\u00e4t und Eleganz.\u00a0Dieser Herbst- und Winterhut vereint modische Vielseitigkeit, nachhaltige Handwerkskunst und exklusive Qualit\u00e4t. Ein Meisterst\u00fcck aus der Schweizer Hutmanufaktur Risa \u2013 individuell formbar, zeitlos edel und nur f\u00fcr Sie gefertigt.<\/p>\n","protected":false},"featured_media":11261,"template":"","meta":{"_acf_changed":false,"rs_blank_template":"","rs_page_bg_color":"","slide_template_v7":""},"product_brand":[250],"product_cat":[353,253],"product_tag":[],"class_list":{"0":"post-11259","1":"product","2":"type-product","3":"status-publish","4":"has-post-thumbnail","6":"product_brand-risa-hutwerkstatt-schweiz","7":"product_cat-fedora-winterhuete","8":"product_cat-winterhuete","9":"product_shipping_class-mittlere-pakete","10":"pa_color-kakao","11":"pa_color-khaki","12":"pa_color-mbeige","13":"pa_groesse-206","14":"pa_groesse-196","15":"pa_groesse-207","16":"pa_groesse-197","17":"pa_groesse-208","18":"pa_groesse-198","19":"pa_groesse-209","20":"pa_groesse-199","21":"pa_groesse-210","22":"yith_product_brand-risa-hutwerkstatt-schweiz","25":"instock","26":"taxable","27":"shipping-taxable","28":"purchasable","29":"product-type-variable","30":"wvs-archive-product-wrapper","31":"add-to-wishlist-after_add_to_cart"},"acf":[],"yoast_head":"<!-- This site is optimized with the Yoast SEO Premium plugin v27.3 (Yoast SEO v27.3) - https:\/\/yoast.com\/product\/yoast-seo-premium-wordpress\/ -->\n<title>Fedora Velours Folly Ribon \u2013 Formbarer Hut Swiss Handmade<\/title>\n<meta name=\"description\" content=\"Entdecken Sie den Fedora Velours \u201eFolly Ribon\u201c mit formbarer Krone. Handgefertigt in der Schweiz \u2013 edel, flexibel und nachhaltig.\" \/>\n<meta name=\"robots\" content=\"index, follow, max-snippet:-1, max-image-preview:large, max-video-preview:-1\" \/>\n<link rel=\"canonical\" href=\"https:\/\/hutfactory.com\/?product=fedora-velours-folly-ribon-shapable\" \/>\n<meta property=\"og:locale\" content=\"de_DE\" \/>\n<meta property=\"og:type\" content=\"article\" \/>\n<meta property=\"og:title\" content=\"Fedora Velours &quot;Folly Ribon&quot; Shapable\" \/>\n<meta property=\"og:description\" content=\"Entdecken Sie den Fedora Velours \u201eFolly Ribon\u201c mit formbarer Krone. Handgefertigt in der Schweiz \u2013 edel, flexibel und nachhaltig.\" \/>\n<meta property=\"og:url\" content=\"https:\/\/hutfactory.com\/?product=fedora-velours-folly-ribon-shapable\" \/>\n<meta property=\"og:site_name\" content=\"Hut Factory\" \/>\n<meta property=\"article:modified_time\" content=\"2026-02-11T14:57:08+00:00\" \/>\n<meta property=\"og:image\" content=\"https:\/\/hutfactory.com\/wp-content\/uploads\/2026\/02\/56606090.alle-2.webp\" \/>\n\t<meta property=\"og:image:width\" content=\"2000\" \/>\n\t<meta property=\"og:image:height\" content=\"1500\" \/>\n\t<meta property=\"og:image:type\" content=\"image\/webp\" \/>\n<meta name=\"twitter:card\" content=\"summary_large_image\" \/>\n<meta name=\"twitter:label1\" content=\"Gesch\u00e4tzte Lesezeit\" \/>\n\t<meta name=\"twitter:data1\" content=\"4\u00a0Minuten\" \/>\n<script type=\"application\/ld+json\" class=\"yoast-schema-graph\">{\"@context\":\"https:\\\/\\\/schema.org\",\"@graph\":[{\"@type\":\"WebPage\",\"@id\":\"https:\\\/\\\/hutfactory.com\\\/?product=fedora-velours-folly-ribon-shapable\",\"url\":\"https:\\\/\\\/hutfactory.com\\\/?product=fedora-velours-folly-ribon-shapable\",\"name\":\"Fedora Velours Folly Ribon \u2013 Formbarer Hut Swiss Handmade\",\"isPartOf\":{\"@id\":\"https:\\\/\\\/hutfactory.com\\\/#website\"},\"primaryImageOfPage\":{\"@id\":\"https:\\\/\\\/hutfactory.com\\\/?product=fedora-velours-folly-ribon-shapable#primaryimage\"},\"image\":{\"@id\":\"https:\\\/\\\/hutfactory.com\\\/?product=fedora-velours-folly-ribon-shapable#primaryimage\"},\"thumbnailUrl\":\"https:\\\/\\\/hutfactory.com\\\/wp-content\\\/uploads\\\/2026\\\/02\\\/56606090.alle-2.webp\",\"datePublished\":\"2026-02-09T13:43:38+00:00\",\"dateModified\":\"2026-02-11T14:57:08+00:00\",\"description\":\"Entdecken Sie den Fedora Velours \u201eFolly Ribon\u201c mit formbarer Krone. Handgefertigt in der Schweiz \u2013 edel, flexibel und nachhaltig.\",\"breadcrumb\":{\"@id\":\"https:\\\/\\\/hutfactory.com\\\/?product=fedora-velours-folly-ribon-shapable#breadcrumb\"},\"inLanguage\":\"de\",\"potentialAction\":[{\"@type\":\"ReadAction\",\"target\":[\"https:\\\/\\\/hutfactory.com\\\/?product=fedora-velours-folly-ribon-shapable\"]}]},{\"@type\":\"ImageObject\",\"inLanguage\":\"de\",\"@id\":\"https:\\\/\\\/hutfactory.com\\\/?product=fedora-velours-folly-ribon-shapable#primaryimage\",\"url\":\"https:\\\/\\\/hutfactory.com\\\/wp-content\\\/uploads\\\/2026\\\/02\\\/56606090.alle-2.webp\",\"contentUrl\":\"https:\\\/\\\/hutfactory.com\\\/wp-content\\\/uploads\\\/2026\\\/02\\\/56606090.alle-2.webp\",\"width\":2000,\"height\":1500,\"caption\":\"Premium Fedora mit formbarer Krone und Wollband-Garnitur|Premium Fedora mit formbarer Krone und Wollband-Garnitur|Premium Fedora mit formbarer Krone und Wollband-Garnitur|Premium Fedora mit formbarer Krone und Wollband-Garnitur|Premium Fedora mit formbarer Krone und Wollband-Garnitur|Premium Fedora mit formbarer Krone und Wollband-Garnitur|Premium Fedora mit formbarer Krone und Wollband-Garnitur|Premium Fedora mit formbarer Krone und Wollband-Garnitur\"},{\"@type\":\"BreadcrumbList\",\"@id\":\"https:\\\/\\\/hutfactory.com\\\/?product=fedora-velours-folly-ribon-shapable#breadcrumb\",\"itemListElement\":[{\"@type\":\"ListItem\",\"position\":1,\"name\":\"Start\",\"item\":\"https:\\\/\\\/hutfactory.com\\\/\"},{\"@type\":\"ListItem\",\"position\":2,\"name\":\"Shop\",\"item\":\"https:\\\/\\\/hutfactory.com\\\/?page_id=10\"},{\"@type\":\"ListItem\",\"position\":3,\"name\":\"Fedora Velours &#8220;Folly Ribon&#8221; Shapable\"}]},{\"@type\":\"WebSite\",\"@id\":\"https:\\\/\\\/hutfactory.com\\\/#website\",\"url\":\"https:\\\/\\\/hutfactory.com\\\/\",\"name\":\"Hut Factory\",\"description\":\"H\u00fcte, Kappen &amp; M\u00fctzen in Top Swiss\\\/EU Qualit\u00e4t\",\"publisher\":{\"@id\":\"https:\\\/\\\/hutfactory.com\\\/#organization\"},\"alternateName\":\"Hut Shop\",\"potentialAction\":[{\"@type\":\"SearchAction\",\"target\":{\"@type\":\"EntryPoint\",\"urlTemplate\":\"https:\\\/\\\/hutfactory.com\\\/?s={search_term_string}\"},\"query-input\":{\"@type\":\"PropertyValueSpecification\",\"valueRequired\":true,\"valueName\":\"search_term_string\"}}],\"inLanguage\":\"de\"},{\"@type\":\"Organization\",\"@id\":\"https:\\\/\\\/hutfactory.com\\\/#organization\",\"name\":\"Hut Factory\",\"url\":\"https:\\\/\\\/hutfactory.com\\\/\",\"logo\":{\"@type\":\"ImageObject\",\"inLanguage\":\"de\",\"@id\":\"https:\\\/\\\/hutfactory.com\\\/#\\\/schema\\\/logo\\\/image\\\/\",\"url\":\"https:\\\/\\\/hutfactory.com\\\/wp-content\\\/uploads\\\/2026\\\/01\\\/Logo-hut-factory-1.webp\",\"contentUrl\":\"https:\\\/\\\/hutfactory.com\\\/wp-content\\\/uploads\\\/2026\\\/01\\\/Logo-hut-factory-1.webp\",\"width\":300,\"height\":262,\"caption\":\"Hut Factory\"},\"image\":{\"@id\":\"https:\\\/\\\/hutfactory.com\\\/#\\\/schema\\\/logo\\\/image\\\/\"}}]}<\/script>\n<!-- \/ Yoast SEO Premium plugin. -->","yoast_head_json":{"title":"Fedora Velours Folly Ribon \u2013 Formbarer Hut Swiss Handmade","description":"Entdecken Sie den Fedora Velours \u201eFolly Ribon\u201c mit formbarer Krone. Handgefertigt in der Schweiz \u2013 edel, flexibel und nachhaltig.","robots":{"index":"index","follow":"follow","max-snippet":"max-snippet:-1","max-image-preview":"max-image-preview:large","max-video-preview":"max-video-preview:-1"},"canonical":"https:\/\/hutfactory.com\/?product=fedora-velours-folly-ribon-shapable","og_locale":"de_DE","og_type":"article","og_title":"Fedora Velours \"Folly Ribon\" Shapable","og_description":"Entdecken Sie den Fedora Velours \u201eFolly Ribon\u201c mit formbarer Krone. Handgefertigt in der Schweiz \u2013 edel, flexibel und nachhaltig.","og_url":"https:\/\/hutfactory.com\/?product=fedora-velours-folly-ribon-shapable","og_site_name":"Hut Factory","article_modified_time":"2026-02-11T14:57:08+00:00","og_image":[{"width":2000,"height":1500,"url":"https:\/\/hutfactory.com\/wp-content\/uploads\/2026\/02\/56606090.alle-2.webp","type":"image\/webp"}],"twitter_card":"summary_large_image","twitter_misc":{"Gesch\u00e4tzte Lesezeit":"4\u00a0Minuten"},"schema":{"@context":"https:\/\/schema.org","@graph":[{"@type":"WebPage","@id":"https:\/\/hutfactory.com\/?product=fedora-velours-folly-ribon-shapable","url":"https:\/\/hutfactory.com\/?product=fedora-velours-folly-ribon-shapable","name":"Fedora Velours Folly Ribon \u2013 Formbarer Hut Swiss Handmade","isPartOf":{"@id":"https:\/\/hutfactory.com\/#website"},"primaryImageOfPage":{"@id":"https:\/\/hutfactory.com\/?product=fedora-velours-folly-ribon-shapable#primaryimage"},"image":{"@id":"https:\/\/hutfactory.com\/?product=fedora-velours-folly-ribon-shapable#primaryimage"},"thumbnailUrl":"https:\/\/hutfactory.com\/wp-content\/uploads\/2026\/02\/56606090.alle-2.webp","datePublished":"2026-02-09T13:43:38+00:00","dateModified":"2026-02-11T14:57:08+00:00","description":"Entdecken Sie den Fedora Velours \u201eFolly Ribon\u201c mit formbarer Krone. Handgefertigt in der Schweiz \u2013 edel, flexibel und nachhaltig.","breadcrumb":{"@id":"https:\/\/hutfactory.com\/?product=fedora-velours-folly-ribon-shapable#breadcrumb"},"inLanguage":"de","potentialAction":[{"@type":"ReadAction","target":["https:\/\/hutfactory.com\/?product=fedora-velours-folly-ribon-shapable"]}]},{"@type":"ImageObject","inLanguage":"de","@id":"https:\/\/hutfactory.com\/?product=fedora-velours-folly-ribon-shapable#primaryimage","url":"https:\/\/hutfactory.com\/wp-content\/uploads\/2026\/02\/56606090.alle-2.webp","contentUrl":"https:\/\/hutfactory.com\/wp-content\/uploads\/2026\/02\/56606090.alle-2.webp","width":2000,"height":1500,"caption":"Premium Fedora mit formbarer Krone und Wollband-Garnitur|Premium Fedora mit formbarer Krone und Wollband-Garnitur|Premium Fedora mit formbarer Krone und Wollband-Garnitur|Premium Fedora mit formbarer Krone und Wollband-Garnitur|Premium Fedora mit formbarer Krone und Wollband-Garnitur|Premium Fedora mit formbarer Krone und Wollband-Garnitur|Premium Fedora mit formbarer Krone und Wollband-Garnitur|Premium Fedora mit formbarer Krone und Wollband-Garnitur"},{"@type":"BreadcrumbList","@id":"https:\/\/hutfactory.com\/?product=fedora-velours-folly-ribon-shapable#breadcrumb","itemListElement":[{"@type":"ListItem","position":1,"name":"Start","item":"https:\/\/hutfactory.com\/"},{"@type":"ListItem","position":2,"name":"Shop","item":"https:\/\/hutfactory.com\/?page_id=10"},{"@type":"ListItem","position":3,"name":"Fedora Velours &#8220;Folly Ribon&#8221; Shapable"}]},{"@type":"WebSite","@id":"https:\/\/hutfactory.com\/#website","url":"https:\/\/hutfactory.com\/","name":"Hut Factory","description":"H\u00fcte, Kappen &amp; M\u00fctzen in Top Swiss\/EU Qualit\u00e4t","publisher":{"@id":"https:\/\/hutfactory.com\/#organization"},"alternateName":"Hut Shop","potentialAction":[{"@type":"SearchAction","target":{"@type":"EntryPoint","urlTemplate":"https:\/\/hutfactory.com\/?s={search_term_string}"},"query-input":{"@type":"PropertyValueSpecification","valueRequired":true,"valueName":"search_term_string"}}],"inLanguage":"de"},{"@type":"Organization","@id":"https:\/\/hutfactory.com\/#organization","name":"Hut Factory","url":"https:\/\/hutfactory.com\/","logo":{"@type":"ImageObject","inLanguage":"de","@id":"https:\/\/hutfactory.com\/#\/schema\/logo\/image\/","url":"https:\/\/hutfactory.com\/wp-content\/uploads\/2026\/01\/Logo-hut-factory-1.webp","contentUrl":"https:\/\/hutfactory.com\/wp-content\/uploads\/2026\/01\/Logo-hut-factory-1.webp","width":300,"height":262,"caption":"Hut Factory"},"image":{"@id":"https:\/\/hutfactory.com\/#\/schema\/logo\/image\/"}}]}},"_links":{"self":[{"href":"https:\/\/hutfactory.com\/index.php?rest_route=\/wp\/v2\/product\/11259","targetHints":{"allow":["GET"]}}],"collection":[{"href":"https:\/\/hutfactory.com\/index.php?rest_route=\/wp\/v2\/product"}],"about":[{"href":"https:\/\/hutfactory.com\/index.php?rest_route=\/wp\/v2\/types\/product"}],"wp:featuredmedia":[{"embeddable":true,"href":"https:\/\/hutfactory.com\/index.php?rest_route=\/wp\/v2\/media\/11261"}],"wp:attachment":[{"href":"https:\/\/hutfactory.com\/index.php?rest_route=%2Fwp%2Fv2%2Fmedia&parent=11259"}],"wp:term":[{"taxonomy":"product_brand","embeddable":true,"href":"https:\/\/hutfactory.com\/index.php?rest_route=%2Fwp%2Fv2%2Fproduct_brand&post=11259"},{"taxonomy":"product_cat","embeddable":true,"href":"https:\/\/hutfactory.com\/index.php?rest_route=%2Fwp%2Fv2%2Fproduct_cat&post=11259"},{"taxonomy":"product_tag","embeddable":true,"href":"https:\/\/hutfactory.com\/index.php?rest_route=%2Fwp%2Fv2%2Fproduct_tag&post=11259"}],"curies":[{"name":"wp","href":"https:\/\/api.w.org\/{rel}","templated":true}]}}