{"id":11001,"date":"2026-02-09T13:39:07","date_gmt":"2026-02-09T13:39:07","guid":{"rendered":"https:\/\/hutfactory.com\/?product=fedora-traveler-haarfilz-velours-folly-dot"},"modified":"2026-02-11T13:25:35","modified_gmt":"2026-02-11T13:25:35","slug":"fedora-traveler-haarfilz-velours-folly-dot","status":"publish","type":"product","link":"https:\/\/hutfactory.com\/?product=fedora-traveler-haarfilz-velours-folly-dot","title":{"rendered":"Fedora Traveler Haarfilz Velours &#8220;Folly Dot&#8221;"},"content":{"rendered":"<h3 data-start=\"270\" data-end=\"317\"><strong>Zeitloser Begleiter mit urbanem Charakter<\/strong><\/h3>\n<p data-start=\"319\" data-end=\"715\">Der Filzhut Traveler Velours \u201eFolly Dot\u201c ist ein Ausdruck von klassischer Eleganz und moderner L\u00e4ssigkeit zugleich. Mit seiner breiten Krempe von 6.5 cm sch\u00fctzt er stilvoll vor Sonne und Wetter, w\u00e4hrend die Krone mit 11.0 cm H\u00f6he die markante Traveler-Silhouette unterstreicht. Gefertigt aus luxuri\u00f6sem Haarfilz Velours \u00fcberzeugt er mit feiner Textur, weichem Griff und exklusiver Verarbeitung.<\/p>\n<p data-start=\"717\" data-end=\"969\">Die Farbkombinationen \u2013 Camel mit Jeansblau, Leucht-Marine mit Jeansblau oder Kaperngr\u00fcn mit Salbei \u2013 verleihen dem Hut eine zeitgem\u00e4\u00dfe Note. Das Wollband mit ikonischem \u201eRisa seit 1919\u201c-Knopf rundet das Design als unverkennbares Qualit\u00e4tsmerkmal ab.<\/p>\n<p data-start=\"976\" data-end=\"997\"><strong data-start=\"976\" data-end=\"995\">Perfekt f\u00fcr\u2026 <\/strong><\/p>\n<p data-start=\"999\" data-end=\"1253\">\u2600\ufe0f <strong data-start=\"1002\" data-end=\"1022\">Reisen &amp; Alltag:<\/strong> Vielseitig kombinierbar, robust und gleichzeitig stilvoll.<br data-start=\"1081\" data-end=\"1084\" \/><strong data-start=\"1087\" data-end=\"1109\">Besondere Anl\u00e4sse:<\/strong> Ein Auftritt, der Eleganz und Charakter zeigt.<br data-start=\"1156\" data-end=\"1159\" \/><strong data-start=\"1162\" data-end=\"1187\">Nachhaltige \u00c4stheten:<\/strong> Gefertigt in Schweizer Handarbeit, aus nat\u00fcrlichen Materialien.<\/p>\n<div class=\"hf-accordions\">\n<hr class=\"hf-accordion-separator\" \/>\n<details class=\"hf-accordion\">\n<summary><strong>\u25b6\ufe0f Gut zu wissen \u2013 mehr erfahren<\/strong><\/summary>\n<div class=\"hf-accordion-content\">\n<h3>Wichtige Produktdetails:<\/h3>\n<ul>\n<li><strong>Materialzusammensetzung:<\/strong>\u00a0100% Haarfilz \u2013 f\u00fcr Langlebigkeit und eine formstabile Struktur<\/li>\n<li><strong>Muster:<\/strong>\u00a0Auff\u00e4llige Ziern\u00e4hte links, rechts, vorne und hinten \u2013 ein extravagantes Detail f\u00fcr einen markanten<\/li>\n<li><strong>Randbreite:<\/strong>\u00a04,5 cm \u2013 f\u00fcr den klassischen Bowler-Look<\/li>\n<li><strong>Kopfh\u00f6he:<\/strong>\u00a012,0 cm \u2013 f\u00fcr eine markante, aber dennoch traditionelle Form<\/li>\n<li><strong>Farben:\u00a0<\/strong>1. Schwarz mit Rebsband &amp; Lederkordel, 2.\u00a0Salbei mit Rebsband &amp; Lederkordel<\/li>\n<li><strong>Gr\u00f6\u00dfen:<\/strong>\u00a0Verf\u00fcgbar in den Gr\u00f6\u00dfen 54-62 \u2013 f\u00fcr eine perfekte Passform<\/li>\n<li><strong>Hutband:<\/strong>\u00a0Rebsband mit Lederkordel und einem dekorativen Qualit\u00e4tsknopf auf der Masche \u2013 sorgt f\u00fcr ein stilvolles<\/li>\n<li><strong>Schwei\u00dfband:<\/strong>\u00a0Sauber eingen\u00e4htes Textilinnenband als Schwei\u00dfband \u2013 f\u00fcr h\u00f6chsten Tragekomfort und langanhaltende<\/li>\n<li><strong>Fertigungsort:<\/strong>\u00a0Handgefertigt in der renommierten\u00a0<strong>Schweizer Hutmanufaktur Risa<\/strong>. Diese Manufaktur steht seit Jahren f\u00fcr handwerkliche Perfektion und innovative Designs.<\/li>\n<li><strong>Fertigungszeit:<\/strong>\u00a0Jeder Hut wird auf Bestellung gefertigt, sodass Exklusivit\u00e4t und Individualit\u00e4t garantiert sind. Die Herstellung dauert in der Regel\u00a0<strong>10 bis 15 Arbeitstage nach Zahlungseingang<\/strong>.<\/li>\n<li><strong>Versand:<\/strong>\u00a0Nach Fertigstellung des Hutes wird dieser direkt ab Lager Schweiz versendet, sodass Sie Ihren Hut schnell und zuverl\u00e4ssig erhalten.<\/li>\n<li><strong>Garantie:<\/strong>\u00a0Umtausch ist nur bei Material- oder Herstellungsfehlern m\u00f6glich, da es sich um eine ma\u00dfgefertigte Sonderanfertigung handelt.<\/li>\n<li><strong>Verf\u00fcgbarkeit:<\/strong>\u00a0Da die H\u00fcte in limitierter Auflage produziert werden, empfehlen wir eine fr\u00fchzeitige Bestellung, um sich Ihr exklusives Modell zu sichern. Sollte das Rohmaterial ausverkauft sein, kann es zu Verz\u00f6gerungen kommen.<\/li>\n<\/ul>\n<\/div>\n<\/details>\n<details class=\"hf-accordion\">\n<summary><strong>\u25b6\ufe0f FAQ \u2013 H\u00e4ufige Fragen<\/strong><\/summary>\n<div class=\"hf-accordion-content\">\n<h3>H\u00e4ufige Fragen und Antworten (FAQ)<\/h3>\n<p><strong>1. Wie pflege ich meinen Bowler Rugged \u201csewn and burned\u201d richtig?<\/strong><br \/>\nEs wird empfohlen, den Hut regelm\u00e4\u00dfig mit einer weichen B\u00fcrste zu reinigen. Bei tiefer gehendem Schmutz sollte eine professionelle Hutreinigung in Anspruch genommen werden.<\/p>\n<p><strong>2. In welchen Gr\u00f6\u00dfen ist der Hut erh\u00e4ltlich?<\/strong><br \/>\nDer Bowler Rugged ist in den Gr\u00f6\u00dfen 54 bis 62 verf\u00fcgbar und bietet somit f\u00fcr jeden Tr\u00e4ger die perfekte Passform.<\/p>\n<p><strong>3. Kann ich den Hut umtauschen, wenn er mir nicht passt?<\/strong><br \/>\nDa der Hut auf Bestellung gefertigt wird, ist ein Umtausch nur bei Material- oder Herstellungsfehlern m\u00f6glich. Bitte beachten Sie dies bei Ihrer Bestellung.<\/p>\n<p><strong>4. Wo wird der Hut hergestellt?<\/strong><br \/>\nDer Bowler Rugged wird in der Schweizer Hutmanufaktur Risa, einem traditionsreichen Handwerksbetrieb, gefertigt.<\/p>\n<p><strong>5. Wie lange dauert der Versand?<\/strong><br \/>\nNachdem der Hut gefertigt wurde, erfolgt der Versand innerhalb weniger Tage ab Lager Schweiz. Je nach Zielort kann die Lieferung variieren.<\/p>\n<\/div>\n<\/details>\n<\/div>\n","protected":false},"excerpt":{"rendered":"<h3 data-start=\"3940\" data-end=\"3982\"><strong>Ein Hut mit Charakter<\/strong><\/h3>\n<p data-start=\"3984\" data-end=\"4268\">Der Filzhut Traveler Velours \u201eFolly Dot\u201c vereint Funktionalit\u00e4t, Stil und exklusive Schweizer Handwerkskunst. Ob auf Reisen, in der Stadt oder bei besonderen Anl\u00e4ssen \u2013 er ist der perfekte Begleiter f\u00fcr alle, die Wert auf Qualit\u00e4t, Nachhaltigkeit und unverwechselbares Design legen.<\/p>\n","protected":false},"featured_media":11003,"template":"","meta":{"_acf_changed":false,"rs_blank_template":"","rs_page_bg_color":"","slide_template_v7":""},"product_brand":[250],"product_cat":[274,253],"product_tag":[],"class_list":{"0":"post-11001","1":"product","2":"type-product","3":"status-publish","4":"has-post-thumbnail","6":"product_brand-risa-hutwerkstatt-schweiz","7":"product_cat-traveler-winterhuete","8":"product_cat-winterhuete","9":"product_shipping_class-mittlere-pakete","10":"pa_color-camel","11":"pa_color-kaperngruen","12":"pa_color-leucht-marine","13":"pa_groesse-206","14":"pa_groesse-196","15":"pa_groesse-207","16":"pa_groesse-197","17":"pa_groesse-208","18":"pa_groesse-198","19":"pa_groesse-209","20":"pa_groesse-199","21":"pa_groesse-210","22":"yith_product_brand-risa-hutwerkstatt-schweiz","25":"instock","26":"taxable","27":"shipping-taxable","28":"purchasable","29":"product-type-variable","30":"wvs-archive-product-wrapper","31":"add-to-wishlist-after_add_to_cart"},"acf":[],"yoast_head":"<!-- This site is optimized with the Yoast SEO Premium plugin v27.3 (Yoast SEO v27.3) - https:\/\/yoast.com\/product\/yoast-seo-premium-wordpress\/ -->\n<title>Traveler Hut \u201eFolly Dot\u201c Haarfilz Velours \u2013 Risa Schweiz<\/title>\n<meta name=\"description\" content=\"Traveler Hut \u201eFolly Dot\u201c aus Haarfilz Velours. Handgefertigt in der Schweiz von Risa. Eleganter Begleiter mit breiter Krempe &amp; exklusivem Wollband\" \/>\n<meta name=\"robots\" content=\"index, follow, max-snippet:-1, max-image-preview:large, max-video-preview:-1\" \/>\n<link rel=\"canonical\" href=\"https:\/\/hutfactory.com\/?product=fedora-traveler-haarfilz-velours-folly-dot\" \/>\n<meta property=\"og:locale\" content=\"de_DE\" \/>\n<meta property=\"og:type\" content=\"article\" \/>\n<meta property=\"og:title\" content=\"Fedora Traveler Haarfilz Velours &quot;Folly Dot&quot;\" \/>\n<meta property=\"og:description\" content=\"Traveler Hut \u201eFolly Dot\u201c aus Haarfilz Velours. Handgefertigt in der Schweiz von Risa. Eleganter Begleiter mit breiter Krempe &amp; exklusivem Wollband\" \/>\n<meta property=\"og:url\" content=\"https:\/\/hutfactory.com\/?product=fedora-traveler-haarfilz-velours-folly-dot\" \/>\n<meta property=\"og:site_name\" content=\"Hut Factory\" \/>\n<meta property=\"article:modified_time\" content=\"2026-02-11T13:25:35+00:00\" \/>\n<meta property=\"og:image\" content=\"https:\/\/hutfactory.com\/wp-content\/uploads\/2026\/02\/55506002.alle_.webp\" \/>\n\t<meta property=\"og:image:width\" content=\"2000\" \/>\n\t<meta property=\"og:image:height\" content=\"1500\" \/>\n\t<meta property=\"og:image:type\" content=\"image\/webp\" \/>\n<meta name=\"twitter:card\" content=\"summary_large_image\" \/>\n<meta name=\"twitter:label1\" content=\"Gesch\u00e4tzte Lesezeit\" \/>\n\t<meta name=\"twitter:data1\" content=\"3\u00a0Minuten\" \/>\n<script type=\"application\/ld+json\" class=\"yoast-schema-graph\">{\"@context\":\"https:\\\/\\\/schema.org\",\"@graph\":[{\"@type\":\"WebPage\",\"@id\":\"https:\\\/\\\/hutfactory.com\\\/?product=fedora-traveler-haarfilz-velours-folly-dot\",\"url\":\"https:\\\/\\\/hutfactory.com\\\/?product=fedora-traveler-haarfilz-velours-folly-dot\",\"name\":\"Traveler Hut \u201eFolly Dot\u201c Haarfilz Velours \u2013 Risa Schweiz\",\"isPartOf\":{\"@id\":\"https:\\\/\\\/hutfactory.com\\\/#website\"},\"primaryImageOfPage\":{\"@id\":\"https:\\\/\\\/hutfactory.com\\\/?product=fedora-traveler-haarfilz-velours-folly-dot#primaryimage\"},\"image\":{\"@id\":\"https:\\\/\\\/hutfactory.com\\\/?product=fedora-traveler-haarfilz-velours-folly-dot#primaryimage\"},\"thumbnailUrl\":\"https:\\\/\\\/hutfactory.com\\\/wp-content\\\/uploads\\\/2026\\\/02\\\/55506002.alle_.webp\",\"datePublished\":\"2026-02-09T13:39:07+00:00\",\"dateModified\":\"2026-02-11T13:25:35+00:00\",\"description\":\"Traveler Hut \u201eFolly Dot\u201c aus Haarfilz Velours. Handgefertigt in der Schweiz von Risa. Eleganter Begleiter mit breiter Krempe & exklusivem Wollband\",\"breadcrumb\":{\"@id\":\"https:\\\/\\\/hutfactory.com\\\/?product=fedora-traveler-haarfilz-velours-folly-dot#breadcrumb\"},\"inLanguage\":\"de\",\"potentialAction\":[{\"@type\":\"ReadAction\",\"target\":[\"https:\\\/\\\/hutfactory.com\\\/?product=fedora-traveler-haarfilz-velours-folly-dot\"]}]},{\"@type\":\"ImageObject\",\"inLanguage\":\"de\",\"@id\":\"https:\\\/\\\/hutfactory.com\\\/?product=fedora-traveler-haarfilz-velours-folly-dot#primaryimage\",\"url\":\"https:\\\/\\\/hutfactory.com\\\/wp-content\\\/uploads\\\/2026\\\/02\\\/55506002.alle_.webp\",\"contentUrl\":\"https:\\\/\\\/hutfactory.com\\\/wp-content\\\/uploads\\\/2026\\\/02\\\/55506002.alle_.webp\",\"width\":2000,\"height\":1500,\"caption\":\"Filzhut Traveler Velours \u201eFolly Dot\u201c \u2013 handgemacht in der Schweiz|Filzhut Traveler Velours \u201eFolly Dot\u201c \u2013 handgemacht in der Schweiz|Filzhut Traveler Velours \u201eFolly Dot\u201c \u2013 handgemacht in der Schweiz|Filzhut Traveler Velours \u201eFolly Dot\u201c \u2013 handgemacht in der Schweiz|||\"},{\"@type\":\"BreadcrumbList\",\"@id\":\"https:\\\/\\\/hutfactory.com\\\/?product=fedora-traveler-haarfilz-velours-folly-dot#breadcrumb\",\"itemListElement\":[{\"@type\":\"ListItem\",\"position\":1,\"name\":\"Start\",\"item\":\"https:\\\/\\\/hutfactory.com\\\/\"},{\"@type\":\"ListItem\",\"position\":2,\"name\":\"Shop\",\"item\":\"https:\\\/\\\/hutfactory.com\\\/?page_id=10\"},{\"@type\":\"ListItem\",\"position\":3,\"name\":\"Fedora Traveler Haarfilz Velours &#8220;Folly Dot&#8221;\"}]},{\"@type\":\"WebSite\",\"@id\":\"https:\\\/\\\/hutfactory.com\\\/#website\",\"url\":\"https:\\\/\\\/hutfactory.com\\\/\",\"name\":\"Hut Factory\",\"description\":\"H\u00fcte, Kappen &amp; M\u00fctzen in Top Swiss\\\/EU Qualit\u00e4t\",\"publisher\":{\"@id\":\"https:\\\/\\\/hutfactory.com\\\/#organization\"},\"alternateName\":\"Hut Shop\",\"potentialAction\":[{\"@type\":\"SearchAction\",\"target\":{\"@type\":\"EntryPoint\",\"urlTemplate\":\"https:\\\/\\\/hutfactory.com\\\/?s={search_term_string}\"},\"query-input\":{\"@type\":\"PropertyValueSpecification\",\"valueRequired\":true,\"valueName\":\"search_term_string\"}}],\"inLanguage\":\"de\"},{\"@type\":\"Organization\",\"@id\":\"https:\\\/\\\/hutfactory.com\\\/#organization\",\"name\":\"Hut Factory\",\"url\":\"https:\\\/\\\/hutfactory.com\\\/\",\"logo\":{\"@type\":\"ImageObject\",\"inLanguage\":\"de\",\"@id\":\"https:\\\/\\\/hutfactory.com\\\/#\\\/schema\\\/logo\\\/image\\\/\",\"url\":\"https:\\\/\\\/hutfactory.com\\\/wp-content\\\/uploads\\\/2026\\\/01\\\/Logo-hut-factory-1.webp\",\"contentUrl\":\"https:\\\/\\\/hutfactory.com\\\/wp-content\\\/uploads\\\/2026\\\/01\\\/Logo-hut-factory-1.webp\",\"width\":300,\"height\":262,\"caption\":\"Hut Factory\"},\"image\":{\"@id\":\"https:\\\/\\\/hutfactory.com\\\/#\\\/schema\\\/logo\\\/image\\\/\"}}]}<\/script>\n<!-- \/ Yoast SEO Premium plugin. -->","yoast_head_json":{"title":"Traveler Hut \u201eFolly Dot\u201c Haarfilz Velours \u2013 Risa Schweiz","description":"Traveler Hut \u201eFolly Dot\u201c aus Haarfilz Velours. Handgefertigt in der Schweiz von Risa. Eleganter Begleiter mit breiter Krempe & exklusivem Wollband","robots":{"index":"index","follow":"follow","max-snippet":"max-snippet:-1","max-image-preview":"max-image-preview:large","max-video-preview":"max-video-preview:-1"},"canonical":"https:\/\/hutfactory.com\/?product=fedora-traveler-haarfilz-velours-folly-dot","og_locale":"de_DE","og_type":"article","og_title":"Fedora Traveler Haarfilz Velours \"Folly Dot\"","og_description":"Traveler Hut \u201eFolly Dot\u201c aus Haarfilz Velours. Handgefertigt in der Schweiz von Risa. Eleganter Begleiter mit breiter Krempe & exklusivem Wollband","og_url":"https:\/\/hutfactory.com\/?product=fedora-traveler-haarfilz-velours-folly-dot","og_site_name":"Hut Factory","article_modified_time":"2026-02-11T13:25:35+00:00","og_image":[{"width":2000,"height":1500,"url":"https:\/\/hutfactory.com\/wp-content\/uploads\/2026\/02\/55506002.alle_.webp","type":"image\/webp"}],"twitter_card":"summary_large_image","twitter_misc":{"Gesch\u00e4tzte Lesezeit":"3\u00a0Minuten"},"schema":{"@context":"https:\/\/schema.org","@graph":[{"@type":"WebPage","@id":"https:\/\/hutfactory.com\/?product=fedora-traveler-haarfilz-velours-folly-dot","url":"https:\/\/hutfactory.com\/?product=fedora-traveler-haarfilz-velours-folly-dot","name":"Traveler Hut \u201eFolly Dot\u201c Haarfilz Velours \u2013 Risa Schweiz","isPartOf":{"@id":"https:\/\/hutfactory.com\/#website"},"primaryImageOfPage":{"@id":"https:\/\/hutfactory.com\/?product=fedora-traveler-haarfilz-velours-folly-dot#primaryimage"},"image":{"@id":"https:\/\/hutfactory.com\/?product=fedora-traveler-haarfilz-velours-folly-dot#primaryimage"},"thumbnailUrl":"https:\/\/hutfactory.com\/wp-content\/uploads\/2026\/02\/55506002.alle_.webp","datePublished":"2026-02-09T13:39:07+00:00","dateModified":"2026-02-11T13:25:35+00:00","description":"Traveler Hut \u201eFolly Dot\u201c aus Haarfilz Velours. Handgefertigt in der Schweiz von Risa. Eleganter Begleiter mit breiter Krempe & exklusivem Wollband","breadcrumb":{"@id":"https:\/\/hutfactory.com\/?product=fedora-traveler-haarfilz-velours-folly-dot#breadcrumb"},"inLanguage":"de","potentialAction":[{"@type":"ReadAction","target":["https:\/\/hutfactory.com\/?product=fedora-traveler-haarfilz-velours-folly-dot"]}]},{"@type":"ImageObject","inLanguage":"de","@id":"https:\/\/hutfactory.com\/?product=fedora-traveler-haarfilz-velours-folly-dot#primaryimage","url":"https:\/\/hutfactory.com\/wp-content\/uploads\/2026\/02\/55506002.alle_.webp","contentUrl":"https:\/\/hutfactory.com\/wp-content\/uploads\/2026\/02\/55506002.alle_.webp","width":2000,"height":1500,"caption":"Filzhut Traveler Velours \u201eFolly Dot\u201c \u2013 handgemacht in der Schweiz|Filzhut Traveler Velours \u201eFolly Dot\u201c \u2013 handgemacht in der Schweiz|Filzhut Traveler Velours \u201eFolly Dot\u201c \u2013 handgemacht in der Schweiz|Filzhut Traveler Velours \u201eFolly Dot\u201c \u2013 handgemacht in der Schweiz|||"},{"@type":"BreadcrumbList","@id":"https:\/\/hutfactory.com\/?product=fedora-traveler-haarfilz-velours-folly-dot#breadcrumb","itemListElement":[{"@type":"ListItem","position":1,"name":"Start","item":"https:\/\/hutfactory.com\/"},{"@type":"ListItem","position":2,"name":"Shop","item":"https:\/\/hutfactory.com\/?page_id=10"},{"@type":"ListItem","position":3,"name":"Fedora Traveler Haarfilz Velours &#8220;Folly Dot&#8221;"}]},{"@type":"WebSite","@id":"https:\/\/hutfactory.com\/#website","url":"https:\/\/hutfactory.com\/","name":"Hut Factory","description":"H\u00fcte, Kappen &amp; M\u00fctzen in Top Swiss\/EU Qualit\u00e4t","publisher":{"@id":"https:\/\/hutfactory.com\/#organization"},"alternateName":"Hut Shop","potentialAction":[{"@type":"SearchAction","target":{"@type":"EntryPoint","urlTemplate":"https:\/\/hutfactory.com\/?s={search_term_string}"},"query-input":{"@type":"PropertyValueSpecification","valueRequired":true,"valueName":"search_term_string"}}],"inLanguage":"de"},{"@type":"Organization","@id":"https:\/\/hutfactory.com\/#organization","name":"Hut Factory","url":"https:\/\/hutfactory.com\/","logo":{"@type":"ImageObject","inLanguage":"de","@id":"https:\/\/hutfactory.com\/#\/schema\/logo\/image\/","url":"https:\/\/hutfactory.com\/wp-content\/uploads\/2026\/01\/Logo-hut-factory-1.webp","contentUrl":"https:\/\/hutfactory.com\/wp-content\/uploads\/2026\/01\/Logo-hut-factory-1.webp","width":300,"height":262,"caption":"Hut Factory"},"image":{"@id":"https:\/\/hutfactory.com\/#\/schema\/logo\/image\/"}}]}},"_links":{"self":[{"href":"https:\/\/hutfactory.com\/index.php?rest_route=\/wp\/v2\/product\/11001","targetHints":{"allow":["GET"]}}],"collection":[{"href":"https:\/\/hutfactory.com\/index.php?rest_route=\/wp\/v2\/product"}],"about":[{"href":"https:\/\/hutfactory.com\/index.php?rest_route=\/wp\/v2\/types\/product"}],"wp:featuredmedia":[{"embeddable":true,"href":"https:\/\/hutfactory.com\/index.php?rest_route=\/wp\/v2\/media\/11003"}],"wp:attachment":[{"href":"https:\/\/hutfactory.com\/index.php?rest_route=%2Fwp%2Fv2%2Fmedia&parent=11001"}],"wp:term":[{"taxonomy":"product_brand","embeddable":true,"href":"https:\/\/hutfactory.com\/index.php?rest_route=%2Fwp%2Fv2%2Fproduct_brand&post=11001"},{"taxonomy":"product_cat","embeddable":true,"href":"https:\/\/hutfactory.com\/index.php?rest_route=%2Fwp%2Fv2%2Fproduct_cat&post=11001"},{"taxonomy":"product_tag","embeddable":true,"href":"https:\/\/hutfactory.com\/index.php?rest_route=%2Fwp%2Fv2%2Fproduct_tag&post=11001"}],"curies":[{"name":"wp","href":"https:\/\/api.w.org\/{rel}","templated":true}]}}