{"id":5617,"date":"2022-01-13T20:00:40","date_gmt":"2022-01-13T20:00:40","guid":{"rendered":"https:\/\/hutfactory.com\/?page_id=5617"},"modified":"2026-03-25T12:35:16","modified_gmt":"2026-03-25T12:35:16","slug":"westernhut","status":"publish","type":"page","link":"https:\/\/hutfactory.com\/?page_id=5617","title":{"rendered":"Home Western"},"content":{"rendered":"<div class=\"wpb-content-wrapper\"><p>[vc_row gap=&#8221;5&#8243; content_placement=&#8221;middle&#8221; css=&#8221;.vc_custom_1678719989871{margin-right: 5px !important;margin-bottom: 110px !important;margin-left: 5px !important;background-position: center !important;background-repeat: no-repeat !important;background-size: contain !important;border-radius: 5px !important;}&#8221;][vc_column]\n\t\t\t\t<p class=\"rs-p-wp-fix\"><\/p>\n\t\t\t\t<sr7-module data-alias=\"fashion-home51\" data-id=\"14\" id=\"SR7_14_1\" data-version=\"7.0.7.1\">\n\t\t\t\t\t<sr7-adjuster><\/sr7-adjuster>\n\t\t\t\t\t<sr7-content>\n\t\t\t\t\t\t<sr7-slide id=\"SR7_14_1-40\" data-key=\"40\">\n\t\t\t\t\t\t\t<sr7-bg id=\"SR7_14_1-40-5\" class=\"sr7-layer\"><noscript><img decoding=\"async\" src=\"https:\/\/hutfactory.com\/wp-content\/uploads\/revslider\/fashion-home51\/Verkauf-Hutshop.webp\" alt=\"\" title=\"Verkauf Hutshop.webp\"><\/noscript><\/sr7-bg>\n\t\t\t\t\t\t\t<a id=\"SR7_14_1-40-4\" class=\"sr7-layer\" href=\"https:\/\/hutfactory.com\/?product_cat=western-cowboyhuete\" target=\"_blank\" rel=\"nofollow noopener\">ZUM SHOP<\/a>\n\t\t\t\t\t\t<\/sr7-slide>\n\t\t\t\t\t\t<sr7-slide id=\"SR7_14_1-41\" data-key=\"41\">\n\t\t\t\t\t\t\t<sr7-bg id=\"SR7_14_1-41-5\" class=\"sr7-layer\"><noscript><img decoding=\"async\" src=\"https:\/\/hutfactory.com\/wp-content\/uploads\/revslider\/fashion-home51\/Slider-1.webp\" alt=\"\" title=\"Slider 1.webp\"><\/noscript><\/sr7-bg>\n\t\t\t\t\t\t\t<a id=\"SR7_14_1-41-4\" class=\"sr7-layer\" href=\"https:\/\/hut-factory.com\/produkt-kategorie\/western-kollektion\/\" target=\"_blank\" rel=\"nofollow noopener\">ZUM SHOP<\/a>\n\t\t\t\t\t\t<\/sr7-slide>\n\t\t\t\t\t\t<sr7-slide id=\"SR7_14_1-42\" data-key=\"42\">\n\t\t\t\t\t\t\t<sr7-bg id=\"SR7_14_1-42-5\" class=\"sr7-layer\"><noscript><img decoding=\"async\" src=\"https:\/\/hutfactory.com\/wp-content\/uploads\/revslider\/fashion-home51\/Slider-2.webp\" alt=\"\" title=\"Slider 2.webp\"><\/noscript><\/sr7-bg>\n\t\t\t\t\t\t\t<a id=\"SR7_14_1-42-4\" class=\"sr7-layer\" href=\"https:\/\/hut-factory.com\/produkt-kategorie\/western-kollektion\/\" target=\"_blank\" rel=\"nofollow noopener\">ZUM SHOP<\/a>\n\t\t\t\t\t\t<\/sr7-slide>\n\t\t\t\t\t\t<sr7-slide id=\"SR7_14_1-43\" data-key=\"43\">\n\t\t\t\t\t\t<\/sr7-slide>\n\t\t\t\t\t<\/sr7-content>\n\t\t\t\t\t<image_lists style=\"display:none\">\n\t\t\t\t\t\t<img data-src=\"\/\/hutfactory.com\/wp-content\/uploads\/revslider\/o\/14\/7550c4fb545a6a98719f952b27a62998.webp\" data-lib=\"medialibrary\" width=\"0\" height=\"0\" data-dbsrc=\"Ly9odXRmYWN0b3J5LmNvbS93cC1jb250ZW50L3VwbG9hZHMvcmV2c2xpZGVyL2Zhc2hpb24taG9tZTUxL1ZlcmthdWYtSHV0c2hvcC53ZWJw\"\/>\n\t\t\t\t\t\t<img data-src=\"\/\/hutfactory.com\/wp-content\/uploads\/revslider\/fashion-home51\/Slider-1.webp\" data-lib=\"medialibrary\" width=\"0\" height=\"0\" data-dbsrc=\"Ly9odXRmYWN0b3J5LmNvbS93cC1jb250ZW50L3VwbG9hZHMvcmV2c2xpZGVyL2Zhc2hpb24taG9tZTUxL1NsaWRlci0xLndlYnA=\"\/>\n\t\t\t\t\t\t<img data-src=\"\/\/hutfactory.com\/wp-content\/uploads\/revslider\/fashion-home51\/Slider-2.webp\" data-lib=\"medialibrary\" width=\"0\" height=\"0\" data-dbsrc=\"Ly9odXRmYWN0b3J5LmNvbS93cC1jb250ZW50L3VwbG9hZHMvcmV2c2xpZGVyL2Zhc2hpb24taG9tZTUxL1NsaWRlci0yLndlYnA=\"\/>\n\t\t\t\t\t<\/image_lists>\n\t\t\t\t<\/sr7-module>\n\t\t\t\t<script>\n\t\t\t\t\twindow.SR7??={}; SR7.PMH ??={}; SR7.PMH[\"SR7_14_1\"] = {cn:100,state:false,fn: function() { if (window._tpt!==undefined && window._tpt.prepareModuleHeight !== undefined) {  _tpt.prepareModuleHeight({id:\"SR7_14_1\",el:[459,459,450,500,300],type:'standard',gh:[710,710,600,500,300],gw:[1920,1920,1366,778,480],vpt:['-200px&#039;,&#039;-200px&#039;,&#039;-200px&#039;,&#039;-200px&#039;,&#039;-200px'],size:{fullWidth:true, fullHeight:false},mh:'0',onh:0,onw:0,bg:{color:'{\"orig\":\"transparent\",\"type\":\"solid\",\"string\":\"transparent\"}'},plType:'0',plColor:'#FFFFFF'});   SR7.PMH[\"SR7_14_1\"].state=true;} else if(SR7.PMH[\"SR7_14_1\"].cn-->0)\tsetTimeout( SR7.PMH[\"SR7_14_1\"].fn,19);}};SR7.PMH[\"SR7_14_1\" ].fn();\n\t\t\t\t<\/script>\n[vc_empty_space height=&#8221;35px&#8221;][\/vc_column][\/vc_row][vc_row gap=&#8221;10&#8243; css=&#8221;.vc_custom_1679920723126{margin-right: 5px !important;margin-left: 5px !important;}&#8221;][vc_column width=&#8221;1\/2&#8243;][vc_single_image image=&#8221;39386&#8243; img_size=&#8221;large&#8221; css=&#8221;&#8221;][\/vc_column][vc_column width=&#8221;1\/2&#8243;][vc_column_text css=&#8221;&#8221;]<\/p>\n<p style=\"padding-left: 40px;\">Vielen Dank f\u00fcr Ihr Interesse an unseren handgemachten Westernh\u00fcten aus dem schweizerischen Freiamt. Wir sind die Hut Factory und leidenschaftlich darum bem\u00fcht, Ihnen hochwertige und stilvolle Cowboy- sowie Old Style Westernh\u00fcte anzubieten, die Ihre Leidenschaft f\u00fcr den Wilden Westen widerspiegeln und Ihren individuellen Stil unterstreichen.<\/p>\n<p style=\"padding-left: 40px;\">Seit 1919 fertigen wir Westernh\u00fcte mit gr\u00f6\u00dfter Sorgfalt und aus den besten Materialien in der Schweiz von Hand. Uns liegt Nachhaltigkeit und Umweltfreundlichkeit am Herzen, sodass unsere H\u00fcte nicht nur stilvoll, sondern auch umweltbewusst sind. Sie bieten optimalen Schutz vor Sonne, Wind und Wetter.<\/p>\n<p style=\"padding-left: 40px;\">Bei uns finden Sie eine Vielfalt an Optionen, um Ihren Westernhut individuell anzupassen \u2013 von verschiedenen Gr\u00f6\u00dfen bis hin zu Materialien und Farben. In unserer Guide zum Thema Westernh\u00fcte stehen Ihnen unten im Link eine Vielzahl an Informationen f\u00fcr die Auswahl des richtigen Westernhutes zur Verf\u00fcgung.<\/p>\n<p style=\"padding-left: 40px;\">Bei Fragen oder Unterst\u00fctzungsbedarf sind wir jederzeit f\u00fcr Sie da. Wir freuen uns darauf, Ihnen den perfekten Westernhut zu bieten, der Sie in jedem Moment begleitet und ein unvergleichliches Trageerlebnis schenkt.<\/p>\n<p style=\"padding-left: 40px;\">Mit stilechten Gr\u00fc\u00dfen und einer Prise Wilder Westen, Ihre Hut Factory<\/p>\n<p>[\/vc_column_text][\/vc_column][\/vc_row][vc_row css=&#8221;.vc_custom_1679922458878{margin-right: 5px !important;margin-left: 5px !important;}&#8221;][vc_column][vc_column_text css=&#8221;&#8221;]<\/p>\n<h3 style=\"text-align: center;\">\u00a0Ultimative Guide Westernh\u00fcte &#8211; jetzt mehr erfahren<\/h3>\n<p>Entdecken Sie den ultimativen Guide zum Thema Westernh\u00fcte! Erfahren Sie alles \u00fcber die verschiedenen Hutformen wie flache Kronen, hohe Kronen und Rodeo-Kronen sowie die vielf\u00e4ltigen Farboptionen von klassischem Schwarz und Braun bis zu auff\u00e4lligeren Farben wie Rot, Blau und Ocker. Unter folgendem Link finden Sie alle wichtigen Informationen und einen umfassenden \u00dcberblick. Tauchen Sie ein in die Welt der Westernh\u00fcte und lassen Sie sich von unserem Guide inspirieren![\/vc_column_text][vc_btn title=&#8221;Wollen Sie mehr \u00fcber Westernh\u00fcte erfahren? &#8211; GO zur ultimative Guide&#8221; color=&#8221;danger&#8221; align=&#8221;center&#8221; css=&#8221;&#8221; link=&#8221;url:https%3A%2F%2Fhutfactory.com%2F%3Fp%3D5928|title:Westernhut%20Guide|target:_blank&#8221;][vc_column_text]Der Guide hilft Ihnen dabei, Ihre individuelle Kopfform zu bestimmen und den perfekten Westernhut auszuw\u00e4hlen, der nicht nur modisch, sondern auch bequem und funktional ist. Entdecken Sie zahlreiche Optionen, um Ihren Hut ganz nach Ihren W\u00fcnschen anzupassen und Ihren pers\u00f6nlichen Stil zum Ausdruck zu bringen.\u00a0Unser Team steht Ihnen gerne f\u00fcr Fragen und pers\u00f6nliche Beratung zur Verf\u00fcgung. Wir m\u00f6chten sicherstellen, dass Ihr Hutkauf zu einem besonderen Erlebnis wird.[\/vc_column_text][vc_empty_space height=&#8221;25px&#8221;][vc_column_text]<\/p>\n<h3 style=\"text-align: center;\">Entdecke jetzt einzigartige Westernh\u00fcte in Top Premium Qualit\u00e4t<\/h3>\n<p>Besuchen Sie unseren Onlineshop und lassen Sie sich von unserer auserlesenen Auswahl an Stroh- und Filzwesternh\u00fcten inspirieren und. F\u00fcr alle die sich von der Masse abheben und Ihrem Look individuell unterstreichen m\u00f6chten, ob f\u00fcr Turniere, Reitausfl\u00fcge, Rodeos, Country-Musik-Events oder einfach f\u00fcr den l\u00e4ssigen Cowboylook \u2013 bei uns finden Sie Custom Handmade Westernhut, der Ihre Pers\u00f6nlichkeit zum Strahlen bringt.[\/vc_column_text][vc_btn title=&#8221;GO &#8211; ONLINE SHOP&#8221; style=&#8221;3d&#8221; color=&#8221;danger&#8221; align=&#8221;center&#8221; i_icon_fontawesome=&#8221;&#8221; css=&#8221;&#8221; add_icon=&#8221;true&#8221; link=&#8221;url:https%3A%2F%2Fhutfactory.com%2F%3Fproduct_cat%3Dwesternhuete|title:SHOP%20NOW|target:_blank&#8221;][vc_column_text]<\/p>\n<h3 style=\"text-align: center;\">&#8211; Handmade in Switzerland since 1919 &#8211;<\/h3>\n<p>Z\u00f6gern Sie nicht, uns bei weiteren Fragen oder Unterst\u00fctzungsbedarf Herrn Ren\u00e9 Angerer zu kontaktieren. Er freut sich darauf, Ihnen den perfekten Westernhut anzubieten, der Sie in jedem Moment begleitet und Ihnen ein unvergleichliches Trageerlebnis schenkt.<\/p>\n<p style=\"text-align: center;\">Mit stilechten Gr\u00fc\u00dfen und einer Prise Wilder Westen, Ihre Hut Factory<\/p>\n<p>[\/vc_column_text][vc_empty_space height=&#8221;20px&#8221;][vc_column_text css=&#8221;&#8221;]<\/p>\n<h3 style=\"text-align: center;\"><strong>Individuelle Westernh\u00fcte aus verschiedenen Blickwinkeln erleben<br \/>\n<\/strong><\/h3>\n<p>In unserem Making-Off-Video zeigen wir Ihnen zahlreiche Westernh\u00fcte aus verschiedenen Blickwinkeln. Die Vielfalt der Formen und Farben kommt besonders gut zur Geltung.<\/p>\n<p>Westernh\u00fcte sind ein klassisches Accessoire der Westernmode und werden oft mit dem Cowboy-Lifestyle assoziiert. Die Formen variieren je nach Modell grob in drei Kategorien: flache Kronen, hohe Kronen und Rodeo-Kronen.\u00a0Entdecken Sie die faszinierenden Farben von klassisch Schwarz und Braun bis zu auff\u00e4lligeren T\u00f6nen wie Rot, Blau und Ocker. Verzierungen mit Lederb\u00e4ndern oder Metallakzenten verleihen jedem Hut einen individuellen Look.<\/p>\n<p>Egal ob klassisch oder auff\u00e4llig, bei uns finden Sie den passenden Westernhut, der Ihren pers\u00f6nlichen Stil unterstreicht.\u00a0Erleben Sie die Faszination der Westernh\u00fcte in unserem Making-Off-Video![\/vc_column_text][vc_video link=&#8221;https:\/\/youtu.be\/qkyaUKZsalU?si=ANBI0i6ZX_DiCoiS&#8221; el_width=&#8221;90&#8243; align=&#8221;center&#8221; css=&#8221;&#8221; title=&#8221;Unserer Westernh\u00fcte&#8221;][\/vc_column][\/vc_row]<\/p>\n<\/div>","protected":false},"excerpt":{"rendered":"<p>[vc_row gap=&#8221;5&#8243; content_placement=&#8221;middle&#8221; css=&#8221;.vc_custom_1678719989871{margin-right: 5px !important;margin-bottom: 110px !important;margin-left: 5px !important;background-position: center !important;background-repeat: no-repeat !important;background-size: contain !important;border-radius: 5px !important;}&#8221;][vc_column][vc_empty_space height=&#8221;35px&#8221;][\/vc_column][\/vc_row][vc_row gap=&#8221;10&#8243; css=&#8221;.vc_custom_1679920723126{margin-right: 5px !important;margin-left: 5px !important;}&#8221;][vc_column width=&#8221;1\/2&#8243;][vc_single_image image=&#8221;39386&#8243; img_size=&#8221;large&#8221; css=&#8221;&#8221;][\/vc_column][vc_column width=&#8221;1\/2&#8243;][vc_column_text css=&#8221;&#8221;] Vielen Dank f\u00fcr Ihr Interesse an unseren handgemachten Westernh\u00fcten aus dem schweizerischen Freiamt. Wir sind die Hut Factory und leidenschaftlich darum bem\u00fcht, Ihnen hochwertige &hellip; <a href=\"https:\/\/hutfactory.com\/?page_id=5617\" class=\"more-link\">Weiterlesen <span class=\"screen-reader-text\">Home Western<\/span><\/a><\/p>\n","protected":false},"author":1,"featured_media":39386,"parent":0,"menu_order":0,"comment_status":"open","ping_status":"open","template":"","meta":{"_acf_changed":false,"rs_blank_template":"","rs_page_bg_color":"","slide_template_v7":"","footnotes":""},"class_list":["post-5617","page","type-page","status-publish","has-post-thumbnail","hentry"],"acf":[],"yoast_head":"<!-- This site is optimized with the Yoast SEO Premium plugin v27.3 (Yoast SEO v27.3) - https:\/\/yoast.com\/product\/yoast-seo-premium-wordpress\/ -->\n<title>Westernh\u00fcte online kaufen - Entdecken Sie die Vielfalt unserer Cowboyh\u00fcte<\/title>\n<meta name=\"description\" content=\"St\u00f6bern Sie in unserem Westernhut Online-Shop &amp; finden Sie den perfekten Westernhut f\u00fcr Ihr Outfit. Wir bieten Ihnen eine gro\u00dfe Auswahl an Cowboyh\u00fcten\" \/>\n<meta name=\"robots\" content=\"index, follow, max-snippet:-1, max-image-preview:large, max-video-preview:-1\" \/>\n<link rel=\"canonical\" href=\"https:\/\/hutfactory.com\/?page_id=5617\" \/>\n<meta property=\"og:locale\" content=\"de_DE\" \/>\n<meta property=\"og:type\" content=\"article\" \/>\n<meta property=\"og:title\" content=\"WESTERNH\u00dcT &amp; CUSTOM MADE COWBOYH\u00dcTE ONLINE KAUFEN\" \/>\n<meta property=\"og:description\" content=\"Entdecke Cowboyh\u00fcte im Westernhut Onlineshop, die Quelle f\u00fcr authentische old style H\u00fcte &amp; stilvolle, robuste Cowboyh\u00fcte im Westernstil\" \/>\n<meta property=\"og:url\" content=\"https:\/\/hutfactory.com\/?page_id=5617\" \/>\n<meta property=\"og:site_name\" content=\"Hut Factory\" \/>\n<meta property=\"article:modified_time\" content=\"2026-03-25T12:35:16+00:00\" \/>\n<meta property=\"og:image\" content=\"https:\/\/hutfactory.com\/wp-content\/uploads\/2026\/01\/Herbst-und-Wintermode-24-25.webp\" \/>\n\t<meta property=\"og:image:width\" content=\"1080\" \/>\n\t<meta property=\"og:image:height\" content=\"617\" \/>\n\t<meta property=\"og:image:type\" content=\"image\/webp\" \/>\n<meta name=\"twitter:card\" content=\"summary_large_image\" \/>\n<meta name=\"twitter:title\" content=\"WESTERNH\u00dcT &amp; CUSTOM MADE COWBOYH\u00dcTE ONLINE KAUFEN\" \/>\n<meta name=\"twitter:description\" content=\"Entdecke Cowboyh\u00fcte im Westernhut Onlineshop, die Quelle f\u00fcr authentische old style H\u00fcte &amp; stilvolle, robuste Cowboyh\u00fcte im Westernstil\" \/>\n<meta name=\"twitter:label1\" content=\"Gesch\u00e4tzte Lesezeit\" \/>\n\t<meta name=\"twitter:data1\" content=\"4\u00a0Minuten\" \/>\n<script type=\"application\/ld+json\" class=\"yoast-schema-graph\">{\"@context\":\"https:\\\/\\\/schema.org\",\"@graph\":[{\"@type\":\"WebPage\",\"@id\":\"https:\\\/\\\/hutfactory.com\\\/?page_id=5617\",\"url\":\"https:\\\/\\\/hutfactory.com\\\/?page_id=5617\",\"name\":\"Westernh\u00fcte online kaufen - Entdecken Sie die Vielfalt unserer Cowboyh\u00fcte\",\"isPartOf\":{\"@id\":\"https:\\\/\\\/hutfactory.com\\\/#website\"},\"primaryImageOfPage\":{\"@id\":\"https:\\\/\\\/hutfactory.com\\\/?page_id=5617#primaryimage\"},\"image\":{\"@id\":\"https:\\\/\\\/hutfactory.com\\\/?page_id=5617#primaryimage\"},\"thumbnailUrl\":\"https:\\\/\\\/hutfactory.com\\\/wp-content\\\/uploads\\\/2026\\\/03\\\/Westernhuete.webp\",\"datePublished\":\"2022-01-13T20:00:40+00:00\",\"dateModified\":\"2026-03-25T12:35:16+00:00\",\"description\":\"St\u00f6bern Sie in unserem Westernhut Online-Shop & finden Sie den perfekten Westernhut f\u00fcr Ihr Outfit. Wir bieten Ihnen eine gro\u00dfe Auswahl an Cowboyh\u00fcten\",\"breadcrumb\":{\"@id\":\"https:\\\/\\\/hutfactory.com\\\/?page_id=5617#breadcrumb\"},\"inLanguage\":\"de\",\"potentialAction\":[{\"@type\":\"ReadAction\",\"target\":[\"https:\\\/\\\/hutfactory.com\\\/?page_id=5617\"]}]},{\"@type\":\"ImageObject\",\"inLanguage\":\"de\",\"@id\":\"https:\\\/\\\/hutfactory.com\\\/?page_id=5617#primaryimage\",\"url\":\"https:\\\/\\\/hutfactory.com\\\/wp-content\\\/uploads\\\/2026\\\/03\\\/Westernhuete.webp\",\"contentUrl\":\"https:\\\/\\\/hutfactory.com\\\/wp-content\\\/uploads\\\/2026\\\/03\\\/Westernhuete.webp\",\"width\":1370,\"height\":1024},{\"@type\":\"BreadcrumbList\",\"@id\":\"https:\\\/\\\/hutfactory.com\\\/?page_id=5617#breadcrumb\",\"itemListElement\":[{\"@type\":\"ListItem\",\"position\":1,\"name\":\"Start\",\"item\":\"https:\\\/\\\/hutfactory.com\\\/\"},{\"@type\":\"ListItem\",\"position\":2,\"name\":\"Home Western\"}]},{\"@type\":\"WebSite\",\"@id\":\"https:\\\/\\\/hutfactory.com\\\/#website\",\"url\":\"https:\\\/\\\/hutfactory.com\\\/\",\"name\":\"Hut Factory\",\"description\":\"H\u00fcte, Kappen &amp; M\u00fctzen in Top Swiss\\\/EU Qualit\u00e4t\",\"publisher\":{\"@id\":\"https:\\\/\\\/hutfactory.com\\\/#organization\"},\"alternateName\":\"Hut Shop\",\"potentialAction\":[{\"@type\":\"SearchAction\",\"target\":{\"@type\":\"EntryPoint\",\"urlTemplate\":\"https:\\\/\\\/hutfactory.com\\\/?s={search_term_string}\"},\"query-input\":{\"@type\":\"PropertyValueSpecification\",\"valueRequired\":true,\"valueName\":\"search_term_string\"}}],\"inLanguage\":\"de\"},{\"@type\":\"Organization\",\"@id\":\"https:\\\/\\\/hutfactory.com\\\/#organization\",\"name\":\"Hut Factory\",\"url\":\"https:\\\/\\\/hutfactory.com\\\/\",\"logo\":{\"@type\":\"ImageObject\",\"inLanguage\":\"de\",\"@id\":\"https:\\\/\\\/hutfactory.com\\\/#\\\/schema\\\/logo\\\/image\\\/\",\"url\":\"https:\\\/\\\/hutfactory.com\\\/wp-content\\\/uploads\\\/2026\\\/01\\\/Logo-hut-factory-1.webp\",\"contentUrl\":\"https:\\\/\\\/hutfactory.com\\\/wp-content\\\/uploads\\\/2026\\\/01\\\/Logo-hut-factory-1.webp\",\"width\":300,\"height\":262,\"caption\":\"Hut Factory\"},\"image\":{\"@id\":\"https:\\\/\\\/hutfactory.com\\\/#\\\/schema\\\/logo\\\/image\\\/\"}}]}<\/script>\n<!-- \/ Yoast SEO Premium plugin. -->","yoast_head_json":{"title":"Westernh\u00fcte online kaufen - Entdecken Sie die Vielfalt unserer Cowboyh\u00fcte","description":"St\u00f6bern Sie in unserem Westernhut Online-Shop & finden Sie den perfekten Westernhut f\u00fcr Ihr Outfit. Wir bieten Ihnen eine gro\u00dfe Auswahl an Cowboyh\u00fcten","robots":{"index":"index","follow":"follow","max-snippet":"max-snippet:-1","max-image-preview":"max-image-preview:large","max-video-preview":"max-video-preview:-1"},"canonical":"https:\/\/hutfactory.com\/?page_id=5617","og_locale":"de_DE","og_type":"article","og_title":"WESTERNH\u00dcT & CUSTOM MADE COWBOYH\u00dcTE ONLINE KAUFEN","og_description":"Entdecke Cowboyh\u00fcte im Westernhut Onlineshop, die Quelle f\u00fcr authentische old style H\u00fcte & stilvolle, robuste Cowboyh\u00fcte im Westernstil","og_url":"https:\/\/hutfactory.com\/?page_id=5617","og_site_name":"Hut Factory","article_modified_time":"2026-03-25T12:35:16+00:00","og_image":[{"width":1080,"height":617,"url":"https:\/\/hutfactory.com\/wp-content\/uploads\/2026\/01\/Herbst-und-Wintermode-24-25.webp","type":"image\/webp"}],"twitter_card":"summary_large_image","twitter_title":"WESTERNH\u00dcT & CUSTOM MADE COWBOYH\u00dcTE ONLINE KAUFEN","twitter_description":"Entdecke Cowboyh\u00fcte im Westernhut Onlineshop, die Quelle f\u00fcr authentische old style H\u00fcte & stilvolle, robuste Cowboyh\u00fcte im Westernstil","twitter_misc":{"Gesch\u00e4tzte Lesezeit":"4\u00a0Minuten"},"schema":{"@context":"https:\/\/schema.org","@graph":[{"@type":"WebPage","@id":"https:\/\/hutfactory.com\/?page_id=5617","url":"https:\/\/hutfactory.com\/?page_id=5617","name":"Westernh\u00fcte online kaufen - Entdecken Sie die Vielfalt unserer Cowboyh\u00fcte","isPartOf":{"@id":"https:\/\/hutfactory.com\/#website"},"primaryImageOfPage":{"@id":"https:\/\/hutfactory.com\/?page_id=5617#primaryimage"},"image":{"@id":"https:\/\/hutfactory.com\/?page_id=5617#primaryimage"},"thumbnailUrl":"https:\/\/hutfactory.com\/wp-content\/uploads\/2026\/03\/Westernhuete.webp","datePublished":"2022-01-13T20:00:40+00:00","dateModified":"2026-03-25T12:35:16+00:00","description":"St\u00f6bern Sie in unserem Westernhut Online-Shop & finden Sie den perfekten Westernhut f\u00fcr Ihr Outfit. Wir bieten Ihnen eine gro\u00dfe Auswahl an Cowboyh\u00fcten","breadcrumb":{"@id":"https:\/\/hutfactory.com\/?page_id=5617#breadcrumb"},"inLanguage":"de","potentialAction":[{"@type":"ReadAction","target":["https:\/\/hutfactory.com\/?page_id=5617"]}]},{"@type":"ImageObject","inLanguage":"de","@id":"https:\/\/hutfactory.com\/?page_id=5617#primaryimage","url":"https:\/\/hutfactory.com\/wp-content\/uploads\/2026\/03\/Westernhuete.webp","contentUrl":"https:\/\/hutfactory.com\/wp-content\/uploads\/2026\/03\/Westernhuete.webp","width":1370,"height":1024},{"@type":"BreadcrumbList","@id":"https:\/\/hutfactory.com\/?page_id=5617#breadcrumb","itemListElement":[{"@type":"ListItem","position":1,"name":"Start","item":"https:\/\/hutfactory.com\/"},{"@type":"ListItem","position":2,"name":"Home Western"}]},{"@type":"WebSite","@id":"https:\/\/hutfactory.com\/#website","url":"https:\/\/hutfactory.com\/","name":"Hut Factory","description":"H\u00fcte, Kappen &amp; M\u00fctzen in Top Swiss\/EU Qualit\u00e4t","publisher":{"@id":"https:\/\/hutfactory.com\/#organization"},"alternateName":"Hut Shop","potentialAction":[{"@type":"SearchAction","target":{"@type":"EntryPoint","urlTemplate":"https:\/\/hutfactory.com\/?s={search_term_string}"},"query-input":{"@type":"PropertyValueSpecification","valueRequired":true,"valueName":"search_term_string"}}],"inLanguage":"de"},{"@type":"Organization","@id":"https:\/\/hutfactory.com\/#organization","name":"Hut Factory","url":"https:\/\/hutfactory.com\/","logo":{"@type":"ImageObject","inLanguage":"de","@id":"https:\/\/hutfactory.com\/#\/schema\/logo\/image\/","url":"https:\/\/hutfactory.com\/wp-content\/uploads\/2026\/01\/Logo-hut-factory-1.webp","contentUrl":"https:\/\/hutfactory.com\/wp-content\/uploads\/2026\/01\/Logo-hut-factory-1.webp","width":300,"height":262,"caption":"Hut Factory"},"image":{"@id":"https:\/\/hutfactory.com\/#\/schema\/logo\/image\/"}}]}},"_links":{"self":[{"href":"https:\/\/hutfactory.com\/index.php?rest_route=\/wp\/v2\/pages\/5617","targetHints":{"allow":["GET"]}}],"collection":[{"href":"https:\/\/hutfactory.com\/index.php?rest_route=\/wp\/v2\/pages"}],"about":[{"href":"https:\/\/hutfactory.com\/index.php?rest_route=\/wp\/v2\/types\/page"}],"author":[{"embeddable":true,"href":"https:\/\/hutfactory.com\/index.php?rest_route=\/wp\/v2\/users\/1"}],"replies":[{"embeddable":true,"href":"https:\/\/hutfactory.com\/index.php?rest_route=%2Fwp%2Fv2%2Fcomments&post=5617"}],"version-history":[{"count":14,"href":"https:\/\/hutfactory.com\/index.php?rest_route=\/wp\/v2\/pages\/5617\/revisions"}],"predecessor-version":[{"id":39398,"href":"https:\/\/hutfactory.com\/index.php?rest_route=\/wp\/v2\/pages\/5617\/revisions\/39398"}],"wp:featuredmedia":[{"embeddable":true,"href":"https:\/\/hutfactory.com\/index.php?rest_route=\/wp\/v2\/media\/39386"}],"wp:attachment":[{"href":"https:\/\/hutfactory.com\/index.php?rest_route=%2Fwp%2Fv2%2Fmedia&parent=5617"}],"curies":[{"name":"wp","href":"https:\/\/api.w.org\/{rel}","templated":true}]}}