{"id":5600,"date":"2022-01-13T20:00:40","date_gmt":"2022-01-13T20:00:40","guid":{"rendered":"https:\/\/hutfactory.com\/?page_id=5600"},"modified":"2022-01-13T20:00:40","modified_gmt":"2022-01-13T20:00:40","slug":"versand-lieferung","status":"publish","type":"page","link":"https:\/\/hutfactory.com\/?page_id=5600","title":{"rendered":"Versandkosten und Lieferinformationen"},"content":{"rendered":"\n<p><strong>Preise, Versandkosten und Lieferinformationen<\/strong><\/p>\n\n\n\n<p>Die auf den Produktseiten genannten Preise enthalten die gesetzliche Mehrwertsteuer und sonstige Preisbestandteile.<\/p>\n\n\n\n<p>Wir liefern nur innerhalb der Schweiz und folgenden EU L\u00e4ndern: Deutschland, Frankreich, \u00d6sterreich und Italien.<\/p>\n\n\n\n<p>Zus\u00e4tzlich zu den angegebenen Preisen berechnen wir f\u00fcr die Lieferung innerhalb Schweiz und der folgenden EU L\u00e4ndern (Deutschland, \u00d6sterreich, Frankreich und Italien) pauschal nach Zonen. Die Versandkosten werden Ihnen im Warenkorbsystem und auf der Bestellseite nochmals deutlich mitgeteilt.<\/p>\n\n\n\n<p>Die Versandkostenpauschale betr\u00e4gt je nach Zone. Die Versandkostenpauschale enth\u00e4lt die gesetzliche Mehrwertsteuer f\u00fcr die Schweiz. Die Mehrwertsteuer sowie Zollkosten f\u00fcr Deutschland, \u00d6sterreich, Frankreich und Italien wird von der Post oder dem Lieferdienst direkt dem Kunden in Rechnung gestellt. Da die Schweizer Mehrwertsteuer auf die Versandkostenpauschale abh\u00e4ngig von den erworbenen Waren berechnet wird, kann sie sich mindern, wenn Waren zu niedrigeren Umsatzsteuers\u00e4tzen erworben werden. Das bedeutet, dass die Versandkostenpauschale erst im Rahmen des Bestellprozesses endg\u00fcltig berechnet werden kann. Sie kann dabei jedoch nicht h\u00f6her, sondern nur zu Ihren Gunsten niedriger werden. Eine Bearbeitungsgeb\u00fchr von CHF. 2.50 wird f\u00fcr jede Bestellung verrechnet.<\/p>\n\n\n\n<h2 class=\"wp-block-heading\" id=\"h-portokosten-nbsp-amp-shipping-international\">Portokosten&nbsp;&amp; Shipping International<\/h2>\n\n\n\n<figure class=\"wp-block-table\"><table><tbody><tr><td><strong>L\u00e4nder\/countries<\/strong><\/td><td>Warenwert = Lieferpreis CHF<\/td><td><strong>Zollkosten, ect.\/fees<\/strong><\/td><\/tr><tr><td>Zone 0: Schweiz\/Lichtenstein:<\/td><td>001-099 = 15.&#8211;<br>100-299 = 10.&#8211;<br>ab 300   = 00.&#8211;<\/td><td>Mehrwertsteuer im Preis eingerechnet<\/td><\/tr><tr><td>Zone 1: Deutschland:<\/td><td>001-099 = 22.&#8211;<br>100-399 = 20.&#8211;<br>ab  400  = 00.&#8211;<\/td><td>dazu kommen Mehrwertsteuer und Zollkosten (diese werden vom Zusteller seperat verrechnet)<\/td><\/tr><tr><td>Zone 2: \u00d6sterreich\/Frankreich\/Italien<\/td><td>001-099 = 22.&#8211;<br>100-399 = 20.&#8211;<br>ab  400  = 00.&#8211;<\/td><td>dazu kommen Mehrwertsteuer und Zollkosten (diese werden vom Zusteller seperat verrechnet)<\/td><\/tr><tr><td><\/td><td><\/td><td><\/td><\/tr><tr><td><\/td><td><\/td><td><\/td><\/tr><tr><td>International:<\/td><td>siehe untenstehende Post Informationen<br>see below Post information<br><a href=\"https:\/\/service.post.ch\/vsc\/ui\/sending-type\">Posttarife, Porto, Brief- und Paketpreise | Die Post<\/a><\/td><td>siehe untenstehende Informationen<br>see more information below<\/td><\/tr><\/tbody><\/table><\/figure>\n\n\n\n<ul class=\"wp-block-list\">\n<li>Schweiz und Lichtenstein erfolgt die Lieferung durch die Schweizer Post: Bei Verlust, Besch\u00e4digung oder nicht korrekter Zustellung haftet die Post CH AG im Rahmen der AGB\u2019s bis max. CHF. 1\u2019000.\u2013<\/li>\n\n\n\n<li>Deutschland und \u00d6sterreich erfolgt die Lieferung durch die Schweizer Post oder DHL.<\/li>\n\n\n\n<li>Bei Verlust Besch\u00e4digung oder nicht korrekter Zustellung haftet die Post\/DHL im Rahmen der AGB\u2019s je nach Versandoption mit Zusatzversicherung: max.\u20ac\u00a0500.\u2013 \/ Zusatzversicherung bis max.\u20ac\u00a02\u2019500.\u2013 ist gegen Aufpreis m\u00f6glich.<\/li>\n\n\n\n<li>Beachten Sie unsere Lieferbedingungen und AGB\u2019s \/ Der Versand erfolgt in Ihrem Auftrag und Gefahr.<\/li>\n\n\n\n<li>EU Zone 1, EU Zone 2 und International shipping siehe untenstehenden Abschnitt mit weiteren Angaben.<\/li>\n<\/ul>\n\n\n\n<hr class=\"wp-block-separator has-alpha-channel-opacity\"\/>\n\n\n\n<p><strong>EU Zone 3\u00a0<\/strong>Lieferung nur auf Anfrage<\/p>\n\n\n\n<figure class=\"wp-block-table\"><table><tbody><tr><td>Belgium Bulgaria Denmark (except Faroe Islands, Greenland) Estonia Finland (except \u00c5land Islands) France (except overseas territories and departments) Greece (except Mount Athos) Ireland<\/td><td>IItaly (except Livigno and Campione d\u2019Italia) Croatia Latvia Lithuania Luxembourg Malta Monaco Netherlands (except EU areas) Poland Poland<\/td><td>Portugal Romania Sweden Slovakia Slovenia Spain (except Canary Islands, Ceuta and Melilla) Czech Republic Hungary Cyprus (except northern part)<\/td><\/tr><\/tbody><\/table><\/figure>\n\n\n\n<ul class=\"wp-block-list\">\n<li>Shipping is on your behalf and at your risk.<\/li>\n\n\n\n<li>In the event of loss, damage or incorrect delivery,&nbsp;Swiss Post is liable under the terms and conditions up to a maximum of \u20ac 500.<\/li>\n\n\n\n<li>Please be sure to observe the individual import and customs regulations of the destination country to which you would like your package to be sent.<\/li>\n\n\n\n<li>Please note our terms of delivery and general terms and conditions.<\/li>\n<\/ul>\n\n\n\n<hr class=\"wp-block-separator has-alpha-channel-opacity\"\/>\n\n\n\n<p><strong>EU Zone 4<\/strong> (Lieferung nur auf Anfrage)<\/p>\n\n\n\n<figure class=\"wp-block-table\"><table><tbody><tr><td>\u00c5land Islands (Finland) Andorra Albania Belarus Mount Athos (Greece) Bosnia Herzegovina Campione d\u2019Italia (Italy) Ceuta (Spain) Faroe Islands (Denmark) Georgia<\/td><td>Gibraltar (Great Britain) Great Britain (except Channel Islands) Greenland (Denmark) Iceland Channel Islands (Great Britain) Canary Islands (Spain) Kosovo Livigno (Italy) Melilla (Spain) Moldova<\/td><td>Montenegro North Macedonia Norway San Marino Serbia Turkey Ukraine Vatican city Cyprus (northern part<\/td><\/tr><\/tbody><\/table><\/figure>\n\n\n\n<ul class=\"wp-block-list\">\n<li>Shipping is on your behalf and at your risk.<\/li>\n\n\n\n<li>In the event of loss, damage or incorrect delivery,&nbsp;Swiss Post is liable under the terms and conditions up to a maximum of \u20ac 500.<\/li>\n\n\n\n<li>Please be sure to observe the individual import and customs regulations of the destination country to which you would like your package to be sent.<\/li>\n\n\n\n<li>Please note our terms of delivery and general terms and conditions.<\/li>\n<\/ul>\n\n\n\n<hr class=\"wp-block-separator has-alpha-channel-opacity\"\/>\n\n\n\n<p><strong>International shipping<\/strong><\/p>\n\n\n\n<p><strong>&nbsp;Swiss Post&nbsp;Link:&nbsp;<\/strong>&nbsp;<a href=\"https:\/\/service.post.ch\/vsc\/ui\" rel=\"noreferrer noopener\" target=\"_blank\">Calculate prices &amp; shipping wizard<\/a><\/p>\n\n\n\n<p>The shipping costs are calculated separately after the order. Before delivery, the shipping costs are calculated according to the link and invoiced separately by email. Please note that the order for the production of your hat is only placed after the invoice including shipping costs have been paid. Shipping is on your behalf and at your risk. In the event of loss, damage or incorrect delivery, Swiss Post is liable under the terms and conditions up to a maximum of CHF. 1000.\u2014. Please be sure to observe the individual import and customs regulations of the destination country to which you would like your package to be sent.<\/p>\n\n\n\n<ul class=\"wp-block-list\">\n<li>Shipping is on your behalf and at your risk.<\/li>\n\n\n\n<li>Please be sure to observe the individual import and customs regulations of the destination country to which you would like your package to be sent.<\/li>\n\n\n\n<li>Please note our terms of delivery and general terms and conditions .<\/li>\n<\/ul>\n\n\n\n<hr class=\"wp-block-separator has-alpha-channel-opacity\"\/>\n\n\n\n<p>Bitte beachten Sie\/Please note:<\/p>\n\n\n\n<ul class=\"wp-block-list\">\n<li>Beachten Sie unsere Lieferbedingungen und AGB\u2019s \/ Der Versand erfolgt im Auftrag, Gefahr und in der Verantwortlichkeit des K\u00e4ufers<\/li>\n\n\n\n<li>Note our delivery conditions \/ Shipping is on your behalf and at your ris&nbsp;<\/li>\n<\/ul>\n","protected":false},"excerpt":{"rendered":"<p>Preise, Versandkosten und Lieferinformationen Die auf den Produktseiten genannten Preise enthalten die gesetzliche Mehrwertsteuer und sonstige Preisbestandteile. Wir liefern nur innerhalb der Schweiz und folgenden EU L\u00e4ndern: Deutschland, Frankreich, \u00d6sterreich und Italien. Zus\u00e4tzlich zu den angegebenen Preisen berechnen wir f\u00fcr die Lieferung innerhalb Schweiz und der folgenden EU L\u00e4ndern (Deutschland, \u00d6sterreich, Frankreich und Italien) pauschal &hellip; <a href=\"https:\/\/hutfactory.com\/?page_id=5600\" class=\"more-link\">Weiterlesen <span class=\"screen-reader-text\">Versandkosten und Lieferinformationen<\/span><\/a><\/p>\n","protected":false},"author":1,"featured_media":0,"parent":0,"menu_order":0,"comment_status":"open","ping_status":"open","template":"","meta":{"_acf_changed":false,"rs_blank_template":"","rs_page_bg_color":"","slide_template_v7":"","footnotes":""},"class_list":["post-5600","page","type-page","status-publish","hentry"],"acf":[],"yoast_head":"<!-- This site is optimized with the Yoast SEO Premium plugin v27.3 (Yoast SEO v27.3) - https:\/\/yoast.com\/product\/yoast-seo-premium-wordpress\/ -->\n<title>Versandkosten und Lieferinformationen - Hut Factory<\/title>\n<meta name=\"robots\" content=\"index, follow, max-snippet:-1, max-image-preview:large, max-video-preview:-1\" \/>\n<link rel=\"canonical\" href=\"https:\/\/hutfactory.com\/?page_id=5600\" \/>\n<meta property=\"og:locale\" content=\"de_DE\" \/>\n<meta property=\"og:type\" content=\"article\" \/>\n<meta property=\"og:title\" content=\"Versandkosten und Lieferinformationen\" \/>\n<meta property=\"og:description\" content=\"Preise, Versandkosten und Lieferinformationen Die auf den Produktseiten genannten Preise enthalten die gesetzliche Mehrwertsteuer und sonstige Preisbestandteile. Wir liefern nur innerhalb der Schweiz und folgenden EU L\u00e4ndern: Deutschland, Frankreich, \u00d6sterreich und Italien. Zus\u00e4tzlich zu den angegebenen Preisen berechnen wir f\u00fcr die Lieferung innerhalb Schweiz und der folgenden EU L\u00e4ndern (Deutschland, \u00d6sterreich, Frankreich und Italien) pauschal &hellip; Weiterlesen Versandkosten und Lieferinformationen\" \/>\n<meta property=\"og:url\" content=\"https:\/\/hutfactory.com\/?page_id=5600\" \/>\n<meta property=\"og:site_name\" content=\"Hut Factory\" \/>\n<meta property=\"og:image\" content=\"https:\/\/hutfactory.com\/wp-content\/uploads\/2026\/01\/Herbst-und-Wintermode-24-25.webp\" \/>\n\t<meta property=\"og:image:width\" content=\"1080\" \/>\n\t<meta property=\"og:image:height\" content=\"617\" \/>\n\t<meta property=\"og:image:type\" content=\"image\/webp\" \/>\n<meta name=\"twitter:card\" content=\"summary_large_image\" \/>\n<meta name=\"twitter:label1\" content=\"Gesch\u00e4tzte Lesezeit\" \/>\n\t<meta name=\"twitter:data1\" content=\"5\u00a0Minuten\" \/>\n<script type=\"application\/ld+json\" class=\"yoast-schema-graph\">{\"@context\":\"https:\\\/\\\/schema.org\",\"@graph\":[{\"@type\":\"WebPage\",\"@id\":\"https:\\\/\\\/hutfactory.com\\\/?page_id=5600\",\"url\":\"https:\\\/\\\/hutfactory.com\\\/?page_id=5600\",\"name\":\"Versandkosten und Lieferinformationen - Hut Factory\",\"isPartOf\":{\"@id\":\"https:\\\/\\\/hutfactory.com\\\/#website\"},\"datePublished\":\"2022-01-13T20:00:40+00:00\",\"breadcrumb\":{\"@id\":\"https:\\\/\\\/hutfactory.com\\\/?page_id=5600#breadcrumb\"},\"inLanguage\":\"de\",\"potentialAction\":[{\"@type\":\"ReadAction\",\"target\":[\"https:\\\/\\\/hutfactory.com\\\/?page_id=5600\"]}]},{\"@type\":\"BreadcrumbList\",\"@id\":\"https:\\\/\\\/hutfactory.com\\\/?page_id=5600#breadcrumb\",\"itemListElement\":[{\"@type\":\"ListItem\",\"position\":1,\"name\":\"Start\",\"item\":\"https:\\\/\\\/hutfactory.com\\\/\"},{\"@type\":\"ListItem\",\"position\":2,\"name\":\"Versandkosten und Lieferinformationen\"}]},{\"@type\":\"WebSite\",\"@id\":\"https:\\\/\\\/hutfactory.com\\\/#website\",\"url\":\"https:\\\/\\\/hutfactory.com\\\/\",\"name\":\"Hut Factory\",\"description\":\"H\u00fcte, Kappen &amp; M\u00fctzen in Top Swiss\\\/EU Qualit\u00e4t\",\"publisher\":{\"@id\":\"https:\\\/\\\/hutfactory.com\\\/#organization\"},\"alternateName\":\"Hut Shop\",\"potentialAction\":[{\"@type\":\"SearchAction\",\"target\":{\"@type\":\"EntryPoint\",\"urlTemplate\":\"https:\\\/\\\/hutfactory.com\\\/?s={search_term_string}\"},\"query-input\":{\"@type\":\"PropertyValueSpecification\",\"valueRequired\":true,\"valueName\":\"search_term_string\"}}],\"inLanguage\":\"de\"},{\"@type\":\"Organization\",\"@id\":\"https:\\\/\\\/hutfactory.com\\\/#organization\",\"name\":\"Hut Factory\",\"url\":\"https:\\\/\\\/hutfactory.com\\\/\",\"logo\":{\"@type\":\"ImageObject\",\"inLanguage\":\"de\",\"@id\":\"https:\\\/\\\/hutfactory.com\\\/#\\\/schema\\\/logo\\\/image\\\/\",\"url\":\"https:\\\/\\\/hutfactory.com\\\/wp-content\\\/uploads\\\/2026\\\/01\\\/Logo-hut-factory-1.webp\",\"contentUrl\":\"https:\\\/\\\/hutfactory.com\\\/wp-content\\\/uploads\\\/2026\\\/01\\\/Logo-hut-factory-1.webp\",\"width\":300,\"height\":262,\"caption\":\"Hut Factory\"},\"image\":{\"@id\":\"https:\\\/\\\/hutfactory.com\\\/#\\\/schema\\\/logo\\\/image\\\/\"}}]}<\/script>\n<!-- \/ Yoast SEO Premium plugin. -->","yoast_head_json":{"title":"Versandkosten und Lieferinformationen - Hut Factory","robots":{"index":"index","follow":"follow","max-snippet":"max-snippet:-1","max-image-preview":"max-image-preview:large","max-video-preview":"max-video-preview:-1"},"canonical":"https:\/\/hutfactory.com\/?page_id=5600","og_locale":"de_DE","og_type":"article","og_title":"Versandkosten und Lieferinformationen","og_description":"Preise, Versandkosten und Lieferinformationen Die auf den Produktseiten genannten Preise enthalten die gesetzliche Mehrwertsteuer und sonstige Preisbestandteile. Wir liefern nur innerhalb der Schweiz und folgenden EU L\u00e4ndern: Deutschland, Frankreich, \u00d6sterreich und Italien. Zus\u00e4tzlich zu den angegebenen Preisen berechnen wir f\u00fcr die Lieferung innerhalb Schweiz und der folgenden EU L\u00e4ndern (Deutschland, \u00d6sterreich, Frankreich und Italien) pauschal &hellip; Weiterlesen Versandkosten und Lieferinformationen","og_url":"https:\/\/hutfactory.com\/?page_id=5600","og_site_name":"Hut Factory","og_image":[{"width":1080,"height":617,"url":"https:\/\/hutfactory.com\/wp-content\/uploads\/2026\/01\/Herbst-und-Wintermode-24-25.webp","type":"image\/webp"}],"twitter_card":"summary_large_image","twitter_misc":{"Gesch\u00e4tzte Lesezeit":"5\u00a0Minuten"},"schema":{"@context":"https:\/\/schema.org","@graph":[{"@type":"WebPage","@id":"https:\/\/hutfactory.com\/?page_id=5600","url":"https:\/\/hutfactory.com\/?page_id=5600","name":"Versandkosten und Lieferinformationen - Hut Factory","isPartOf":{"@id":"https:\/\/hutfactory.com\/#website"},"datePublished":"2022-01-13T20:00:40+00:00","breadcrumb":{"@id":"https:\/\/hutfactory.com\/?page_id=5600#breadcrumb"},"inLanguage":"de","potentialAction":[{"@type":"ReadAction","target":["https:\/\/hutfactory.com\/?page_id=5600"]}]},{"@type":"BreadcrumbList","@id":"https:\/\/hutfactory.com\/?page_id=5600#breadcrumb","itemListElement":[{"@type":"ListItem","position":1,"name":"Start","item":"https:\/\/hutfactory.com\/"},{"@type":"ListItem","position":2,"name":"Versandkosten und Lieferinformationen"}]},{"@type":"WebSite","@id":"https:\/\/hutfactory.com\/#website","url":"https:\/\/hutfactory.com\/","name":"Hut Factory","description":"H\u00fcte, Kappen &amp; M\u00fctzen in Top Swiss\/EU Qualit\u00e4t","publisher":{"@id":"https:\/\/hutfactory.com\/#organization"},"alternateName":"Hut Shop","potentialAction":[{"@type":"SearchAction","target":{"@type":"EntryPoint","urlTemplate":"https:\/\/hutfactory.com\/?s={search_term_string}"},"query-input":{"@type":"PropertyValueSpecification","valueRequired":true,"valueName":"search_term_string"}}],"inLanguage":"de"},{"@type":"Organization","@id":"https:\/\/hutfactory.com\/#organization","name":"Hut Factory","url":"https:\/\/hutfactory.com\/","logo":{"@type":"ImageObject","inLanguage":"de","@id":"https:\/\/hutfactory.com\/#\/schema\/logo\/image\/","url":"https:\/\/hutfactory.com\/wp-content\/uploads\/2026\/01\/Logo-hut-factory-1.webp","contentUrl":"https:\/\/hutfactory.com\/wp-content\/uploads\/2026\/01\/Logo-hut-factory-1.webp","width":300,"height":262,"caption":"Hut Factory"},"image":{"@id":"https:\/\/hutfactory.com\/#\/schema\/logo\/image\/"}}]}},"_links":{"self":[{"href":"https:\/\/hutfactory.com\/index.php?rest_route=\/wp\/v2\/pages\/5600","targetHints":{"allow":["GET"]}}],"collection":[{"href":"https:\/\/hutfactory.com\/index.php?rest_route=\/wp\/v2\/pages"}],"about":[{"href":"https:\/\/hutfactory.com\/index.php?rest_route=\/wp\/v2\/types\/page"}],"author":[{"embeddable":true,"href":"https:\/\/hutfactory.com\/index.php?rest_route=\/wp\/v2\/users\/1"}],"replies":[{"embeddable":true,"href":"https:\/\/hutfactory.com\/index.php?rest_route=%2Fwp%2Fv2%2Fcomments&post=5600"}],"version-history":[{"count":0,"href":"https:\/\/hutfactory.com\/index.php?rest_route=\/wp\/v2\/pages\/5600\/revisions"}],"wp:attachment":[{"href":"https:\/\/hutfactory.com\/index.php?rest_route=%2Fwp%2Fv2%2Fmedia&parent=5600"}],"curies":[{"name":"wp","href":"https:\/\/api.w.org\/{rel}","templated":true}]}}