{"id":5592,"date":"2022-01-13T20:00:42","date_gmt":"2022-01-13T20:00:42","guid":{"rendered":"https:\/\/hutfactory.com\/?page_id=5592"},"modified":"2026-01-22T12:29:26","modified_gmt":"2026-01-22T12:29:26","slug":"hutgroesse","status":"publish","type":"page","link":"https:\/\/hutfactory.com\/?page_id=5592","title":{"rendered":"Gr\u00f6ssenberater"},"content":{"rendered":"\n<div class=\"wp-block-media-text is-stacked-on-mobile\"><figure class=\"wp-block-media-text__media\"><img decoding=\"async\" src=\"https:\/\/hutfactory.com\/wp-content\/uploads\/2026\/01\/Hutgroesse_Massband-1.webp\" alt=\"\" class=\"wp-image-96682 size-full\"\/><\/figure><div class=\"wp-block-media-text__content\">\n<p>Legen Sie das Massband um die breiteste Stelle des Kopfes (meist kurz oberhalb der Ohren). Das so in Zentimetern ermittelte Mass stellt Ihre Hutgr\u00f6sse dar. Erhalten Sie eine Nachkommastelle, runden Sie auf die n\u00e4chste volle Zahl auf. Bei sehr flachen H\u00fcten sollten Sie zwei oder drei Finger breit \u00fcber Ohren und Augenbrauen messen. <\/p>\n<\/div><\/div>\n\n\n\n<div class=\"wp-block-columns are-vertically-aligned-top is-layout-flex wp-container-core-columns-is-layout-9d6595d7 wp-block-columns-is-layout-flex\">\n<div class=\"wp-block-column is-vertically-aligned-top is-layout-flow wp-block-column-is-layout-flow\" style=\"flex-basis:100%\">\n<figure class=\"wp-block-table is-style-stripes\"><table><tbody><tr><td><strong><mark style=\"background-color:rgba(0, 0, 0, 0)\" class=\"has-inline-color has-black-color\">Kopfumfang (in cm)<\/mark><\/strong><\/td><td class=\"has-text-align-center\" data-align=\"center\">54,1-55<\/td><td class=\"has-text-align-center\" data-align=\"center\">55,1-56<\/td><td class=\"has-text-align-center\" data-align=\"center\">56,1-57<\/td><td class=\"has-text-align-center\" data-align=\"center\">57,1-58<\/td><td class=\"has-text-align-center\" data-align=\"center\">58,1-59<\/td><td class=\"has-text-align-center\" data-align=\"center\">59,1-60<\/td><td class=\"has-text-align-center\" data-align=\"center\">60,1-61<\/td><td class=\"has-text-align-center\" data-align=\"center\">61,1-62<\/td><td class=\"has-text-align-center\" data-align=\"center\">62,1-63<\/td><td class=\"has-text-align-center\" data-align=\"center\">63,1-64<\/td><td class=\"has-text-align-center\" data-align=\"center\">64,1-65<\/td><\/tr><tr><td><strong><mark style=\"background-color:rgba(0, 0, 0, 0)\" class=\"has-inline-color has-black-color\">Hutgr\u00f6sse <\/mark><\/strong><\/td><td class=\"has-text-align-center\" data-align=\"center\">55<\/td><td class=\"has-text-align-center\" data-align=\"center\">56<\/td><td class=\"has-text-align-center\" data-align=\"center\">57<\/td><td class=\"has-text-align-center\" data-align=\"center\">58<\/td><td class=\"has-text-align-center\" data-align=\"center\">59<\/td><td class=\"has-text-align-center\" data-align=\"center\">60<\/td><td class=\"has-text-align-center\" data-align=\"center\">61<\/td><td class=\"has-text-align-center\" data-align=\"center\">62<\/td><td class=\"has-text-align-center\" data-align=\"center\">63<\/td><td class=\"has-text-align-center\" data-align=\"center\">64<\/td><td class=\"has-text-align-center\" data-align=\"center\">65<\/td><\/tr><\/tbody><\/table><\/figure>\n<\/div>\n<\/div>\n\n\n\n<h2 class=\"wp-block-heading\" id=\"h-erwachsene\">Erwachsene<\/h2>\n\n\n\n<figure class=\"wp-block-table is-style-stripes\"><table><tbody><tr><td><mark style=\"background-color:rgba(0, 0, 0, 0)\" class=\"has-inline-color has-black-color\"><strong>Kopfunfang <br>(in cm)<\/strong><\/mark><\/td><td class=\"has-text-align-center\" data-align=\"center\">52<\/td><td class=\"has-text-align-center\" data-align=\"center\">53<\/td><td class=\"has-text-align-center\" data-align=\"center\">54<\/td><td class=\"has-text-align-center\" data-align=\"center\">55<\/td><td class=\"has-text-align-center\" data-align=\"center\">56<\/td><td class=\"has-text-align-center\" data-align=\"center\">57<\/td><td class=\"has-text-align-center\" data-align=\"center\">58<\/td><td class=\"has-text-align-center\" data-align=\"center\">59<\/td><td class=\"has-text-align-center\" data-align=\"center\">60<\/td><td class=\"has-text-align-center\" data-align=\"center\">61<\/td><td class=\"has-text-align-center\" data-align=\"center\">62<\/td><td class=\"has-text-align-center\" data-align=\"center\">63<\/td><\/tr><tr><td><mark style=\"background-color:rgba(0, 0, 0, 0)\" class=\"has-inline-color has-black-color\"><strong>Weltweit<\/strong><\/mark><\/td><td class=\"has-text-align-center\" data-align=\"center\">XS<\/td><td class=\"has-text-align-center\" data-align=\"center\">XS<\/td><td class=\"has-text-align-center\" data-align=\"center\">S<\/td><td class=\"has-text-align-center\" data-align=\"center\">S<\/td><td class=\"has-text-align-center\" data-align=\"center\">M<\/td><td class=\"has-text-align-center\" data-align=\"center\">M<\/td><td class=\"has-text-align-center\" data-align=\"center\">L<\/td><td class=\"has-text-align-center\" data-align=\"center\">L<\/td><td class=\"has-text-align-center\" data-align=\"center\">XL<\/td><td class=\"has-text-align-center\" data-align=\"center\">XL<\/td><td class=\"has-text-align-center\" data-align=\"center\">XXL<\/td><td class=\"has-text-align-center\" data-align=\"center\">XXL<\/td><\/tr><tr><td><mark style=\"background-color:rgba(0, 0, 0, 0)\" class=\"has-inline-color has-black-color\"><strong>England<br>(in inch)<\/strong><\/mark><\/td><td class=\"has-text-align-center\" data-align=\"center\">6 3\/8<\/td><td class=\"has-text-align-center\" data-align=\"center\">6 1\/2<\/td><td class=\"has-text-align-center\" data-align=\"center\">6 5\/8<\/td><td class=\"has-text-align-center\" data-align=\"center\">6 3\/4<\/td><td class=\"has-text-align-center\" data-align=\"center\">6 7\/8<\/td><td class=\"has-text-align-center\" data-align=\"center\">7<\/td><td class=\"has-text-align-center\" data-align=\"center\">7 1\/8<\/td><td class=\"has-text-align-center\" data-align=\"center\">7 1\/4<\/td><td class=\"has-text-align-center\" data-align=\"center\">7 3\/8<\/td><td class=\"has-text-align-center\" data-align=\"center\">7 1\/2<\/td><td class=\"has-text-align-center\" data-align=\"center\">7 5\/8<\/td><td class=\"has-text-align-center\" data-align=\"center\">7 3\/4<\/td><\/tr><\/tbody><\/table><\/figure>\n\n\n\n<h2 class=\"wp-block-heading\" id=\"h-kinder\">Kinder<\/h2>\n\n\n\n<figure class=\"wp-block-table is-style-stripes\"><table><tbody><tr><td><strong><mark style=\"background-color:rgba(0, 0, 0, 0)\" class=\"has-inline-color has-black-color\">Kopfumfang<br>(in cm)<\/mark><\/strong><\/td><td class=\"has-text-align-center\" data-align=\"center\">37-40<\/td><td class=\"has-text-align-center\" data-align=\"center\">41-43<\/td><td class=\"has-text-align-center\" data-align=\"center\">44-46<\/td><td class=\"has-text-align-center\" data-align=\"center\">47-49<\/td><td class=\"has-text-align-center\" data-align=\"center\">50-51<\/td><td class=\"has-text-align-center\" data-align=\"center\">52-53<\/td><td class=\"has-text-align-center\" data-align=\"center\">54<\/td><td class=\"has-text-align-center\" data-align=\"center\">55<\/td><\/tr><tr><td><strong><mark style=\"background-color:rgba(0, 0, 0, 0)\" class=\"has-inline-color has-black-color\">Alter<\/mark><\/strong><\/td><td class=\"has-text-align-center\" data-align=\"center\">0-6<br>Monate<\/td><td class=\"has-text-align-center\" data-align=\"center\">0-6<br>Monate<\/td><td class=\"has-text-align-center\" data-align=\"center\">7-12<br>Monate<\/td><td class=\"has-text-align-center\" data-align=\"center\">7-12<br>Monate<\/td><td class=\"has-text-align-center\" data-align=\"center\">13-24<br>Monate<\/td><td class=\"has-text-align-center\" data-align=\"center\">24-48<br>Monate<\/td><td class=\"has-text-align-center\" data-align=\"center\">4-8<br>Jahre<\/td><td class=\"has-text-align-center\" data-align=\"center\">4-8<br>Jahre<\/td><\/tr><tr><td><strong><mark style=\"background-color:rgba(0, 0, 0, 0)\" class=\"has-inline-color has-black-color\">England<br>(in inch)<\/mark><\/strong><\/td><td class=\"has-text-align-center\" data-align=\"center\">4 7\/8<\/td><td class=\"has-text-align-center\" data-align=\"center\">5 1\/4<\/td><td class=\"has-text-align-center\" data-align=\"center\">5 1\/2<\/td><td class=\"has-text-align-center\" data-align=\"center\">5 3\/4<\/td><td class=\"has-text-align-center\" data-align=\"center\">6<\/td><td class=\"has-text-align-center\" data-align=\"center\">6 1\/4<\/td><td class=\"has-text-align-center\" data-align=\"center\">6 1\/2<\/td><td class=\"has-text-align-center\" data-align=\"center\">6 3\/4<\/td><\/tr><\/tbody><\/table><\/figure>\n\n\n\n<h2 class=\"wp-block-heading\" id=\"h-handschuhgrossen\">Handschuhgr\u00f6ssen<\/h2>\n\n\n\n<div class=\"wp-block-media-text is-stacked-on-mobile\"><figure class=\"wp-block-media-text__media\"><img decoding=\"async\" src=\"https:\/\/hutfactory.com\/wp-content\/uploads\/2026\/01\/Handschuhe-groesse.webp\" alt=\"\" class=\"wp-image-96691 size-full\"\/><\/figure><div class=\"wp-block-media-text__content\">\n<p>Wie messe ich richtig?<\/p>\n\n\n\n<p>Legen Sie das Massband um die breiteste Stelle der Hand (auf H\u00f6he der Mittelhandknochen, ohne Daumen). Das so in Zentimetern ermittelte Ma\u00df stellt Ihre Handschuhgr\u00f6sse dar. Erhalten Sie eine Nachkommastelle, runden Sie auf die n\u00e4chste volle Zahl auf.<\/p>\n<\/div><\/div>\n\n\n\n<figure class=\"wp-block-table is-style-stripes\"><table><tbody><tr><td><strong>Umfang<br>(in cm)<\/strong><\/td><td class=\"has-text-align-center\" data-align=\"center\">15<\/td><td class=\"has-text-align-center\" data-align=\"center\">15.5<\/td><td class=\"has-text-align-center\" data-align=\"center\">16<\/td><td class=\"has-text-align-center\" data-align=\"center\">16.5<\/td><td class=\"has-text-align-center\" data-align=\"center\">17<\/td><td class=\"has-text-align-center\" data-align=\"center\">18<\/td><td class=\"has-text-align-center\" data-align=\"center\">19<\/td><td class=\"has-text-align-center\" data-align=\"center\">20.5<\/td><td class=\"has-text-align-center\" data-align=\"center\">22<\/td><td class=\"has-text-align-center\" data-align=\"center\">23<\/td><td class=\"has-text-align-center\" data-align=\"center\">24<\/td><td class=\"has-text-align-center\" data-align=\"center\">26<\/td><td class=\"has-text-align-center\" data-align=\"center\">27<\/td><\/tr><tr><td><strong>Gr\u00f6sse<\/strong><\/td><td class=\"has-text-align-center\" data-align=\"center\">4<\/td><td class=\"has-text-align-center\" data-align=\"center\">4.5<\/td><td class=\"has-text-align-center\" data-align=\"center\">5<\/td><td class=\"has-text-align-center\" data-align=\"center\">5.5<\/td><td class=\"has-text-align-center\" data-align=\"center\">6<\/td><td class=\"has-text-align-center\" data-align=\"center\">6.5<\/td><td class=\"has-text-align-center\" data-align=\"center\">7<\/td><td class=\"has-text-align-center\" data-align=\"center\">7.5<\/td><td class=\"has-text-align-center\" data-align=\"center\">8<\/td><td class=\"has-text-align-center\" data-align=\"center\">8.5<\/td><td class=\"has-text-align-center\" data-align=\"center\">9<\/td><td class=\"has-text-align-center\" data-align=\"center\">9.5<\/td><td class=\"has-text-align-center\" data-align=\"center\">10<\/td><\/tr><tr><td><strong>Kinder<\/strong><\/td><td class=\"has-text-align-center\" data-align=\"center\">S<\/td><td class=\"has-text-align-center\" data-align=\"center\">M<\/td><td class=\"has-text-align-center\" data-align=\"center\">M<\/td><td class=\"has-text-align-center\" data-align=\"center\">L<\/td><td class=\"has-text-align-center\" data-align=\"center\">L<\/td><td class=\"has-text-align-center\" data-align=\"center\">XL<\/td><td class=\"has-text-align-center\" data-align=\"center\">XL<\/td><td class=\"has-text-align-center\" data-align=\"center\"><\/td><td class=\"has-text-align-center\" data-align=\"center\"><\/td><td class=\"has-text-align-center\" data-align=\"center\"><\/td><td class=\"has-text-align-center\" data-align=\"center\"><\/td><td class=\"has-text-align-center\" data-align=\"center\"><\/td><td class=\"has-text-align-center\" data-align=\"center\"><\/td><\/tr><tr><td><strong>Damen<\/strong><\/td><td class=\"has-text-align-center\" data-align=\"center\">&#8211;<\/td><td class=\"has-text-align-center\" data-align=\"center\">XS<\/td><td class=\"has-text-align-center\" data-align=\"center\">XS<\/td><td class=\"has-text-align-center\" data-align=\"center\">S<\/td><td class=\"has-text-align-center\" data-align=\"center\">S<\/td><td class=\"has-text-align-center\" data-align=\"center\">M<\/td><td class=\"has-text-align-center\" data-align=\"center\">M<\/td><td class=\"has-text-align-center\" data-align=\"center\">L<\/td><td class=\"has-text-align-center\" data-align=\"center\">L<\/td><td class=\"has-text-align-center\" data-align=\"center\">XL<\/td><td class=\"has-text-align-center\" data-align=\"center\">XL<\/td><td class=\"has-text-align-center\" data-align=\"center\">&#8211;<\/td><td class=\"has-text-align-center\" data-align=\"center\">&#8211;<\/td><\/tr><tr><td><strong>Herren<\/strong><\/td><td class=\"has-text-align-center\" data-align=\"center\">&#8211;<\/td><td class=\"has-text-align-center\" data-align=\"center\">&#8211;<\/td><td class=\"has-text-align-center\" data-align=\"center\">&#8211;<\/td><td class=\"has-text-align-center\" data-align=\"center\">&#8211;<\/td><td class=\"has-text-align-center\" data-align=\"center\">&#8211;<\/td><td class=\"has-text-align-center\" data-align=\"center\">&#8211;<\/td><td class=\"has-text-align-center\" data-align=\"center\">S<\/td><td class=\"has-text-align-center\" data-align=\"center\">S<\/td><td class=\"has-text-align-center\" data-align=\"center\">M<\/td><td class=\"has-text-align-center\" data-align=\"center\">M<\/td><td class=\"has-text-align-center\" data-align=\"center\">L<\/td><td class=\"has-text-align-center\" data-align=\"center\">L<\/td><td class=\"has-text-align-center\" data-align=\"center\">XL<\/td><\/tr><\/tbody><\/table><\/figure>\n\n\n\n<p><\/p>\n","protected":false},"excerpt":{"rendered":"<p>Legen Sie das Massband um die breiteste Stelle des Kopfes (meist kurz oberhalb der Ohren). Das so in Zentimetern ermittelte Mass stellt Ihre Hutgr\u00f6sse dar. Erhalten Sie eine Nachkommastelle, runden Sie auf die n\u00e4chste volle Zahl auf. Bei sehr flachen H\u00fcten sollten Sie zwei oder drei Finger breit \u00fcber Ohren und Augenbrauen messen. Kopfumfang (in &hellip; <a href=\"https:\/\/hutfactory.com\/?page_id=5592\" class=\"more-link\">Weiterlesen <span class=\"screen-reader-text\">Gr\u00f6ssenberater<\/span><\/a><\/p>\n","protected":false},"author":1,"featured_media":5593,"parent":0,"menu_order":0,"comment_status":"open","ping_status":"open","template":"","meta":{"_acf_changed":false,"rs_blank_template":"","rs_page_bg_color":"","slide_template_v7":"","footnotes":""},"class_list":["post-5592","page","type-page","status-publish","has-post-thumbnail","hentry"],"acf":[],"yoast_head":"<!-- This site is optimized with the Yoast SEO Premium plugin v27.3 (Yoast SEO v27.3) - https:\/\/yoast.com\/product\/yoast-seo-premium-wordpress\/ -->\n<title>Gr\u00f6ssenberater - Hut Factory<\/title>\n<meta name=\"robots\" content=\"index, follow, max-snippet:-1, max-image-preview:large, max-video-preview:-1\" \/>\n<link rel=\"canonical\" href=\"https:\/\/hutfactory.com\/?page_id=5592\" \/>\n<meta property=\"og:locale\" content=\"de_DE\" \/>\n<meta property=\"og:type\" content=\"article\" \/>\n<meta property=\"og:title\" content=\"Gr\u00f6ssenberater\" \/>\n<meta property=\"og:description\" content=\"Legen Sie das Massband um die breiteste Stelle des Kopfes (meist kurz oberhalb der Ohren). Das so in Zentimetern ermittelte Mass stellt Ihre Hutgr\u00f6sse dar. Erhalten Sie eine Nachkommastelle, runden Sie auf die n\u00e4chste volle Zahl auf. Bei sehr flachen H\u00fcten sollten Sie zwei oder drei Finger breit \u00fcber Ohren und Augenbrauen messen. Kopfumfang (in &hellip; Weiterlesen Gr\u00f6ssenberater\" \/>\n<meta property=\"og:url\" content=\"https:\/\/hutfactory.com\/?page_id=5592\" \/>\n<meta property=\"og:site_name\" content=\"Hut Factory\" \/>\n<meta property=\"article:modified_time\" content=\"2026-01-22T12:29:26+00:00\" \/>\n<meta property=\"og:image\" content=\"https:\/\/hutfactory.com\/wp-content\/uploads\/2026\/01\/Hutgroesse_Massband-1.webp\" \/>\n\t<meta property=\"og:image:width\" content=\"900\" \/>\n\t<meta property=\"og:image:height\" content=\"600\" \/>\n\t<meta property=\"og:image:type\" content=\"image\/webp\" \/>\n<meta name=\"twitter:card\" content=\"summary_large_image\" \/>\n<meta name=\"twitter:label1\" content=\"Gesch\u00e4tzte Lesezeit\" \/>\n\t<meta name=\"twitter:data1\" content=\"3\u00a0Minuten\" \/>\n<script type=\"application\/ld+json\" class=\"yoast-schema-graph\">{\"@context\":\"https:\\\/\\\/schema.org\",\"@graph\":[{\"@type\":\"WebPage\",\"@id\":\"https:\\\/\\\/hutfactory.com\\\/?page_id=5592\",\"url\":\"https:\\\/\\\/hutfactory.com\\\/?page_id=5592\",\"name\":\"Gr\u00f6ssenberater - Hut Factory\",\"isPartOf\":{\"@id\":\"https:\\\/\\\/hutfactory.com\\\/#website\"},\"primaryImageOfPage\":{\"@id\":\"https:\\\/\\\/hutfactory.com\\\/?page_id=5592#primaryimage\"},\"image\":{\"@id\":\"https:\\\/\\\/hutfactory.com\\\/?page_id=5592#primaryimage\"},\"thumbnailUrl\":\"https:\\\/\\\/hutfactory.com\\\/wp-content\\\/uploads\\\/2026\\\/01\\\/Hutgroesse_Massband-1.webp\",\"datePublished\":\"2022-01-13T20:00:42+00:00\",\"dateModified\":\"2026-01-22T12:29:26+00:00\",\"breadcrumb\":{\"@id\":\"https:\\\/\\\/hutfactory.com\\\/?page_id=5592#breadcrumb\"},\"inLanguage\":\"de\",\"potentialAction\":[{\"@type\":\"ReadAction\",\"target\":[\"https:\\\/\\\/hutfactory.com\\\/?page_id=5592\"]}]},{\"@type\":\"ImageObject\",\"inLanguage\":\"de\",\"@id\":\"https:\\\/\\\/hutfactory.com\\\/?page_id=5592#primaryimage\",\"url\":\"https:\\\/\\\/hutfactory.com\\\/wp-content\\\/uploads\\\/2026\\\/01\\\/Hutgroesse_Massband-1.webp\",\"contentUrl\":\"https:\\\/\\\/hutfactory.com\\\/wp-content\\\/uploads\\\/2026\\\/01\\\/Hutgroesse_Massband-1.webp\",\"width\":900,\"height\":600},{\"@type\":\"BreadcrumbList\",\"@id\":\"https:\\\/\\\/hutfactory.com\\\/?page_id=5592#breadcrumb\",\"itemListElement\":[{\"@type\":\"ListItem\",\"position\":1,\"name\":\"Start\",\"item\":\"https:\\\/\\\/hutfactory.com\\\/\"},{\"@type\":\"ListItem\",\"position\":2,\"name\":\"Gr\u00f6ssenberater\"}]},{\"@type\":\"WebSite\",\"@id\":\"https:\\\/\\\/hutfactory.com\\\/#website\",\"url\":\"https:\\\/\\\/hutfactory.com\\\/\",\"name\":\"Hut Factory\",\"description\":\"H\u00fcte, Kappen &amp; M\u00fctzen in Top Swiss\\\/EU Qualit\u00e4t\",\"publisher\":{\"@id\":\"https:\\\/\\\/hutfactory.com\\\/#organization\"},\"alternateName\":\"Hut Shop\",\"potentialAction\":[{\"@type\":\"SearchAction\",\"target\":{\"@type\":\"EntryPoint\",\"urlTemplate\":\"https:\\\/\\\/hutfactory.com\\\/?s={search_term_string}\"},\"query-input\":{\"@type\":\"PropertyValueSpecification\",\"valueRequired\":true,\"valueName\":\"search_term_string\"}}],\"inLanguage\":\"de\"},{\"@type\":\"Organization\",\"@id\":\"https:\\\/\\\/hutfactory.com\\\/#organization\",\"name\":\"Hut Factory\",\"url\":\"https:\\\/\\\/hutfactory.com\\\/\",\"logo\":{\"@type\":\"ImageObject\",\"inLanguage\":\"de\",\"@id\":\"https:\\\/\\\/hutfactory.com\\\/#\\\/schema\\\/logo\\\/image\\\/\",\"url\":\"https:\\\/\\\/hutfactory.com\\\/wp-content\\\/uploads\\\/2026\\\/01\\\/Logo-hut-factory-1.webp\",\"contentUrl\":\"https:\\\/\\\/hutfactory.com\\\/wp-content\\\/uploads\\\/2026\\\/01\\\/Logo-hut-factory-1.webp\",\"width\":300,\"height\":262,\"caption\":\"Hut Factory\"},\"image\":{\"@id\":\"https:\\\/\\\/hutfactory.com\\\/#\\\/schema\\\/logo\\\/image\\\/\"}}]}<\/script>\n<!-- \/ Yoast SEO Premium plugin. -->","yoast_head_json":{"title":"Gr\u00f6ssenberater - Hut Factory","robots":{"index":"index","follow":"follow","max-snippet":"max-snippet:-1","max-image-preview":"max-image-preview:large","max-video-preview":"max-video-preview:-1"},"canonical":"https:\/\/hutfactory.com\/?page_id=5592","og_locale":"de_DE","og_type":"article","og_title":"Gr\u00f6ssenberater","og_description":"Legen Sie das Massband um die breiteste Stelle des Kopfes (meist kurz oberhalb der Ohren). Das so in Zentimetern ermittelte Mass stellt Ihre Hutgr\u00f6sse dar. Erhalten Sie eine Nachkommastelle, runden Sie auf die n\u00e4chste volle Zahl auf. Bei sehr flachen H\u00fcten sollten Sie zwei oder drei Finger breit \u00fcber Ohren und Augenbrauen messen. Kopfumfang (in &hellip; Weiterlesen Gr\u00f6ssenberater","og_url":"https:\/\/hutfactory.com\/?page_id=5592","og_site_name":"Hut Factory","article_modified_time":"2026-01-22T12:29:26+00:00","og_image":[{"width":900,"height":600,"url":"https:\/\/hutfactory.com\/wp-content\/uploads\/2026\/01\/Hutgroesse_Massband-1.webp","type":"image\/webp"}],"twitter_card":"summary_large_image","twitter_misc":{"Gesch\u00e4tzte Lesezeit":"3\u00a0Minuten"},"schema":{"@context":"https:\/\/schema.org","@graph":[{"@type":"WebPage","@id":"https:\/\/hutfactory.com\/?page_id=5592","url":"https:\/\/hutfactory.com\/?page_id=5592","name":"Gr\u00f6ssenberater - Hut Factory","isPartOf":{"@id":"https:\/\/hutfactory.com\/#website"},"primaryImageOfPage":{"@id":"https:\/\/hutfactory.com\/?page_id=5592#primaryimage"},"image":{"@id":"https:\/\/hutfactory.com\/?page_id=5592#primaryimage"},"thumbnailUrl":"https:\/\/hutfactory.com\/wp-content\/uploads\/2026\/01\/Hutgroesse_Massband-1.webp","datePublished":"2022-01-13T20:00:42+00:00","dateModified":"2026-01-22T12:29:26+00:00","breadcrumb":{"@id":"https:\/\/hutfactory.com\/?page_id=5592#breadcrumb"},"inLanguage":"de","potentialAction":[{"@type":"ReadAction","target":["https:\/\/hutfactory.com\/?page_id=5592"]}]},{"@type":"ImageObject","inLanguage":"de","@id":"https:\/\/hutfactory.com\/?page_id=5592#primaryimage","url":"https:\/\/hutfactory.com\/wp-content\/uploads\/2026\/01\/Hutgroesse_Massband-1.webp","contentUrl":"https:\/\/hutfactory.com\/wp-content\/uploads\/2026\/01\/Hutgroesse_Massband-1.webp","width":900,"height":600},{"@type":"BreadcrumbList","@id":"https:\/\/hutfactory.com\/?page_id=5592#breadcrumb","itemListElement":[{"@type":"ListItem","position":1,"name":"Start","item":"https:\/\/hutfactory.com\/"},{"@type":"ListItem","position":2,"name":"Gr\u00f6ssenberater"}]},{"@type":"WebSite","@id":"https:\/\/hutfactory.com\/#website","url":"https:\/\/hutfactory.com\/","name":"Hut Factory","description":"H\u00fcte, Kappen &amp; M\u00fctzen in Top Swiss\/EU Qualit\u00e4t","publisher":{"@id":"https:\/\/hutfactory.com\/#organization"},"alternateName":"Hut Shop","potentialAction":[{"@type":"SearchAction","target":{"@type":"EntryPoint","urlTemplate":"https:\/\/hutfactory.com\/?s={search_term_string}"},"query-input":{"@type":"PropertyValueSpecification","valueRequired":true,"valueName":"search_term_string"}}],"inLanguage":"de"},{"@type":"Organization","@id":"https:\/\/hutfactory.com\/#organization","name":"Hut Factory","url":"https:\/\/hutfactory.com\/","logo":{"@type":"ImageObject","inLanguage":"de","@id":"https:\/\/hutfactory.com\/#\/schema\/logo\/image\/","url":"https:\/\/hutfactory.com\/wp-content\/uploads\/2026\/01\/Logo-hut-factory-1.webp","contentUrl":"https:\/\/hutfactory.com\/wp-content\/uploads\/2026\/01\/Logo-hut-factory-1.webp","width":300,"height":262,"caption":"Hut Factory"},"image":{"@id":"https:\/\/hutfactory.com\/#\/schema\/logo\/image\/"}}]}},"_links":{"self":[{"href":"https:\/\/hutfactory.com\/index.php?rest_route=\/wp\/v2\/pages\/5592","targetHints":{"allow":["GET"]}}],"collection":[{"href":"https:\/\/hutfactory.com\/index.php?rest_route=\/wp\/v2\/pages"}],"about":[{"href":"https:\/\/hutfactory.com\/index.php?rest_route=\/wp\/v2\/types\/page"}],"author":[{"embeddable":true,"href":"https:\/\/hutfactory.com\/index.php?rest_route=\/wp\/v2\/users\/1"}],"replies":[{"embeddable":true,"href":"https:\/\/hutfactory.com\/index.php?rest_route=%2Fwp%2Fv2%2Fcomments&post=5592"}],"version-history":[{"count":1,"href":"https:\/\/hutfactory.com\/index.php?rest_route=\/wp\/v2\/pages\/5592\/revisions"}],"predecessor-version":[{"id":5595,"href":"https:\/\/hutfactory.com\/index.php?rest_route=\/wp\/v2\/pages\/5592\/revisions\/5595"}],"wp:featuredmedia":[{"embeddable":true,"href":"https:\/\/hutfactory.com\/index.php?rest_route=\/wp\/v2\/media\/5593"}],"wp:attachment":[{"href":"https:\/\/hutfactory.com\/index.php?rest_route=%2Fwp%2Fv2%2Fmedia&parent=5592"}],"curies":[{"name":"wp","href":"https:\/\/api.w.org\/{rel}","templated":true}]}}