{"id":5577,"date":"2022-01-13T20:00:00","date_gmt":"2022-01-13T20:00:00","guid":{"rendered":"https:\/\/hutfactory.com\/?page_id=5577"},"modified":"2022-01-13T20:00:00","modified_gmt":"2022-01-13T20:00:00","slug":"kopf-und-hutformen","status":"publish","type":"page","link":"https:\/\/hutfactory.com\/?page_id=5577","title":{"rendered":"Kopf- &#038; Hutformen"},"content":{"rendered":"<div class=\"wpb-content-wrapper\"><p>[vc_row][vc_column][vc_column_text]<\/p>\n<p style=\"text-align: center;\">F\u00fcr jede Kopfform gibt es die passende Hutform. Meistens passt die ovale Hutform perfekt zu ovalen Kopfformen.<\/p>\n<p style=\"text-align: center;\">Vielleicht haben Sie die Erfahrung gemacht, dass der Westernhut einfach nicht richtig sitzt, obwohl Sie die genaue Gr\u00f6sse bestellt haben. Es besteht die M\u00f6glichkeit das Sie eine l\u00e4ngliche oder rundliche Kopfform haben.<\/p>\n<p>&nbsp;<\/p>\n<h3 style=\"text-align: center;\"><strong>Es gibt zwei M\u00f6glichkeiten:<\/strong><\/h3>\n<p style=\"text-align: center;\">Sie k\u00f6nnen Ihren Hut in der ovalen Form eine oder zwei Nummern gr\u00f6sser bestellen. Mittels 2 mm oder 2 mm Korkstreifen (im Shop unter Accessoire) passen Sie nun den Hut an Ihre Kopfform an. Bei einer runden Kopfform legen Sie die Korkstreifen hinten und vorne unter das Hutband legen. Mit einer l\u00e4nglichen Kopfform m\u00fcssten Sie die Korkstreifen links und rechts unter das Hutband legen.<\/p>\n<p style=\"text-align: center;\">Sie wissen, dass Sie entweder eine rundliche oder l\u00e4ngliche Kopfform haben und Bestellen Ihren Hut in der rundlichen oder l\u00e4nglichen Hutform und brauchen keine Korksteifen um den Hut anzupassen.<\/p>\n<h3>\u00a0<\/h3>\n<h3 style=\"text-align: center;\"><strong>Die drei Kopfformen von oben gesehen<\/strong><\/h3>\n<p>[\/vc_column_text][vc_row_inner][vc_column_inner width=&#8221;1\/3&#8243;][vc_single_image image=&#8221;39894&#8243; alignment=&#8221;center&#8221;][vc_column_text]<\/p>\n<p style=\"text-align: center;\">oval (Standard)<\/p>\n<p>[\/vc_column_text][\/vc_column_inner][vc_column_inner width=&#8221;1\/3&#8243;][vc_single_image image=&#8221;39893&#8243; alignment=&#8221;center&#8221;][vc_column_text]<\/p>\n<p style=\"text-align: center;\">l\u00e4nglich<\/p>\n<p>[\/vc_column_text][\/vc_column_inner][vc_column_inner width=&#8221;1\/3&#8243;][vc_single_image image=&#8221;39895&#8243; alignment=&#8221;center&#8221;][vc_column_text]<\/p>\n<p style=\"text-align: center;\">rundlich<\/p>\n<p>[\/vc_column_text][\/vc_column_inner][\/vc_row_inner][vc_single_image image=&#8221;39900&#8243; alignment=&#8221;center&#8221;][vc_column_text]<\/p>\n<h3 style=\"text-align: center;\"><strong>\u00a0Sind Sie unsicher ?<\/strong><\/h3>\n<div class=\"wp-block-group\" style=\"text-align: center;\">\n<div class=\"wp-block-columns\">\n<div class=\"wp-block-column\"><!-- \/wp:post-content --><\/div>\n<!-- \/wp:column --><\/div>\n<!-- \/wp:columns --><\/div>\n<p style=\"text-align: center;\"><!-- wp:heading {\"textAlign\":\"center\",\"level\":3} -->\u00a0Wir haben einen Kit mit dem unsere Kunden Ihre Kopfform ganz bequem zu Hause abbilden k\u00f6nnen.<\/p>\n<p><!-- wp:paragraph {\"align\":\"center\"} --><!-- \/wp:paragraph -->\u00a0<\/p>\n<p><!-- wp:image {\"align\":\"center\",\"id\":39900,\"sizeSlug\":\"full\",\"linkDestination\":\"none\"} --><!-- \/wp:image -->\n\n<!-- wp:paragraph {\"align\":\"center\"} -->[\/vc_column_text][vc_single_image image=&#8221;39898&#8243; alignment=&#8221;center&#8221;][vc_column_text]<\/p>\n<p style=\"text-align: center;\">Kopfform ausmessen in der Vergangenheit, keine Bange, wir haben eine praktische M\u00f6glichkeit entwickelt, damit Sie ganz bequem Zuhause die Kopfform ausmessen k\u00f6nnen.<\/p>\n<p>[\/vc_column_text][vc_column_text]<!-- wp:paragraph {\"align\":\"center\"} --><\/p>\n<p class=\"has-text-align-center\" style=\"text-align: center;\">Damit ist es m\u00f6glich, dass wir f\u00fcr Sie den perfekt passenden Westernhut herstellen. Und das Beste, wir k\u00f6nnen Ihre Vorlage in Ihrem Kundenkonto hinterlegen.<\/p>\n<!-- \/wp:paragraph -->\n<p>&nbsp;<\/p>\n<!-- wp:paragraph {\"align\":\"center\"} -->\n<p class=\"has-text-align-center\" style=\"text-align: center;\"><strong>Zum Selbstkostenpreis\/Porto von \u20ac\/CHF 5.00 senden wir ihnen das Set per Post nach Hause.<\/strong><\/p>\n<p><!-- wp:image {\"align\":\"center\",\"id\":39900,\"sizeSlug\":\"full\",\"linkDestination\":\"none\"} --><!-- \/wp:image -->\n\n<!-- wp:paragraph {\"align\":\"center\"} -->[\/vc_column_text][vc_row_inner][vc_column_inner width=&#8221;1\/3&#8243;][\/vc_column_inner][vc_column_inner width=&#8221;1\/3&#8243;]<div class=\"woocommerce \"><div class=\"products products-grid\"><div class=\"row grid\"  data-xlgdesktop=4 data-desktop=4 data-desktopsmall=4 data-tablet=2 data-mobile=2>\r\n\t<div class=\"grid wvs-archive-product-wrapper add-to-wishlist-after_add_to_cart product type-product post-35289 status-publish first instock product_cat-liegestuhl-sommerhuete product_cat-sommerhuete product_tag-100-stroh product_tag-damen has-post-thumbnail purchasable product-type-variable\">\r\n\t\t \t<div class=\"product-block grid \" data-product-id=\"35289\">\r\n\t\t<div class=\"product-content\">\r\n\t\t<div class=\"block-inner\">\r\n\t\t\t<figure class=\"image\">\r\n\t\t\t\t\t\t\t\t<a title=\"Strohhut Schute dreifarbige Garnitur\" href=\"https:\/\/hutfactory.com\/?product=strohhut-schute-dreifarbige-garnitur\" class=\"product-image\">\r\n\t\t\t\t\t<img loading=\"lazy\" decoding=\"async\" width=\"370\" height=\"370\" src=\"https:\/\/hutfactory.com\/wp-content\/uploads\/2026\/03\/610069_852_gesamt_750x750-370x370.jpg\" class=\"image-no-effect wvs-archive-product-image\" alt=\"Strohhut Schute dreifarbige Garnitur \u2013 hochwertige Kopfbedeckung von Fiebig bei Hut Factory Schweiz\" \/><span class=\"onsale\"><\/span>\t\t\t\t<\/a>\r\n\r\n\t\t\t\t\r\n\t\t\t\t<div class=\"groups-button-image clearfix\">\r\n\r\n\t\t\t\t\t\t\t\t\t\t\t\t\t\t\t\t\t<div>\r\n\t\t\t\t\t\t\t<a href=\"#\" class=\"button yith-wcqv-button\" title=\"Schnellansicht\"  data-product_id=\"35289\">\r\n\t\t\t\t\t\t\t\t<span>\r\n\t\t\t\t\t\t\t\t\t<i class=\"icon-eye icons\"> <\/i>\r\n\t\t\t\t\t\t\t\t<\/span>\r\n\t\t\t\t\t\t\t<\/a>\r\n\t\t\t\t\t\t<\/div>\t\r\n\t\t\t\t\t\t\r\n\t\t\t\t\t\r\n\t\t\t\t\t\t\t\t\t\t\t<div class=\"yith-compare\">\r\n\t\t\t\t\t\t\t\t<a\r\n\t\thref=\"https:\/\/hutfactory.com?action=yith-woocompare-add-product&#038;id=35289\"\r\n\t\tclass=\"compare link \"\r\n\t\tdata-product_id=\"35289\"\r\n\t\ttarget=\"_self\"\r\n\t\trel=\"nofollow\"\r\n\t>\r\n\t\t\t\t<span class=\"label\">\r\n\t\t\tProdukte vergleichen\t\t<\/span>\r\n\t<\/a>\r\n\t\t\t\t\t\t<\/div>\r\n\t\t\t\t\t \r\n\r\n\r\n\t\t\t\t\t\t\t\t\t\t\t \r\n\r\n\t\t\t\t\t \r\n\r\n\t\t\t    <\/div>\r\n\r\n\t\t\t\t\r\n\t\t\t<\/figure>\r\n\r\n\t\t\t\r\n\r\n\t\t<\/div>\r\n\t\t\t\t<div class=\"caption\">\r\n\t\t\t<div class=\"meta\">\r\n\t\t\t\t<div class=\"infor\">\r\n\t\t\t\t\t<h3 class=\"name\"><a href=\"https:\/\/hutfactory.com\/?product=strohhut-schute-dreifarbige-garnitur\">Strohhut Schute dreifarbige Garnitur<\/a><\/h3>\r\n\t\t\t\t\t\r\n\t\t\t\t\t\n\t<span class=\"price\"><span class=\"woocs_price_code\" data-currency=\"\" data-redraw-id=\"69e20dedaadb9\"  data-product-id=\"35289\"><span class=\"woocommerce-Price-amount amount\"><bdi>69.95<span class=\"woocommerce-Price-currencySymbol\">&#67;&#72;&#70;<\/span><\/bdi><\/span><\/span><\/span>\n\t\t\t\t\t\r\n\t\t\t\t<\/div>\r\n\t\t\t<\/div>  \r\n\t\t\t<div class=\"groups-button clearfix\">\r\n\t\t\t\t<div class=\"woo-swatches-pro-btn\"><div class=\"add-cart\" title=\"Ausf\u00fchrung w\u00e4hlen\"><a href=\"https:\/\/hutfactory.com\/?product=strohhut-schute-dreifarbige-garnitur\" aria-describedby=\"woocommerce_loop_add_to_cart_link_describedby_35289\" data-quantity=\"1\" class=\"button product_type_variable add_to_cart_button wvs-add-to-cart-button product_type_variable\" data-product_id=\"35289\" data-product_sku=\"F-610069\" aria-label=\"W\u00e4hle Optionen f\u00fcr \u201eStrohhut Schute dreifarbige Garnitur\u201c\" rel=\"nofollow\"><i class=\"icon-bag\"><\/i> <span class=\"title-cart\">Ausf\u00fchrung w\u00e4hlen<\/span><\/a>\t\t\t<span id=\"woocommerce_loop_add_to_cart_link_describedby_35289\" class=\"screen-reader-text\">\r\n\t\t\tDieses Produkt weist mehrere Varianten auf. Die Optionen k\u00f6nnen auf der Produktseite gew\u00e4hlt werden\t\t<\/span>\r\n\t<\/div><\/div><span class=\"gtm4wp_productdata\" style=\"display:none; visibility:hidden;\" data-gtm4wp_product_data=\"{&quot;internal_id&quot;:35289,&quot;item_id&quot;:35289,&quot;item_name&quot;:&quot;Strohhut Schute dreifarbige Garnitur&quot;,&quot;sku&quot;:&quot;F-610069&quot;,&quot;price&quot;:69.95,&quot;stocklevel&quot;:null,&quot;stockstatus&quot;:&quot;instock&quot;,&quot;google_business_vertical&quot;:&quot;retail&quot;,&quot;item_category&quot;:&quot;Schute&quot;,&quot;item_category2&quot;:&quot;Liegestuhl H\\u00fcte&quot;,&quot;id&quot;:35289,&quot;productlink&quot;:&quot;https:\\\/\\\/hutfactory.com\\\/?product=strohhut-schute-dreifarbige-garnitur&quot;,&quot;item_list_name&quot;:&quot;General Product List&quot;,&quot;index&quot;:1,&quot;product_type&quot;:&quot;variable&quot;,&quot;item_brand&quot;:&quot;&quot;}\"><\/span><div class=\"yith-add-to-wishlist-button-block\" data-product-id=\"35289\" data-attributes=\"{&quot;kind&quot;:&quot;button&quot;}\"><\/div>\t\t\t\t\t\t\t\t\r\n\t\t\t<\/div>\t\t\r\n\t\t<\/div>\r\n\r\n\t\t\n\t<div class=\"wvs-archive-variations-wrapper\" data-threshold_min=\"0\" data-threshold_max=\"100\" data-total_children=\"2\"  data-total_attribute=\"2\" data-product_id=\"35289\" data-product_variations=\"false\">\n\n\t\t\n\t\t\t\t\t<ul class=\"variations\">\n\t\t\t\t\n\t\t\t\t\t\n\n\t\t\t\t\t\t<li class=\"woo-variation-items-wrapper\">\n\t\t\t\t\t\t<select style=\"display:none\" id=\"pa_color-35289\" class=\" woo-variation-raw-select\" name=\"attribute_pa_color\" data-attribute_name=\"attribute_pa_color\" data-show_option_none=\"yes\"><option value=\"\">W\u00e4hle eine Option<\/option><option value=\"natur\" >Natur<\/option><\/select><ul role=\"radiogroup\" aria-label=\"Color\" class=\"archive-variable-items enabled-catalog-display-limit-mode wvs-style-squared variable-items-wrapper color-variable-items-wrapper\" data-attribute_name=\"attribute_pa_color\" data-attribute_values=\"[&quot;natur&quot;]\" data-preview_attribute_name=\"attribute_pa_color\"><li aria-checked=\"false\" tabindex=\"0\" data-attribute_name=\"attribute_pa_color\" data-wvstooltip=\"Natur\" class=\"variable-item color-variable-item color-variable-item-natur \" title=\"Natur\" data-title=\"Natur\" data-value=\"natur\" role=\"radio\" tabindex=\"0\"><div class=\"variable-item-contents\"><span class=\"variable-item-span variable-item-span-color\" style=\"background-color:#f4eed6;\"><\/span><\/div><\/li><\/ul>\t\t\t\t\t\t<\/li>\n\t\t\t\t\t\n\t\t\t\t\n\t\t\t\t\t\t\t<\/ul>\n\n\t\t\t<div class=\"wvs-archive-information\"><\/div>\n\n\t\t\n\t\t\t<\/div>\n\n\r\n    <\/div>\r\n<\/div>\r\n\t<\/div>\r\n\r\n<\/div><\/div><\/div>[\/vc_column_inner][vc_column_inner width=&#8221;1\/3&#8243;][\/vc_column_inner][\/vc_row_inner][\/vc_column][\/vc_row]<\/p><\/div>","protected":false},"excerpt":{"rendered":"<p>[vc_row][vc_column][vc_column_text] F\u00fcr jede Kopfform gibt es die passende Hutform. Meistens passt die ovale Hutform perfekt zu ovalen Kopfformen. Vielleicht haben Sie die Erfahrung gemacht, dass der Westernhut einfach nicht richtig sitzt, obwohl Sie die genaue Gr\u00f6sse bestellt haben. Es besteht die M\u00f6glichkeit das Sie eine l\u00e4ngliche oder rundliche Kopfform haben. &nbsp; Es gibt zwei M\u00f6glichkeiten: &hellip; <a href=\"https:\/\/hutfactory.com\/?page_id=5577\" class=\"more-link\">Weiterlesen <span class=\"screen-reader-text\">Kopf- &#038; Hutformen<\/span><\/a><\/p>\n","protected":false},"author":1,"featured_media":5578,"parent":0,"menu_order":0,"comment_status":"open","ping_status":"open","template":"","meta":{"_acf_changed":false,"rs_blank_template":"","rs_page_bg_color":"","slide_template_v7":"","footnotes":""},"class_list":["post-5577","page","type-page","status-publish","has-post-thumbnail","hentry"],"acf":[],"yoast_head":"<!-- This site is optimized with the Yoast SEO Premium plugin v27.3 (Yoast SEO v27.3) - https:\/\/yoast.com\/product\/yoast-seo-premium-wordpress\/ -->\n<title>Kopf- &amp; Hutformen - Hut Factory<\/title>\n<meta name=\"robots\" content=\"index, follow, max-snippet:-1, max-image-preview:large, max-video-preview:-1\" \/>\n<link rel=\"canonical\" href=\"https:\/\/hutfactory.com\/?page_id=5577\" \/>\n<meta property=\"og:locale\" content=\"de_DE\" \/>\n<meta property=\"og:type\" content=\"article\" \/>\n<meta property=\"og:title\" content=\"Kopf- &amp; Hutformen\" \/>\n<meta property=\"og:description\" content=\"[vc_row][vc_column][vc_column_text] F\u00fcr jede Kopfform gibt es die passende Hutform. Meistens passt die ovale Hutform perfekt zu ovalen Kopfformen. Vielleicht haben Sie die Erfahrung gemacht, dass der Westernhut einfach nicht richtig sitzt, obwohl Sie die genaue Gr\u00f6sse bestellt haben. Es besteht die M\u00f6glichkeit das Sie eine l\u00e4ngliche oder rundliche Kopfform haben. &nbsp; Es gibt zwei M\u00f6glichkeiten: &hellip; Weiterlesen Kopf- &#038; Hutformen\" \/>\n<meta property=\"og:url\" content=\"https:\/\/hutfactory.com\/?page_id=5577\" \/>\n<meta property=\"og:site_name\" content=\"Hut Factory\" \/>\n<meta property=\"og:image\" content=\"https:\/\/hutfactory.com\/wp-content\/uploads\/2026\/01\/Kopfform-laenglich-1-e1690020366333.webp\" \/>\n\t<meta property=\"og:image:width\" content=\"168\" \/>\n\t<meta property=\"og:image:height\" content=\"200\" \/>\n\t<meta property=\"og:image:type\" content=\"image\/webp\" \/>\n<meta name=\"twitter:card\" content=\"summary_large_image\" \/>\n<meta name=\"twitter:label1\" content=\"Gesch\u00e4tzte Lesezeit\" \/>\n\t<meta name=\"twitter:data1\" content=\"2\u00a0Minuten\" \/>\n<script type=\"application\/ld+json\" class=\"yoast-schema-graph\">{\"@context\":\"https:\\\/\\\/schema.org\",\"@graph\":[{\"@type\":\"WebPage\",\"@id\":\"https:\\\/\\\/hutfactory.com\\\/?page_id=5577\",\"url\":\"https:\\\/\\\/hutfactory.com\\\/?page_id=5577\",\"name\":\"Kopf- & Hutformen - Hut Factory\",\"isPartOf\":{\"@id\":\"https:\\\/\\\/hutfactory.com\\\/#website\"},\"primaryImageOfPage\":{\"@id\":\"https:\\\/\\\/hutfactory.com\\\/?page_id=5577#primaryimage\"},\"image\":{\"@id\":\"https:\\\/\\\/hutfactory.com\\\/?page_id=5577#primaryimage\"},\"thumbnailUrl\":\"https:\\\/\\\/hutfactory.com\\\/wp-content\\\/uploads\\\/2026\\\/01\\\/Kopfform-laenglich-1-e1690020366333.webp\",\"datePublished\":\"2022-01-13T20:00:00+00:00\",\"breadcrumb\":{\"@id\":\"https:\\\/\\\/hutfactory.com\\\/?page_id=5577#breadcrumb\"},\"inLanguage\":\"de\",\"potentialAction\":[{\"@type\":\"ReadAction\",\"target\":[\"https:\\\/\\\/hutfactory.com\\\/?page_id=5577\"]}]},{\"@type\":\"ImageObject\",\"inLanguage\":\"de\",\"@id\":\"https:\\\/\\\/hutfactory.com\\\/?page_id=5577#primaryimage\",\"url\":\"https:\\\/\\\/hutfactory.com\\\/wp-content\\\/uploads\\\/2026\\\/01\\\/Kopfform-laenglich-1-e1690020366333.webp\",\"contentUrl\":\"https:\\\/\\\/hutfactory.com\\\/wp-content\\\/uploads\\\/2026\\\/01\\\/Kopfform-laenglich-1-e1690020366333.webp\",\"width\":168,\"height\":200},{\"@type\":\"BreadcrumbList\",\"@id\":\"https:\\\/\\\/hutfactory.com\\\/?page_id=5577#breadcrumb\",\"itemListElement\":[{\"@type\":\"ListItem\",\"position\":1,\"name\":\"Start\",\"item\":\"https:\\\/\\\/hutfactory.com\\\/\"},{\"@type\":\"ListItem\",\"position\":2,\"name\":\"Kopf- &#038; Hutformen\"}]},{\"@type\":\"WebSite\",\"@id\":\"https:\\\/\\\/hutfactory.com\\\/#website\",\"url\":\"https:\\\/\\\/hutfactory.com\\\/\",\"name\":\"Hut Factory\",\"description\":\"H\u00fcte, Kappen &amp; M\u00fctzen in Top Swiss\\\/EU Qualit\u00e4t\",\"publisher\":{\"@id\":\"https:\\\/\\\/hutfactory.com\\\/#organization\"},\"alternateName\":\"Hut Shop\",\"potentialAction\":[{\"@type\":\"SearchAction\",\"target\":{\"@type\":\"EntryPoint\",\"urlTemplate\":\"https:\\\/\\\/hutfactory.com\\\/?s={search_term_string}\"},\"query-input\":{\"@type\":\"PropertyValueSpecification\",\"valueRequired\":true,\"valueName\":\"search_term_string\"}}],\"inLanguage\":\"de\"},{\"@type\":\"Organization\",\"@id\":\"https:\\\/\\\/hutfactory.com\\\/#organization\",\"name\":\"Hut Factory\",\"url\":\"https:\\\/\\\/hutfactory.com\\\/\",\"logo\":{\"@type\":\"ImageObject\",\"inLanguage\":\"de\",\"@id\":\"https:\\\/\\\/hutfactory.com\\\/#\\\/schema\\\/logo\\\/image\\\/\",\"url\":\"https:\\\/\\\/hutfactory.com\\\/wp-content\\\/uploads\\\/2026\\\/01\\\/Logo-hut-factory-1.webp\",\"contentUrl\":\"https:\\\/\\\/hutfactory.com\\\/wp-content\\\/uploads\\\/2026\\\/01\\\/Logo-hut-factory-1.webp\",\"width\":300,\"height\":262,\"caption\":\"Hut Factory\"},\"image\":{\"@id\":\"https:\\\/\\\/hutfactory.com\\\/#\\\/schema\\\/logo\\\/image\\\/\"}}]}<\/script>\n<!-- \/ Yoast SEO Premium plugin. -->","yoast_head_json":{"title":"Kopf- & Hutformen - Hut Factory","robots":{"index":"index","follow":"follow","max-snippet":"max-snippet:-1","max-image-preview":"max-image-preview:large","max-video-preview":"max-video-preview:-1"},"canonical":"https:\/\/hutfactory.com\/?page_id=5577","og_locale":"de_DE","og_type":"article","og_title":"Kopf- & Hutformen","og_description":"[vc_row][vc_column][vc_column_text] F\u00fcr jede Kopfform gibt es die passende Hutform. Meistens passt die ovale Hutform perfekt zu ovalen Kopfformen. Vielleicht haben Sie die Erfahrung gemacht, dass der Westernhut einfach nicht richtig sitzt, obwohl Sie die genaue Gr\u00f6sse bestellt haben. Es besteht die M\u00f6glichkeit das Sie eine l\u00e4ngliche oder rundliche Kopfform haben. &nbsp; Es gibt zwei M\u00f6glichkeiten: &hellip; Weiterlesen Kopf- &#038; Hutformen","og_url":"https:\/\/hutfactory.com\/?page_id=5577","og_site_name":"Hut Factory","og_image":[{"width":168,"height":200,"url":"https:\/\/hutfactory.com\/wp-content\/uploads\/2026\/01\/Kopfform-laenglich-1-e1690020366333.webp","type":"image\/webp"}],"twitter_card":"summary_large_image","twitter_misc":{"Gesch\u00e4tzte Lesezeit":"2\u00a0Minuten"},"schema":{"@context":"https:\/\/schema.org","@graph":[{"@type":"WebPage","@id":"https:\/\/hutfactory.com\/?page_id=5577","url":"https:\/\/hutfactory.com\/?page_id=5577","name":"Kopf- & Hutformen - Hut Factory","isPartOf":{"@id":"https:\/\/hutfactory.com\/#website"},"primaryImageOfPage":{"@id":"https:\/\/hutfactory.com\/?page_id=5577#primaryimage"},"image":{"@id":"https:\/\/hutfactory.com\/?page_id=5577#primaryimage"},"thumbnailUrl":"https:\/\/hutfactory.com\/wp-content\/uploads\/2026\/01\/Kopfform-laenglich-1-e1690020366333.webp","datePublished":"2022-01-13T20:00:00+00:00","breadcrumb":{"@id":"https:\/\/hutfactory.com\/?page_id=5577#breadcrumb"},"inLanguage":"de","potentialAction":[{"@type":"ReadAction","target":["https:\/\/hutfactory.com\/?page_id=5577"]}]},{"@type":"ImageObject","inLanguage":"de","@id":"https:\/\/hutfactory.com\/?page_id=5577#primaryimage","url":"https:\/\/hutfactory.com\/wp-content\/uploads\/2026\/01\/Kopfform-laenglich-1-e1690020366333.webp","contentUrl":"https:\/\/hutfactory.com\/wp-content\/uploads\/2026\/01\/Kopfform-laenglich-1-e1690020366333.webp","width":168,"height":200},{"@type":"BreadcrumbList","@id":"https:\/\/hutfactory.com\/?page_id=5577#breadcrumb","itemListElement":[{"@type":"ListItem","position":1,"name":"Start","item":"https:\/\/hutfactory.com\/"},{"@type":"ListItem","position":2,"name":"Kopf- &#038; Hutformen"}]},{"@type":"WebSite","@id":"https:\/\/hutfactory.com\/#website","url":"https:\/\/hutfactory.com\/","name":"Hut Factory","description":"H\u00fcte, Kappen &amp; M\u00fctzen in Top Swiss\/EU Qualit\u00e4t","publisher":{"@id":"https:\/\/hutfactory.com\/#organization"},"alternateName":"Hut Shop","potentialAction":[{"@type":"SearchAction","target":{"@type":"EntryPoint","urlTemplate":"https:\/\/hutfactory.com\/?s={search_term_string}"},"query-input":{"@type":"PropertyValueSpecification","valueRequired":true,"valueName":"search_term_string"}}],"inLanguage":"de"},{"@type":"Organization","@id":"https:\/\/hutfactory.com\/#organization","name":"Hut Factory","url":"https:\/\/hutfactory.com\/","logo":{"@type":"ImageObject","inLanguage":"de","@id":"https:\/\/hutfactory.com\/#\/schema\/logo\/image\/","url":"https:\/\/hutfactory.com\/wp-content\/uploads\/2026\/01\/Logo-hut-factory-1.webp","contentUrl":"https:\/\/hutfactory.com\/wp-content\/uploads\/2026\/01\/Logo-hut-factory-1.webp","width":300,"height":262,"caption":"Hut Factory"},"image":{"@id":"https:\/\/hutfactory.com\/#\/schema\/logo\/image\/"}}]}},"_links":{"self":[{"href":"https:\/\/hutfactory.com\/index.php?rest_route=\/wp\/v2\/pages\/5577","targetHints":{"allow":["GET"]}}],"collection":[{"href":"https:\/\/hutfactory.com\/index.php?rest_route=\/wp\/v2\/pages"}],"about":[{"href":"https:\/\/hutfactory.com\/index.php?rest_route=\/wp\/v2\/types\/page"}],"author":[{"embeddable":true,"href":"https:\/\/hutfactory.com\/index.php?rest_route=\/wp\/v2\/users\/1"}],"replies":[{"embeddable":true,"href":"https:\/\/hutfactory.com\/index.php?rest_route=%2Fwp%2Fv2%2Fcomments&post=5577"}],"version-history":[{"count":0,"href":"https:\/\/hutfactory.com\/index.php?rest_route=\/wp\/v2\/pages\/5577\/revisions"}],"wp:featuredmedia":[{"embeddable":true,"href":"https:\/\/hutfactory.com\/index.php?rest_route=\/wp\/v2\/media\/5578"}],"wp:attachment":[{"href":"https:\/\/hutfactory.com\/index.php?rest_route=%2Fwp%2Fv2%2Fmedia&parent=5577"}],"curies":[{"name":"wp","href":"https:\/\/api.w.org\/{rel}","templated":true}]}}