{"id":110,"date":"2026-01-16T05:16:48","date_gmt":"2026-01-16T05:16:48","guid":{"rendered":"https:\/\/wpbakery.thembay.com\/puca2\/?page_id=110"},"modified":"2026-03-26T12:37:06","modified_gmt":"2026-03-26T12:37:06","slug":"home","status":"publish","type":"page","link":"https:\/\/hutfactory.com\/","title":{"rendered":"Home"},"content":{"rendered":"<div class=\"wpb-content-wrapper\"><p>[vc_row full_width=&#8221;stretch_row_content&#8221;][vc_column][vc_empty_space height=&#8221;15px&#8221;][rev_slider_vc alias=&#8221;fashion-home1&#8243;][vc_column_text css=&#8221;&#8221;]<\/p>\n<h2 style=\"text-align: center;\">Top of Headwear \u2013 Hut Factory<\/h2>\n<h3 style=\"text-align: center;\">H\u00fcte, M\u00fctzen &amp; Kappen f\u00fcr K\u00f6pfe mit Stil<\/h3>\n<h4 style=\"text-align: center;\">Willkommen bei Hut Factory \u2013 Ihrem Onlineshop f\u00fcr exklusive Kopfbedeckungen mit Charakter.<\/h4>\n<p style=\"text-align: center;\">Unsere <strong>handgefertigten H\u00fcte, M\u00fctzen und Kappen<\/strong> vereinen <strong>traditionelle Handwerkskunst<\/strong> mit moderner Eleganz. Jedes St\u00fcck steht f\u00fcr <strong>Qualit\u00e4t, Individualit\u00e4t <\/strong>und zeitlosen<strong> Stil.<\/strong><\/p>\n<p style=\"text-align: center;\">Ob <strong>Fedora, Flatcap<\/strong> oder stilvolle <strong>Accessoires<\/strong> wie Bags, Handschuhe und Schals \u2013 entdecken Sie Kollektionen, die Ihren <strong>pers\u00f6nlichen Look unterstreichen<\/strong>.<\/p>\n<p style=\"text-align: center;\">F\u00fcr Damen und Herren,<strong> die das Besondere suchen<\/strong> \u2013 <strong>authentisch, hochwertig<\/strong> und mit <strong>Liebe zum Detail<\/strong> gefertigt.<\/p>\n<p>[\/vc_column_text][vc_btn title=&#8221;Warum bei Hut Factory bestellen?&#8221; align=&#8221;center&#8221; css=&#8221;&#8221; link=&#8221;url:https%3A%2F%2Fhutfactory.com%2F%3Fpage_id%3D5910|title:Warum%20bei%20Hut%20Factory%20bestellen%3F|target:_blank&#8221;][vc_column_text css=&#8221;&#8221;]<\/p>\n<h3 style=\"text-align: center;\">Schweizer Online-Shop f\u00fcr handgefertigte Kopfbedeckungen aus Europa<\/h3>\n<p>[\/vc_column_text][vc_row_inner][vc_column_inner width=&#8221;1\/4&#8243;][vc_single_image image=&#8221;38908&#8243; img_size=&#8221;full&#8221; alignment=&#8221;center&#8221; onclick=&#8221;custom_link&#8221; css=&#8221;&#8221; link=&#8221;https:\/\/hutfactory.com\/?product_cat=sommermuetzen&#8221;][\/vc_column_inner][vc_column_inner width=&#8221;1\/4&#8243;][vc_single_image image=&#8221;38902&#8243; img_size=&#8221;full&#8221; onclick=&#8221;custom_link&#8221; css=&#8221;&#8221; link=&#8221;https:\/\/hutfactory.com\/?product_cat=sommermuetzen&#8221;][\/vc_column_inner][vc_column_inner width=&#8221;1\/4&#8243;][vc_single_image image=&#8221;38909&#8243; img_size=&#8221;full&#8221; onclick=&#8221;custom_link&#8221; css=&#8221;&#8221; link=&#8221;https:\/\/hutfactory.com\/?product_cat=sommerhuete&#8221;][\/vc_column_inner][vc_column_inner width=&#8221;1\/4&#8243;][vc_single_image image=&#8221;38901&#8243; img_size=&#8221;full&#8221; onclick=&#8221;custom_link&#8221; css=&#8221;&#8221; link=&#8221;https:\/\/hutfactory.com\/?product_cat=sommerhuete&#8221;][\/vc_column_inner][\/vc_row_inner][vc_row_inner][vc_column_inner][vc_column_text css=&#8221;&#8221;]<\/p>\n<h3 style=\"text-align: center;\" data-start=\"854\" data-end=\"903\">Jetzt handgefertigte Sommerh\u00fcte f\u00fcr Damen und Herren entdecken<\/h3>\n<p style=\"text-align: center;\" data-start=\"316\" data-end=\"464\">Entdecken Sie unsere neue <strong data-start=\"342\" data-end=\"380\">Fr\u00fchling- und Sommer-Hutkollektion<\/strong> \u2013 handgefertigte H\u00fcte, die Stil, <strong>Nachhaltigkeit und h\u00f6chsten Tragekomfort<\/strong> vereinen.<\/p>\n<p style=\"text-align: center;\" data-start=\"466\" data-end=\"751\">Klassische <strong data-start=\"477\" data-end=\"490\">Hutformen<\/strong> wie <strong data-start=\"495\" data-end=\"528\">Fedora, Player und Bogart-Hut<\/strong> werden modern interpretiert und mit feinen Details veredelt.<br data-start=\"589\" data-end=\"592\" \/>Gefertigt aus hochwertigen Naturmaterialien wie <strong data-start=\"640\" data-end=\"679\">Panamastroh, Weizenstroh und Raffia<\/strong>, entstehen langlebige und stilvolle Begleiter f\u00fcr die warme Jahreszeit.<\/p>\n<p style=\"text-align: center;\" data-start=\"753\" data-end=\"918\">Ob urbaner <strong data-start=\"764\" data-end=\"778\">Player-Hut<\/strong>, eleganter <strong data-start=\"790\" data-end=\"804\">Bogart-Hut<\/strong> oder markanter <strong data-start=\"820\" data-end=\"830\">Fedora<\/strong> \u2013 bei <strong data-start=\"837\" data-end=\"852\">Hut Factory<\/strong> finden Damen und Herren den passenden Sommerhut f\u00fcr jeden Anlass.\u00a0Jeder Hut \u00fcberzeugt durch langlebige <strong>Qualit\u00e4t<\/strong>, pr\u00e4zise <strong>Verarbeitung<\/strong>, zeitloses<strong> Design<\/strong> und hohen <strong>Tragekomfort<\/strong>.<\/p>\n<p style=\"text-align: center;\" data-start=\"1042\" data-end=\"1197\">Perfekt <strong>f\u00fcr stilbewusste Pers\u00f6nlichkeiten<\/strong>, die sich im Sommer nicht nur vor der Sonne sch\u00fctzen, sondern ihren <strong>Look mit Klasse und Charakter<\/strong> unterstreichen.<\/p>\n<p>[\/vc_column_text][tbay_products categories=&#8221;275&#8243; type=&#8221;random_product&#8221; columns=&#8221;5&#8243; number=&#8221;15&#8243; show_view_all=&#8221;yes&#8221; button_text_view_all=&#8221;alle Sommerh\u00fcte anzeigen&#8221; responsive_type=&#8221;yes&#8221;][vc_separator color=&#8221;chino&#8221; style=&#8221;shadow&#8221; el_width=&#8221;50&#8243; css=&#8221;&#8221;][vc_column_text css=&#8221;&#8221;]<\/p>\n<h3 style=\"text-align: center;\" data-start=\"1685\" data-end=\"1747\">Jetzt stilvolle Kappen &amp; M\u00fctzen f\u00fcr Damen und Herren entdecken<\/h3>\n<p style=\"text-align: center;\" data-start=\"306\" data-end=\"567\">Unsere <strong data-start=\"313\" data-end=\"334\">Kappen und M\u00fctzen<\/strong> vereinen traditionelle <strong>Handwerkskunst mit modernem Design<\/strong> und h\u00f6chstem Tragekomfort.<br data-start=\"419\" data-end=\"422\" \/>Gefertigt in ausgew\u00e4hlten europ\u00e4ischen Ateliers entstehen hochwertige Kopfbedeckungen f\u00fcr Damen und Herren, die Wert auf Stil und Qualit\u00e4t legen.<\/p>\n<p style=\"text-align: center;\" data-start=\"569\" data-end=\"732\">Ob klassische <strong data-start=\"583\" data-end=\"595\">Flatcaps<\/strong>, markante <strong data-start=\"606\" data-end=\"625\">Paperboy M\u00fctzen<\/strong> oder moderne <strong data-start=\"639\" data-end=\"647\">Caps<\/strong> \u2013 diese vielseitigen Accessoires erg\u00e4nzen jedes Outfit und setzen stilvolle Akzente.<\/p>\n<p style=\"text-align: center;\" data-start=\"734\" data-end=\"918\">Weiche, sorgf\u00e4ltig ausgew\u00e4hlte Materialien, eine perfekte Passform und eine pr\u00e4zise Verarbeitung machen jede <strong data-start=\"843\" data-end=\"862\">M\u00fctze und Kappe<\/strong> zu einem langlebigen Begleiter f\u00fcr Alltag und Freizeit.<\/p>\n<p>[\/vc_column_text][tbay_products categories=&#8221;445&#8243; type=&#8221;random_product&#8221; columns=&#8221;5&#8243; number=&#8221;15&#8243; show_view_all=&#8221;yes&#8221; button_text_view_all=&#8221;alle Kappen und M\u00fctzen anzeigen&#8221; responsive_type=&#8221;yes&#8221;][vc_separator color=&#8221;chino&#8221; style=&#8221;shadow&#8221; el_width=&#8221;50&#8243; css=&#8221;&#8221;][vc_column_text css=&#8221;&#8221;]<\/p>\n<h3 style=\"text-align: center;\">Jetzt handgefertigte Westernh\u00fcte &amp; Cowboyh\u00fcte in Schweizer &amp; EU Qualit\u00e4t entdecken<\/h3>\n<p style=\"text-align: center;\" data-start=\"358\" data-end=\"619\">Unsere <strong data-start=\"365\" data-end=\"395\">Westernh\u00fcte und Cowboyh\u00fcte<\/strong> vereinen traditionelle Handwerkskunst mit modernem Stil.<br data-start=\"452\" data-end=\"455\" \/>Gefertigt im Herzen der <strong data-start=\"479\" data-end=\"501\">Schweiz und Europa<\/strong>, entstehen authentische Kopfbedeckungen, inspiriert von echter Westerntradition und umgesetzt mit h\u00f6chster Pr\u00e4zision.<\/p>\n<p style=\"text-align: center;\" data-start=\"621\" data-end=\"790\">Ob markanter <strong>Cowgirl-<\/strong> &amp; <strong data-start=\"634\" data-end=\"647\">Cowboyhut<\/strong>, authentischer <strong>Old West Hut<\/strong>\u00a0oder robuster <strong data-start=\"693\" data-end=\"708\">Outback-Hut<\/strong> \u2013 bei <strong data-start=\"715\" data-end=\"730\">Hut Factory<\/strong> finden Damen und Herren den perfekten und stilvollen Westernhut f\u00fcr jeden Anlass.<\/p>\n<p style=\"text-align: center;\" data-start=\"792\" data-end=\"1028\">Jeder <strong data-start=\"798\" data-end=\"824\">Custom Made Westernhut<\/strong> wird individuell gefertigt und \u00fcberzeugt durch hochwertige Materialien, exzellente Verarbeitung und viel Liebe zum Detail.<br data-start=\"947\" data-end=\"950\" \/>Unsere H\u00fcte stehen f\u00fcr <strong data-start=\"973\" data-end=\"1027\">Qualit\u00e4t, Langlebigkeit und nachhaltige Produktion<\/strong>.<\/p>\n<p style=\"text-align: center;\" data-start=\"1030\" data-end=\"1171\">W\u00e4hlen Sie aus verschiedenen <strong data-start=\"1059\" data-end=\"1093\">Gr\u00f6\u00dfen, Materialien und Farben<\/strong> und gestalten Sie Ihren pers\u00f6nlichen Westernhut \u2013 einzigartig wie Sie selbst.<\/p>\n<p>[\/vc_column_text][tbay_products categories=&#8221;258&#8243; type=&#8221;random_product&#8221; columns=&#8221;5&#8243; number=&#8221;15&#8243; show_view_all=&#8221;yes&#8221; button_text_view_all=&#8221;alle Westernh\u00fcte anzeigen&#8221; responsive_type=&#8221;yes&#8221;][vc_separator color=&#8221;chino&#8221; style=&#8221;shadow&#8221; el_width=&#8221;50&#8243; css=&#8221;&#8221;][vc_column_text css=&#8221;&#8221;]<\/p>\n<h4 style=\"text-align: center;\" data-start=\"331\" data-end=\"404\">Stilvolle Accessoires f\u00fcr Damen, Herren und Kinder entdecken<\/h4>\n<p style=\"text-align: center;\" data-start=\"327\" data-end=\"487\">Unsere <strong data-start=\"334\" data-end=\"378\">Accessoires f\u00fcr Damen, Herren und Kinder<\/strong> erg\u00e4nzen die Hut- und M\u00fctzenkollektionen von <strong data-start=\"424\" data-end=\"439\">Hut Factory<\/strong> perfekt und setzen stilvolle Akzente im Alltag.<\/p>\n<p style=\"text-align: center;\" data-start=\"489\" data-end=\"681\">Ob f\u00fcr den t\u00e4glichen Gebrauch, den Sommer- oder Winterspaziergang oder den eleganten Auftritt in der Stadt \u2013 unsere Accessoires vereinen <strong data-start=\"613\" data-end=\"636\">funktionalen Schutz<\/strong> mit zeitlosem Design und hohem Tragekomfort.<\/p>\n<p style=\"text-align: center;\" data-start=\"683\" data-end=\"894\">Gefertigt aus hochwertigen Materialien wie <strong data-start=\"726\" data-end=\"783\">Leinen, Kaschmir, Leder und nachhaltigen Mischgeweben<\/strong>, \u00fcberzeugen sie durch ihre angenehme Haptik, langlebige Qualit\u00e4t und eine optimale Passform \u2013 auch f\u00fcr Kinder.<\/p>\n<p>[\/vc_column_text][tbay_products categories=&#8221;595&#8243; type=&#8221;random_product&#8221; columns=&#8221;5&#8243; number=&#8221;15&#8243; show_view_all=&#8221;yes&#8221; button_text_view_all=&#8221;alle Accessoires anzeigen&#8221; responsive_type=&#8221;yes&#8221;][vc_separator color=&#8221;chino&#8221; style=&#8221;shadow&#8221; el_width=&#8221;50&#8243; css=&#8221;&#8221;][tbay_features items=&#8221;%5B%7B%22title%22%3A%22Zuverl%C3%A4ssiger%20Versand%22%2C%22description%22%3A%22Kostenloser%20Versand%20f%C3%BCr%20alle%20Bestellungen%20%C3%BCber%20300%20CHF%2F%E2%82%AC%22%2C%22icon_font%22%3A%22icon-%20icon-plane%22%2C%22link%22%3A%22https%3A%2F%2Fhutfactory.com%2F%3Fpage_id%3D5591%22%7D%2C%7B%22title%22%3A%22Club%20Mitglieder%20Geschenk%22%2C%22description%22%3A%22Das%20Angebot%20gilt%20f%C3%BCr%20Kunden%2C%20die%20mehr%20als%203%20H%C3%BCte%20oder%20Kappen%20gekauft%20haben.%22%2C%22icon_font%22%3A%22icon-%20icon-badge%22%2C%22link%22%3A%22https%3A%2F%2Fhutfactory.com%2F%3Fpage_id%3D5634%22%7D%2C%7B%22title%22%3A%22freundlicher%20Support%2024%2F7%22%2C%22description%22%3A%22Unsere%20Support%20Team%20ist%20immer%20f%C3%BCr%20Sie%20da%22%2C%22link%22%3A%22https%3A%2F%2Fhutfactory.com%2Fwp-admin%2Fpost.php%3Fpost%3D5875%26action%3Dedit%22%7D%5D&#8221; style=&#8221;style3&#8243;][tbay_gridposts responsive_type=&#8221;yes&#8221; subtitle=&#8221;Das Neueste aus der Welt der H\u00fcte&#8221;][\/vc_column_inner][\/vc_row_inner][\/vc_column][\/vc_row]<\/p>\n<\/div>","protected":false},"excerpt":{"rendered":"<p>[vc_row full_width=&#8221;stretch_row_content&#8221;][vc_column][vc_empty_space height=&#8221;15px&#8221;][rev_slider_vc alias=&#8221;fashion-home1&#8243;][vc_column_text css=&#8221;&#8221;] Top of Headwear \u2013 Hut Factory H\u00fcte, M\u00fctzen &amp; Kappen f\u00fcr K\u00f6pfe mit Stil Willkommen bei Hut Factory \u2013 Ihrem Onlineshop f\u00fcr exklusive Kopfbedeckungen mit Charakter. Unsere handgefertigten H\u00fcte, M\u00fctzen und Kappen vereinen traditionelle Handwerkskunst mit moderner Eleganz. Jedes St\u00fcck steht f\u00fcr Qualit\u00e4t, Individualit\u00e4t und zeitlosen Stil. Ob Fedora, Flatcap &hellip; <a href=\"https:\/\/hutfactory.com\/\" class=\"more-link\">Weiterlesen <span class=\"screen-reader-text\">Home<\/span><\/a><\/p>\n","protected":false},"author":1,"featured_media":38908,"parent":0,"menu_order":0,"comment_status":"closed","ping_status":"closed","template":"","meta":{"_acf_changed":false,"rs_blank_template":"","rs_page_bg_color":"","slide_template_v7":"","footnotes":""},"class_list":["post-110","page","type-page","status-publish","has-post-thumbnail","hentry"],"acf":[],"yoast_head":"<!-- This site is optimized with the Yoast SEO Premium plugin v27.3 (Yoast SEO v27.3) - https:\/\/yoast.com\/product\/yoast-seo-premium-wordpress\/ -->\n<title>Hochwertige H\u00fcte, Kappen, M\u00fctzen, Handschuhe &amp; Schals<\/title>\n<meta name=\"description\" content=\"Entdecken Sie hochwertige H\u00fcte &amp; M\u00fctzen. Exklusive Handwerkskunst, nachhaltig gefertigt, f\u00fcr ein elegantes &amp; wirkungsvolles Auftreten.\" \/>\n<meta name=\"robots\" content=\"index, follow, max-snippet:-1, max-image-preview:large, max-video-preview:-1\" \/>\n<link rel=\"canonical\" href=\"https:\/\/hutfactory.com\/\" \/>\n<meta property=\"og:locale\" content=\"de_DE\" \/>\n<meta property=\"og:type\" content=\"article\" \/>\n<meta property=\"og:title\" content=\"Home\" \/>\n<meta property=\"og:description\" content=\"Entdecken Sie hochwertige H\u00fcte &amp; M\u00fctzen. Exklusive Handwerkskunst, nachhaltig gefertigt, f\u00fcr ein elegantes &amp; wirkungsvolles Auftreten.\" \/>\n<meta property=\"og:url\" content=\"https:\/\/hutfactory.com\/\" \/>\n<meta property=\"og:site_name\" content=\"Hut Factory\" \/>\n<meta property=\"article:modified_time\" content=\"2026-03-26T12:37:06+00:00\" \/>\n<meta property=\"og:image\" content=\"https:\/\/hutfactory.com\/wp-content\/uploads\/2026\/03\/Sommerhuete-und-Kappen.webp\" \/>\n\t<meta property=\"og:image:width\" content=\"1344\" \/>\n\t<meta property=\"og:image:height\" content=\"768\" \/>\n\t<meta property=\"og:image:type\" content=\"image\/webp\" \/>\n<meta name=\"twitter:card\" content=\"summary_large_image\" \/>\n<meta name=\"twitter:label1\" content=\"Gesch\u00e4tzte Lesezeit\" \/>\n\t<meta name=\"twitter:data1\" content=\"4\u00a0Minuten\" \/>\n<script type=\"application\/ld+json\" class=\"yoast-schema-graph\">{\"@context\":\"https:\\\/\\\/schema.org\",\"@graph\":[{\"@type\":\"WebPage\",\"@id\":\"https:\\\/\\\/hutfactory.com\\\/\",\"url\":\"https:\\\/\\\/hutfactory.com\\\/\",\"name\":\"Hochwertige H\u00fcte, Kappen, M\u00fctzen, Handschuhe & Schals\",\"isPartOf\":{\"@id\":\"https:\\\/\\\/hutfactory.com\\\/#website\"},\"primaryImageOfPage\":{\"@id\":\"https:\\\/\\\/hutfactory.com\\\/#primaryimage\"},\"image\":{\"@id\":\"https:\\\/\\\/hutfactory.com\\\/#primaryimage\"},\"thumbnailUrl\":\"https:\\\/\\\/hutfactory.com\\\/wp-content\\\/uploads\\\/2026\\\/03\\\/Sommerhuete-und-Kappen.webp\",\"datePublished\":\"2026-01-16T05:16:48+00:00\",\"dateModified\":\"2026-03-26T12:37:06+00:00\",\"description\":\"Entdecken Sie hochwertige H\u00fcte & M\u00fctzen. Exklusive Handwerkskunst, nachhaltig gefertigt, f\u00fcr ein elegantes & wirkungsvolles Auftreten.\",\"breadcrumb\":{\"@id\":\"https:\\\/\\\/hutfactory.com\\\/#breadcrumb\"},\"inLanguage\":\"de\",\"potentialAction\":[{\"@type\":\"ReadAction\",\"target\":[\"https:\\\/\\\/hutfactory.com\\\/\"]}]},{\"@type\":\"ImageObject\",\"inLanguage\":\"de\",\"@id\":\"https:\\\/\\\/hutfactory.com\\\/#primaryimage\",\"url\":\"https:\\\/\\\/hutfactory.com\\\/wp-content\\\/uploads\\\/2026\\\/03\\\/Sommerhuete-und-Kappen.webp\",\"contentUrl\":\"https:\\\/\\\/hutfactory.com\\\/wp-content\\\/uploads\\\/2026\\\/03\\\/Sommerhuete-und-Kappen.webp\",\"width\":1344,\"height\":768},{\"@type\":\"BreadcrumbList\",\"@id\":\"https:\\\/\\\/hutfactory.com\\\/#breadcrumb\",\"itemListElement\":[{\"@type\":\"ListItem\",\"position\":1,\"name\":\"Start\",\"item\":\"https:\\\/\\\/hutfactory.com\\\/\"},{\"@type\":\"ListItem\",\"position\":2,\"name\":\"Home\"}]},{\"@type\":\"WebSite\",\"@id\":\"https:\\\/\\\/hutfactory.com\\\/#website\",\"url\":\"https:\\\/\\\/hutfactory.com\\\/\",\"name\":\"Hut Factory\",\"description\":\"H\u00fcte, Kappen &amp; M\u00fctzen in Top Swiss\\\/EU Qualit\u00e4t\",\"publisher\":{\"@id\":\"https:\\\/\\\/hutfactory.com\\\/#organization\"},\"alternateName\":\"Hut Shop\",\"potentialAction\":[{\"@type\":\"SearchAction\",\"target\":{\"@type\":\"EntryPoint\",\"urlTemplate\":\"https:\\\/\\\/hutfactory.com\\\/?s={search_term_string}\"},\"query-input\":{\"@type\":\"PropertyValueSpecification\",\"valueRequired\":true,\"valueName\":\"search_term_string\"}}],\"inLanguage\":\"de\"},{\"@type\":\"Organization\",\"@id\":\"https:\\\/\\\/hutfactory.com\\\/#organization\",\"name\":\"Hut Factory\",\"url\":\"https:\\\/\\\/hutfactory.com\\\/\",\"logo\":{\"@type\":\"ImageObject\",\"inLanguage\":\"de\",\"@id\":\"https:\\\/\\\/hutfactory.com\\\/#\\\/schema\\\/logo\\\/image\\\/\",\"url\":\"https:\\\/\\\/hutfactory.com\\\/wp-content\\\/uploads\\\/2026\\\/01\\\/Logo-hut-factory-1.webp\",\"contentUrl\":\"https:\\\/\\\/hutfactory.com\\\/wp-content\\\/uploads\\\/2026\\\/01\\\/Logo-hut-factory-1.webp\",\"width\":300,\"height\":262,\"caption\":\"Hut Factory\"},\"image\":{\"@id\":\"https:\\\/\\\/hutfactory.com\\\/#\\\/schema\\\/logo\\\/image\\\/\"}}]}<\/script>\n<!-- \/ Yoast SEO Premium plugin. -->","yoast_head_json":{"title":"Hochwertige H\u00fcte, Kappen, M\u00fctzen, Handschuhe & Schals","description":"Entdecken Sie hochwertige H\u00fcte & M\u00fctzen. Exklusive Handwerkskunst, nachhaltig gefertigt, f\u00fcr ein elegantes & wirkungsvolles Auftreten.","robots":{"index":"index","follow":"follow","max-snippet":"max-snippet:-1","max-image-preview":"max-image-preview:large","max-video-preview":"max-video-preview:-1"},"canonical":"https:\/\/hutfactory.com\/","og_locale":"de_DE","og_type":"article","og_title":"Home","og_description":"Entdecken Sie hochwertige H\u00fcte & M\u00fctzen. Exklusive Handwerkskunst, nachhaltig gefertigt, f\u00fcr ein elegantes & wirkungsvolles Auftreten.","og_url":"https:\/\/hutfactory.com\/","og_site_name":"Hut Factory","article_modified_time":"2026-03-26T12:37:06+00:00","og_image":[{"width":1344,"height":768,"url":"https:\/\/hutfactory.com\/wp-content\/uploads\/2026\/03\/Sommerhuete-und-Kappen.webp","type":"image\/webp"}],"twitter_card":"summary_large_image","twitter_misc":{"Gesch\u00e4tzte Lesezeit":"4\u00a0Minuten"},"schema":{"@context":"https:\/\/schema.org","@graph":[{"@type":"WebPage","@id":"https:\/\/hutfactory.com\/","url":"https:\/\/hutfactory.com\/","name":"Hochwertige H\u00fcte, Kappen, M\u00fctzen, Handschuhe & Schals","isPartOf":{"@id":"https:\/\/hutfactory.com\/#website"},"primaryImageOfPage":{"@id":"https:\/\/hutfactory.com\/#primaryimage"},"image":{"@id":"https:\/\/hutfactory.com\/#primaryimage"},"thumbnailUrl":"https:\/\/hutfactory.com\/wp-content\/uploads\/2026\/03\/Sommerhuete-und-Kappen.webp","datePublished":"2026-01-16T05:16:48+00:00","dateModified":"2026-03-26T12:37:06+00:00","description":"Entdecken Sie hochwertige H\u00fcte & M\u00fctzen. Exklusive Handwerkskunst, nachhaltig gefertigt, f\u00fcr ein elegantes & wirkungsvolles Auftreten.","breadcrumb":{"@id":"https:\/\/hutfactory.com\/#breadcrumb"},"inLanguage":"de","potentialAction":[{"@type":"ReadAction","target":["https:\/\/hutfactory.com\/"]}]},{"@type":"ImageObject","inLanguage":"de","@id":"https:\/\/hutfactory.com\/#primaryimage","url":"https:\/\/hutfactory.com\/wp-content\/uploads\/2026\/03\/Sommerhuete-und-Kappen.webp","contentUrl":"https:\/\/hutfactory.com\/wp-content\/uploads\/2026\/03\/Sommerhuete-und-Kappen.webp","width":1344,"height":768},{"@type":"BreadcrumbList","@id":"https:\/\/hutfactory.com\/#breadcrumb","itemListElement":[{"@type":"ListItem","position":1,"name":"Start","item":"https:\/\/hutfactory.com\/"},{"@type":"ListItem","position":2,"name":"Home"}]},{"@type":"WebSite","@id":"https:\/\/hutfactory.com\/#website","url":"https:\/\/hutfactory.com\/","name":"Hut Factory","description":"H\u00fcte, Kappen &amp; M\u00fctzen in Top Swiss\/EU Qualit\u00e4t","publisher":{"@id":"https:\/\/hutfactory.com\/#organization"},"alternateName":"Hut Shop","potentialAction":[{"@type":"SearchAction","target":{"@type":"EntryPoint","urlTemplate":"https:\/\/hutfactory.com\/?s={search_term_string}"},"query-input":{"@type":"PropertyValueSpecification","valueRequired":true,"valueName":"search_term_string"}}],"inLanguage":"de"},{"@type":"Organization","@id":"https:\/\/hutfactory.com\/#organization","name":"Hut Factory","url":"https:\/\/hutfactory.com\/","logo":{"@type":"ImageObject","inLanguage":"de","@id":"https:\/\/hutfactory.com\/#\/schema\/logo\/image\/","url":"https:\/\/hutfactory.com\/wp-content\/uploads\/2026\/01\/Logo-hut-factory-1.webp","contentUrl":"https:\/\/hutfactory.com\/wp-content\/uploads\/2026\/01\/Logo-hut-factory-1.webp","width":300,"height":262,"caption":"Hut Factory"},"image":{"@id":"https:\/\/hutfactory.com\/#\/schema\/logo\/image\/"}}]}},"_links":{"self":[{"href":"https:\/\/hutfactory.com\/index.php?rest_route=\/wp\/v2\/pages\/110","targetHints":{"allow":["GET"]}}],"collection":[{"href":"https:\/\/hutfactory.com\/index.php?rest_route=\/wp\/v2\/pages"}],"about":[{"href":"https:\/\/hutfactory.com\/index.php?rest_route=\/wp\/v2\/types\/page"}],"author":[{"embeddable":true,"href":"https:\/\/hutfactory.com\/index.php?rest_route=\/wp\/v2\/users\/1"}],"replies":[{"embeddable":true,"href":"https:\/\/hutfactory.com\/index.php?rest_route=%2Fwp%2Fv2%2Fcomments&post=110"}],"version-history":[{"count":38,"href":"https:\/\/hutfactory.com\/index.php?rest_route=\/wp\/v2\/pages\/110\/revisions"}],"predecessor-version":[{"id":39461,"href":"https:\/\/hutfactory.com\/index.php?rest_route=\/wp\/v2\/pages\/110\/revisions\/39461"}],"wp:featuredmedia":[{"embeddable":true,"href":"https:\/\/hutfactory.com\/index.php?rest_route=\/wp\/v2\/media\/38908"}],"wp:attachment":[{"href":"https:\/\/hutfactory.com\/index.php?rest_route=%2Fwp%2Fv2%2Fmedia&parent=110"}],"curies":[{"name":"wp","href":"https:\/\/api.w.org\/{rel}","templated":true}]}}